--
-- Host: localhost    Database: script-selio
-- ------------------------------------------------------


--
-- Table structure for table `ads`
--

CREATE TABLE `ads` (
  `id` int(11) NOT NULL AUTO_INCREMENT,
  `code` varchar(45) COLLATE utf8_unicode_ci DEFAULT NULL,
  `title` varchar(45) COLLATE utf8_unicode_ci DEFAULT NULL,
  `type` varchar(45) COLLATE utf8_unicode_ci DEFAULT NULL,
  `description` varchar(160) COLLATE utf8_unicode_ci DEFAULT NULL,
  `width` varchar(15) COLLATE utf8_unicode_ci DEFAULT NULL,
  `height` varchar(15) COLLATE utf8_unicode_ci DEFAULT NULL,
  `link` varchar(160) COLLATE utf8_unicode_ci DEFAULT NULL,
  `repository_id` int(11) DEFAULT NULL,
  `is_activated` tinyint(1) DEFAULT '1',
  `is_hardlocked` tinyint(1) DEFAULT '0',
  `is_random` tinyint(1) DEFAULT '0',
  PRIMARY KEY (`id`)
) ENGINE=InnoDB AUTO_INCREMENT=5 DEFAULT CHARSET=utf8 COLLATE=utf8_unicode_ci;

--
-- Dumping data for table `ads`
--

INSERT INTO `ads` VALUES (1,'Leaderboard','Jira','2','Leaderboard banner 728x90','728','90','https://www.atlassian.com',235,1,0,1),(3,'0','Volkswagen Golf','1','Volkswagen Golf banner','0','0','http://en.wikipedia.org/wiki/Volkswagen_Golf',238,1,0,1),(4,NULL,'webtechcon','0','webtechcon',NULL,NULL,'http://webtechcon.de',239,1,0,1);

--
-- Table structure for table `affilate_packages`
--

CREATE TABLE `affilate_packages` (
  `id_affilate_packages` int(11) NOT NULL AUTO_INCREMENT,
  `user_id` int(11) DEFAULT NULL,
  `treefield_id` int(11) DEFAULT NULL,
  `date_last_payment` datetime DEFAULT NULL,
  `date_expire` datetime DEFAULT NULL,
  `paid_total` decimal(9,2) DEFAULT NULL,
  `currency` varchar(45) COLLATE utf8_unicode_ci DEFAULT NULL,
  PRIMARY KEY (`id_affilate_packages`)
) ENGINE=InnoDB AUTO_INCREMENT=2 DEFAULT CHARSET=utf8 COLLATE=utf8_unicode_ci;

--
-- Dumping data for table `affilate_packages`
--

INSERT INTO `affilate_packages` VALUES (1,29,22,'2015-10-05 00:00:00','2015-10-29 00:00:00',30.00,'USD');

--
-- Table structure for table `agency_agent`
--

CREATE TABLE `agency_agent` (
  `id` int(11) NOT NULL AUTO_INCREMENT,
  `agency_id` int(11) DEFAULT NULL,
  `agent_id` int(11) DEFAULT NULL,
  PRIMARY KEY (`id`)
) ENGINE=InnoDB DEFAULT CHARSET=utf8 COLLATE=utf8_unicode_ci;

--
-- Dumping data for table `agency_agent`
--


--
-- Table structure for table `backup`
--

CREATE TABLE `backup` (
  `id` int(11) NOT NULL AUTO_INCREMENT,
  `date_created` datetime DEFAULT NULL,
  `sql_file` varchar(160) COLLATE utf8_unicode_ci DEFAULT NULL,
  `zip_file` varchar(160) COLLATE utf8_unicode_ci DEFAULT NULL,
  `script_version` varchar(45) COLLATE utf8_unicode_ci DEFAULT NULL,
  PRIMARY KEY (`id`)
) ENGINE=InnoDB AUTO_INCREMENT=2 DEFAULT CHARSET=utf8 COLLATE=utf8_unicode_ci;

--
-- Dumping data for table `backup`
--

INSERT INTO `backup` VALUES (1,'2018-03-14 16:36:00','2018-03-14-16-35-58-1edeb3d469523.sql','2018-03-14-16-35-58-1edeb3d469502.zip','1.6.2');

--
-- Table structure for table `cacher`
--

CREATE TABLE `cacher` (
  `id` int(11) NOT NULL AUTO_INCREMENT,
  `index_hash` varchar(40) COLLATE utf8_unicode_ci DEFAULT NULL,
  `index_real` varchar(100) COLLATE utf8_unicode_ci DEFAULT NULL,
  `value` text COLLATE utf8_unicode_ci,
  `expire_date` datetime DEFAULT NULL,
  PRIMARY KEY (`id`),
  UNIQUE KEY `index_chars_UNIQUE` (`index_hash`)
) ENGINE=InnoDB AUTO_INCREMENT=44 DEFAULT CHARSET=utf8 COLLATE=utf8_unicode_ci;

--
-- Dumping data for table `cacher`
--

INSERT INTO `cacher` VALUES (34,'552255be6da71a32e338bf7d20550619','treefield_64','s:6930:\"a:5:{i:0;a:15:{s:2:\"id\";s:2:\"16\";s:5:\"title\";s:19:\"Waterloo University\";s:13:\"title_chlimit\";s:19:\"Waterloo University\";s:11:\"description\";s:0:\"\";s:19:\"description_chlimit\";N;s:14:\"font_icon_code\";s:0:\"\";s:5:\"count\";i:1;s:3:\"url\";s:116:\"http://localhost/themes-customization/index.php/en/145/?search={\"v_search_option_64\":\"Waterloo%20University%20-%20\"}\";s:13:\"thumbnail_url\";s:0:\"\";s:9:\"image_url\";s:0:\"\";s:4:\"icon\";s:0:\"\";s:9:\"files_obj\";s:0:\"\";s:6:\"childs\";a:1:{i:0;a:8:{s:5:\"title\";s:8:\"Waterloo\";s:13:\"title_chlimit\";s:8:\"Waterloo\";s:5:\"count\";i:0;s:3:\"url\";s:131:\"http://localhost/themes-customization/index.php/en/145/?search={\"v_search_option_64\":\"Waterloo%20University%20-%20Waterloo%20-%20\"}\";s:13:\"thumbnail_url\";s:0:\"\";s:9:\"image_url\";s:0:\"\";s:4:\"icon\";s:0:\"\";s:9:\"files_obj\";s:0:\"\";}}s:11:\"childs_more\";a:0:{}s:8:\"childs_5\";a:1:{i:0;a:8:{s:5:\"title\";s:8:\"Waterloo\";s:13:\"title_chlimit\";s:8:\"Waterloo\";s:5:\"count\";i:0;s:3:\"url\";s:131:\"http://localhost/themes-customization/index.php/en/145/?search={\"v_search_option_64\":\"Waterloo%20University%20-%20Waterloo%20-%20\"}\";s:13:\"thumbnail_url\";s:0:\"\";s:9:\"image_url\";s:0:\"\";s:4:\"icon\";s:0:\"\";s:9:\"files_obj\";s:0:\"\";}}}i:1;a:15:{s:2:\"id\";s:2:\"17\";s:5:\"title\";s:26:\"Wilfrid Laurier University\";s:13:\"title_chlimit\";s:22:\"Wilfrid Laurier&#8230;\";s:11:\"description\";s:0:\"\";s:19:\"description_chlimit\";s:0:\"\";s:14:\"font_icon_code\";s:0:\"\";s:5:\"count\";i:1;s:3:\"url\";s:125:\"http://localhost/themes-customization/index.php/en/145/?search={\"v_search_option_64\":\"Wilfrid%20Laurier%20University%20-%20\"}\";s:13:\"thumbnail_url\";s:0:\"\";s:9:\"image_url\";s:0:\"\";s:4:\"icon\";s:0:\"\";s:9:\"files_obj\";s:0:\"\";s:6:\"childs\";a:0:{}s:11:\"childs_more\";a:0:{}s:8:\"childs_5\";a:0:{}}i:2;a:15:{s:2:\"id\";s:2:\"15\";s:5:\"title\";s:19:\"McMaster University\";s:13:\"title_chlimit\";s:19:\"McMaster University\";s:11:\"description\";s:0:\"\";s:19:\"description_chlimit\";s:0:\"\";s:14:\"font_icon_code\";s:0:\"\";s:5:\"count\";i:3;s:3:\"url\";s:116:\"http://localhost/themes-customization/index.php/en/145/?search={\"v_search_option_64\":\"McMaster%20University%20-%20\"}\";s:13:\"thumbnail_url\";s:0:\"\";s:9:\"image_url\";s:0:\"\";s:4:\"icon\";s:0:\"\";s:9:\"files_obj\";s:0:\"\";s:6:\"childs\";a:1:{i:0;a:8:{s:5:\"title\";s:8:\"Hamilton\";s:13:\"title_chlimit\";s:8:\"Hamilton\";s:5:\"count\";i:0;s:3:\"url\";s:131:\"http://localhost/themes-customization/index.php/en/145/?search={\"v_search_option_64\":\"McMaster%20University%20-%20Hamilton%20-%20\"}\";s:13:\"thumbnail_url\";s:0:\"\";s:9:\"image_url\";s:0:\"\";s:4:\"icon\";s:0:\"\";s:9:\"files_obj\";s:0:\"\";}}s:11:\"childs_more\";a:0:{}s:8:\"childs_5\";a:1:{i:0;a:8:{s:5:\"title\";s:8:\"Hamilton\";s:13:\"title_chlimit\";s:8:\"Hamilton\";s:5:\"count\";i:0;s:3:\"url\";s:131:\"http://localhost/themes-customization/index.php/en/145/?search={\"v_search_option_64\":\"McMaster%20University%20-%20Hamilton%20-%20\"}\";s:13:\"thumbnail_url\";s:0:\"\";s:9:\"image_url\";s:0:\"\";s:4:\"icon\";s:0:\"\";s:9:\"files_obj\";s:0:\"\";}}}i:3;a:15:{s:2:\"id\";s:2:\"14\";s:5:\"title\";s:8:\"Manitoba\";s:13:\"title_chlimit\";s:8:\"Manitoba\";s:11:\"description\";s:0:\"\";s:19:\"description_chlimit\";s:0:\"\";s:14:\"font_icon_code\";s:0:\"\";s:5:\"count\";i:0;s:3:\"url\";s:72:\"http://localhost/themes-customization/index.php/treefield/en/14/manitoba\";s:13:\"thumbnail_url\";s:0:\"\";s:9:\"image_url\";s:0:\"\";s:4:\"icon\";s:0:\"\";s:9:\"files_obj\";s:0:\"\";s:6:\"childs\";a:1:{i:0;a:8:{s:5:\"title\";s:8:\"Winnipeg\";s:13:\"title_chlimit\";s:8:\"Winnipeg\";s:5:\"count\";i:0;s:3:\"url\";s:72:\"http://localhost/themes-customization/index.php/treefield/en/22/winnipeg\";s:13:\"thumbnail_url\";s:0:\"\";s:9:\"image_url\";s:0:\"\";s:4:\"icon\";s:0:\"\";s:9:\"files_obj\";s:0:\"\";}}s:11:\"childs_more\";a:0:{}s:8:\"childs_5\";a:1:{i:0;a:8:{s:5:\"title\";s:8:\"Winnipeg\";s:13:\"title_chlimit\";s:8:\"Winnipeg\";s:5:\"count\";i:0;s:3:\"url\";s:72:\"http://localhost/themes-customization/index.php/treefield/en/22/winnipeg\";s:13:\"thumbnail_url\";s:0:\"\";s:9:\"image_url\";s:0:\"\";s:4:\"icon\";s:0:\"\";s:9:\"files_obj\";s:0:\"\";}}}i:4;a:15:{s:2:\"id\";s:2:\"13\";s:5:\"title\";s:7:\"Ontario\";s:13:\"title_chlimit\";s:7:\"Ontario\";s:11:\"description\";s:20:\"test ontario content\";s:19:\"description_chlimit\";s:20:\"test ontario content\";s:14:\"font_icon_code\";s:0:\"\";s:5:\"count\";i:1;s:3:\"url\";s:71:\"http://localhost/themes-customization/index.php/treefield/en/13/ontario\";s:13:\"thumbnail_url\";s:0:\"\";s:9:\"image_url\";s:0:\"\";s:4:\"icon\";s:0:\"\";s:9:\"files_obj\";s:0:\"\";s:6:\"childs\";a:4:{i:0;a:8:{s:5:\"title\";s:7:\"Toronto\";s:13:\"title_chlimit\";s:7:\"Toronto\";s:5:\"count\";i:1;s:3:\"url\";s:116:\"http://localhost/themes-customization/index.php/en/145/?search={\"v_search_option_64\":\"Ontario%20-%20Toronto%20-%20\"}\";s:13:\"thumbnail_url\";s:0:\"\";s:9:\"image_url\";s:0:\"\";s:4:\"icon\";s:0:\"\";s:9:\"files_obj\";s:0:\"\";}i:1;a:8:{s:5:\"title\";s:11:\"Scarborough\";s:13:\"title_chlimit\";s:11:\"Scarborough\";s:5:\"count\";i:0;s:3:\"url\";s:120:\"http://localhost/themes-customization/index.php/en/145/?search={\"v_search_option_64\":\"Ontario%20-%20Scarborough%20-%20\"}\";s:13:\"thumbnail_url\";s:0:\"\";s:9:\"image_url\";s:0:\"\";s:4:\"icon\";s:0:\"\";s:9:\"files_obj\";s:0:\"\";}i:2;a:8:{s:5:\"title\";s:10:\"North York\";s:13:\"title_chlimit\";s:10:\"North York\";s:5:\"count\";i:0;s:3:\"url\";s:121:\"http://localhost/themes-customization/index.php/en/145/?search={\"v_search_option_64\":\"Ontario%20-%20North%20York%20-%20\"}\";s:13:\"thumbnail_url\";s:0:\"\";s:9:\"image_url\";s:0:\"\";s:4:\"icon\";s:0:\"\";s:9:\"files_obj\";s:0:\"\";}i:3;a:8:{s:5:\"title\";s:9:\"Etobicoke\";s:13:\"title_chlimit\";s:9:\"Etobicoke\";s:5:\"count\";i:0;s:3:\"url\";s:118:\"http://localhost/themes-customization/index.php/en/145/?search={\"v_search_option_64\":\"Ontario%20-%20Etobicoke%20-%20\"}\";s:13:\"thumbnail_url\";s:0:\"\";s:9:\"image_url\";s:0:\"\";s:4:\"icon\";s:0:\"\";s:9:\"files_obj\";s:0:\"\";}}s:11:\"childs_more\";a:0:{}s:8:\"childs_5\";a:4:{i:0;a:8:{s:5:\"title\";s:7:\"Toronto\";s:13:\"title_chlimit\";s:7:\"Toronto\";s:5:\"count\";i:1;s:3:\"url\";s:116:\"http://localhost/themes-customization/index.php/en/145/?search={\"v_search_option_64\":\"Ontario%20-%20Toronto%20-%20\"}\";s:13:\"thumbnail_url\";s:0:\"\";s:9:\"image_url\";s:0:\"\";s:4:\"icon\";s:0:\"\";s:9:\"files_obj\";s:0:\"\";}i:1;a:8:{s:5:\"title\";s:11:\"Scarborough\";s:13:\"title_chlimit\";s:11:\"Scarborough\";s:5:\"count\";i:0;s:3:\"url\";s:120:\"http://localhost/themes-customization/index.php/en/145/?search={\"v_search_option_64\":\"Ontario%20-%20Scarborough%20-%20\"}\";s:13:\"thumbnail_url\";s:0:\"\";s:9:\"image_url\";s:0:\"\";s:4:\"icon\";s:0:\"\";s:9:\"files_obj\";s:0:\"\";}i:2;a:8:{s:5:\"title\";s:10:\"North York\";s:13:\"title_chlimit\";s:10:\"North York\";s:5:\"count\";i:0;s:3:\"url\";s:121:\"http://localhost/themes-customization/index.php/en/145/?search={\"v_search_option_64\":\"Ontario%20-%20North%20York%20-%20\"}\";s:13:\"thumbnail_url\";s:0:\"\";s:9:\"image_url\";s:0:\"\";s:4:\"icon\";s:0:\"\";s:9:\"files_obj\";s:0:\"\";}i:3;a:8:{s:5:\"title\";s:9:\"Etobicoke\";s:13:\"title_chlimit\";s:9:\"Etobicoke\";s:5:\"count\";i:0;s:3:\"url\";s:118:\"http://localhost/themes-customization/index.php/en/145/?search={\"v_search_option_64\":\"Ontario%20-%20Etobicoke%20-%20\"}\";s:13:\"thumbnail_url\";s:0:\"\";s:9:\"image_url\";s:0:\"\";s:4:\"icon\";s:0:\"\";s:9:\"files_obj\";s:0:\"\";}}}}\";','2020-11-30 10:44:08'),(37,'811d536d00556f31467056984c96c1a9','treefield_79','s:2423:\"a:5:{i:0;a:15:{s:2:\"id\";s:2:\"36\";s:5:\"title\";s:9:\"Apartment\";s:13:\"title_chlimit\";s:9:\"Apartment\";s:11:\"description\";s:0:\"\";s:19:\"description_chlimit\";N;s:14:\"font_icon_code\";s:14:\"fa fa-building\";s:5:\"count\";i:2;s:3:\"url\";s:104:\"http://localhost/themes-customization/index.php/en/145/?search={\"v_search_option_79\":\"Apartment%20-%20\"}\";s:13:\"thumbnail_url\";s:0:\"\";s:9:\"image_url\";s:0:\"\";s:4:\"icon\";s:0:\"\";s:9:\"files_obj\";s:0:\"\";s:6:\"childs\";a:0:{}s:11:\"childs_more\";a:0:{}s:8:\"childs_5\";a:0:{}}i:1;a:15:{s:2:\"id\";s:2:\"37\";s:5:\"title\";s:5:\"House\";s:13:\"title_chlimit\";s:5:\"House\";s:11:\"description\";s:0:\"\";s:19:\"description_chlimit\";N;s:14:\"font_icon_code\";s:10:\"fa fa-home\";s:5:\"count\";i:2;s:3:\"url\";s:100:\"http://localhost/themes-customization/index.php/en/145/?search={\"v_search_option_79\":\"House%20-%20\"}\";s:13:\"thumbnail_url\";s:0:\"\";s:9:\"image_url\";s:0:\"\";s:4:\"icon\";s:0:\"\";s:9:\"files_obj\";s:0:\"\";s:6:\"childs\";a:0:{}s:11:\"childs_more\";a:0:{}s:8:\"childs_5\";a:0:{}}i:2;a:15:{s:2:\"id\";s:2:\"38\";s:5:\"title\";s:10:\"Commercial\";s:13:\"title_chlimit\";s:10:\"Commercial\";s:11:\"description\";s:0:\"\";s:19:\"description_chlimit\";N;s:14:\"font_icon_code\";s:9:\"fa fa-usd\";s:5:\"count\";i:1;s:3:\"url\";s:105:\"http://localhost/themes-customization/index.php/en/145/?search={\"v_search_option_79\":\"Commercial%20-%20\"}\";s:13:\"thumbnail_url\";s:0:\"\";s:9:\"image_url\";s:0:\"\";s:4:\"icon\";s:0:\"\";s:9:\"files_obj\";s:0:\"\";s:6:\"childs\";a:0:{}s:11:\"childs_more\";a:0:{}s:8:\"childs_5\";a:0:{}}i:3;a:15:{s:2:\"id\";s:2:\"39\";s:5:\"title\";s:10:\"Restaurant\";s:13:\"title_chlimit\";s:10:\"Restaurant\";s:11:\"description\";s:0:\"\";s:19:\"description_chlimit\";N;s:14:\"font_icon_code\";s:13:\"fa fa-cutlery\";s:5:\"count\";i:0;s:3:\"url\";s:105:\"http://localhost/themes-customization/index.php/en/145/?search={\"v_search_option_79\":\"Restaurant%20-%20\"}\";s:13:\"thumbnail_url\";s:0:\"\";s:9:\"image_url\";s:0:\"\";s:4:\"icon\";s:0:\"\";s:9:\"files_obj\";s:0:\"\";s:6:\"childs\";a:0:{}s:11:\"childs_more\";a:0:{}s:8:\"childs_5\";a:0:{}}i:4;a:15:{s:2:\"id\";s:2:\"40\";s:5:\"title\";s:4:\"Land\";s:13:\"title_chlimit\";s:4:\"Land\";s:11:\"description\";s:0:\"\";s:19:\"description_chlimit\";N;s:14:\"font_icon_code\";s:15:\"fa fa-pagelines\";s:5:\"count\";i:0;s:3:\"url\";s:99:\"http://localhost/themes-customization/index.php/en/145/?search={\"v_search_option_79\":\"Land%20-%20\"}\";s:13:\"thumbnail_url\";s:0:\"\";s:9:\"image_url\";s:0:\"\";s:4:\"icon\";s:0:\"\";s:9:\"files_obj\";s:0:\"\";s:6:\"childs\";a:0:{}s:11:\"childs_more\";a:0:{}s:8:\"childs_5\";a:0:{}}}\";','2020-11-30 10:44:08'),(39,'e1a25f639f9c22016382c3a0335f5c45','treefield_64_1','s:7692:\"a:5:{i:0;a:16:{s:2:\"id\";s:2:\"16\";s:5:\"title\";s:19:\"Waterloo University\";s:13:\"title_chlimit\";s:19:\"Waterloo University\";s:11:\"description\";s:0:\"\";s:19:\"description_chlimit\";N;s:14:\"font_icon_code\";s:0:\"\";s:4:\"code\";s:0:\"\";s:5:\"count\";i:1;s:3:\"url\";s:116:\"http://localhost/themes-customization/index.php/en/145/?search={\"v_search_option_64\":\"Waterloo%20University%20-%20\"}\";s:13:\"thumbnail_url\";s:0:\"\";s:9:\"image_url\";s:0:\"\";s:4:\"icon\";s:0:\"\";s:9:\"files_obj\";s:0:\"\";s:6:\"childs\";a:1:{i:0;a:10:{s:5:\"title\";s:8:\"Waterloo\";s:13:\"title_chlimit\";s:8:\"Waterloo\";s:5:\"count\";i:0;s:3:\"url\";s:131:\"http://localhost/themes-customization/index.php/en/145/?search={\"v_search_option_64\":\"Waterloo%20University%20-%20Waterloo%20-%20\"}\";s:14:\"font_icon_code\";s:0:\"\";s:4:\"code\";s:0:\"\";s:13:\"thumbnail_url\";s:0:\"\";s:9:\"image_url\";s:0:\"\";s:4:\"icon\";s:0:\"\";s:9:\"files_obj\";s:0:\"\";}}s:11:\"childs_more\";a:0:{}s:8:\"childs_5\";a:1:{i:0;a:10:{s:5:\"title\";s:8:\"Waterloo\";s:13:\"title_chlimit\";s:8:\"Waterloo\";s:5:\"count\";i:0;s:3:\"url\";s:131:\"http://localhost/themes-customization/index.php/en/145/?search={\"v_search_option_64\":\"Waterloo%20University%20-%20Waterloo%20-%20\"}\";s:14:\"font_icon_code\";s:0:\"\";s:4:\"code\";s:0:\"\";s:13:\"thumbnail_url\";s:0:\"\";s:9:\"image_url\";s:0:\"\";s:4:\"icon\";s:0:\"\";s:9:\"files_obj\";s:0:\"\";}}}i:1;a:16:{s:2:\"id\";s:2:\"17\";s:5:\"title\";s:26:\"Wilfrid Laurier University\";s:13:\"title_chlimit\";s:22:\"Wilfrid Laurier&#8230;\";s:11:\"description\";s:0:\"\";s:19:\"description_chlimit\";s:0:\"\";s:14:\"font_icon_code\";s:0:\"\";s:4:\"code\";s:0:\"\";s:5:\"count\";i:1;s:3:\"url\";s:125:\"http://localhost/themes-customization/index.php/en/145/?search={\"v_search_option_64\":\"Wilfrid%20Laurier%20University%20-%20\"}\";s:13:\"thumbnail_url\";s:0:\"\";s:9:\"image_url\";s:0:\"\";s:4:\"icon\";s:0:\"\";s:9:\"files_obj\";s:0:\"\";s:6:\"childs\";a:0:{}s:11:\"childs_more\";a:0:{}s:8:\"childs_5\";a:0:{}}i:2;a:16:{s:2:\"id\";s:2:\"15\";s:5:\"title\";s:19:\"McMaster University\";s:13:\"title_chlimit\";s:19:\"McMaster University\";s:11:\"description\";s:0:\"\";s:19:\"description_chlimit\";s:0:\"\";s:14:\"font_icon_code\";s:0:\"\";s:4:\"code\";s:0:\"\";s:5:\"count\";i:3;s:3:\"url\";s:116:\"http://localhost/themes-customization/index.php/en/145/?search={\"v_search_option_64\":\"McMaster%20University%20-%20\"}\";s:13:\"thumbnail_url\";s:0:\"\";s:9:\"image_url\";s:0:\"\";s:4:\"icon\";s:0:\"\";s:9:\"files_obj\";s:0:\"\";s:6:\"childs\";a:1:{i:0;a:10:{s:5:\"title\";s:8:\"Hamilton\";s:13:\"title_chlimit\";s:8:\"Hamilton\";s:5:\"count\";i:0;s:3:\"url\";s:131:\"http://localhost/themes-customization/index.php/en/145/?search={\"v_search_option_64\":\"McMaster%20University%20-%20Hamilton%20-%20\"}\";s:14:\"font_icon_code\";s:0:\"\";s:4:\"code\";s:0:\"\";s:13:\"thumbnail_url\";s:0:\"\";s:9:\"image_url\";s:0:\"\";s:4:\"icon\";s:0:\"\";s:9:\"files_obj\";s:0:\"\";}}s:11:\"childs_more\";a:0:{}s:8:\"childs_5\";a:1:{i:0;a:10:{s:5:\"title\";s:8:\"Hamilton\";s:13:\"title_chlimit\";s:8:\"Hamilton\";s:5:\"count\";i:0;s:3:\"url\";s:131:\"http://localhost/themes-customization/index.php/en/145/?search={\"v_search_option_64\":\"McMaster%20University%20-%20Hamilton%20-%20\"}\";s:14:\"font_icon_code\";s:0:\"\";s:4:\"code\";s:0:\"\";s:13:\"thumbnail_url\";s:0:\"\";s:9:\"image_url\";s:0:\"\";s:4:\"icon\";s:0:\"\";s:9:\"files_obj\";s:0:\"\";}}}i:3;a:16:{s:2:\"id\";s:2:\"14\";s:5:\"title\";s:8:\"Manitoba\";s:13:\"title_chlimit\";s:8:\"Manitoba\";s:11:\"description\";s:0:\"\";s:19:\"description_chlimit\";s:0:\"\";s:14:\"font_icon_code\";s:0:\"\";s:4:\"code\";s:0:\"\";s:5:\"count\";i:0;s:3:\"url\";s:72:\"http://localhost/themes-customization/index.php/treefield/en/14/manitoba\";s:13:\"thumbnail_url\";s:0:\"\";s:9:\"image_url\";s:0:\"\";s:4:\"icon\";s:0:\"\";s:9:\"files_obj\";s:0:\"\";s:6:\"childs\";a:1:{i:0;a:10:{s:5:\"title\";s:8:\"Winnipeg\";s:13:\"title_chlimit\";s:8:\"Winnipeg\";s:5:\"count\";i:0;s:3:\"url\";s:72:\"http://localhost/themes-customization/index.php/treefield/en/22/winnipeg\";s:14:\"font_icon_code\";s:0:\"\";s:4:\"code\";s:0:\"\";s:13:\"thumbnail_url\";s:0:\"\";s:9:\"image_url\";s:0:\"\";s:4:\"icon\";s:0:\"\";s:9:\"files_obj\";s:0:\"\";}}s:11:\"childs_more\";a:0:{}s:8:\"childs_5\";a:1:{i:0;a:10:{s:5:\"title\";s:8:\"Winnipeg\";s:13:\"title_chlimit\";s:8:\"Winnipeg\";s:5:\"count\";i:0;s:3:\"url\";s:72:\"http://localhost/themes-customization/index.php/treefield/en/22/winnipeg\";s:14:\"font_icon_code\";s:0:\"\";s:4:\"code\";s:0:\"\";s:13:\"thumbnail_url\";s:0:\"\";s:9:\"image_url\";s:0:\"\";s:4:\"icon\";s:0:\"\";s:9:\"files_obj\";s:0:\"\";}}}i:4;a:16:{s:2:\"id\";s:2:\"13\";s:5:\"title\";s:7:\"Ontario\";s:13:\"title_chlimit\";s:7:\"Ontario\";s:11:\"description\";s:20:\"test ontario content\";s:19:\"description_chlimit\";s:20:\"test ontario content\";s:14:\"font_icon_code\";s:0:\"\";s:4:\"code\";s:0:\"\";s:5:\"count\";i:1;s:3:\"url\";s:71:\"http://localhost/themes-customization/index.php/treefield/en/13/ontario\";s:13:\"thumbnail_url\";s:0:\"\";s:9:\"image_url\";s:0:\"\";s:4:\"icon\";s:0:\"\";s:9:\"files_obj\";s:0:\"\";s:6:\"childs\";a:4:{i:0;a:10:{s:5:\"title\";s:7:\"Toronto\";s:13:\"title_chlimit\";s:7:\"Toronto\";s:5:\"count\";i:1;s:3:\"url\";s:116:\"http://localhost/themes-customization/index.php/en/145/?search={\"v_search_option_64\":\"Ontario%20-%20Toronto%20-%20\"}\";s:14:\"font_icon_code\";s:0:\"\";s:4:\"code\";s:0:\"\";s:13:\"thumbnail_url\";s:0:\"\";s:9:\"image_url\";s:0:\"\";s:4:\"icon\";s:0:\"\";s:9:\"files_obj\";s:0:\"\";}i:1;a:10:{s:5:\"title\";s:11:\"Scarborough\";s:13:\"title_chlimit\";s:11:\"Scarborough\";s:5:\"count\";i:0;s:3:\"url\";s:120:\"http://localhost/themes-customization/index.php/en/145/?search={\"v_search_option_64\":\"Ontario%20-%20Scarborough%20-%20\"}\";s:14:\"font_icon_code\";s:0:\"\";s:4:\"code\";s:0:\"\";s:13:\"thumbnail_url\";s:0:\"\";s:9:\"image_url\";s:0:\"\";s:4:\"icon\";s:0:\"\";s:9:\"files_obj\";s:0:\"\";}i:2;a:10:{s:5:\"title\";s:10:\"North York\";s:13:\"title_chlimit\";s:10:\"North York\";s:5:\"count\";i:0;s:3:\"url\";s:121:\"http://localhost/themes-customization/index.php/en/145/?search={\"v_search_option_64\":\"Ontario%20-%20North%20York%20-%20\"}\";s:14:\"font_icon_code\";s:0:\"\";s:4:\"code\";s:0:\"\";s:13:\"thumbnail_url\";s:0:\"\";s:9:\"image_url\";s:0:\"\";s:4:\"icon\";s:0:\"\";s:9:\"files_obj\";s:0:\"\";}i:3;a:10:{s:5:\"title\";s:9:\"Etobicoke\";s:13:\"title_chlimit\";s:9:\"Etobicoke\";s:5:\"count\";i:0;s:3:\"url\";s:118:\"http://localhost/themes-customization/index.php/en/145/?search={\"v_search_option_64\":\"Ontario%20-%20Etobicoke%20-%20\"}\";s:14:\"font_icon_code\";s:0:\"\";s:4:\"code\";s:0:\"\";s:13:\"thumbnail_url\";s:0:\"\";s:9:\"image_url\";s:0:\"\";s:4:\"icon\";s:0:\"\";s:9:\"files_obj\";s:0:\"\";}}s:11:\"childs_more\";a:0:{}s:8:\"childs_5\";a:4:{i:0;a:10:{s:5:\"title\";s:7:\"Toronto\";s:13:\"title_chlimit\";s:7:\"Toronto\";s:5:\"count\";i:1;s:3:\"url\";s:116:\"http://localhost/themes-customization/index.php/en/145/?search={\"v_search_option_64\":\"Ontario%20-%20Toronto%20-%20\"}\";s:14:\"font_icon_code\";s:0:\"\";s:4:\"code\";s:0:\"\";s:13:\"thumbnail_url\";s:0:\"\";s:9:\"image_url\";s:0:\"\";s:4:\"icon\";s:0:\"\";s:9:\"files_obj\";s:0:\"\";}i:1;a:10:{s:5:\"title\";s:11:\"Scarborough\";s:13:\"title_chlimit\";s:11:\"Scarborough\";s:5:\"count\";i:0;s:3:\"url\";s:120:\"http://localhost/themes-customization/index.php/en/145/?search={\"v_search_option_64\":\"Ontario%20-%20Scarborough%20-%20\"}\";s:14:\"font_icon_code\";s:0:\"\";s:4:\"code\";s:0:\"\";s:13:\"thumbnail_url\";s:0:\"\";s:9:\"image_url\";s:0:\"\";s:4:\"icon\";s:0:\"\";s:9:\"files_obj\";s:0:\"\";}i:2;a:10:{s:5:\"title\";s:10:\"North York\";s:13:\"title_chlimit\";s:10:\"North York\";s:5:\"count\";i:0;s:3:\"url\";s:121:\"http://localhost/themes-customization/index.php/en/145/?search={\"v_search_option_64\":\"Ontario%20-%20North%20York%20-%20\"}\";s:14:\"font_icon_code\";s:0:\"\";s:4:\"code\";s:0:\"\";s:13:\"thumbnail_url\";s:0:\"\";s:9:\"image_url\";s:0:\"\";s:4:\"icon\";s:0:\"\";s:9:\"files_obj\";s:0:\"\";}i:3;a:10:{s:5:\"title\";s:9:\"Etobicoke\";s:13:\"title_chlimit\";s:9:\"Etobicoke\";s:5:\"count\";i:0;s:3:\"url\";s:118:\"http://localhost/themes-customization/index.php/en/145/?search={\"v_search_option_64\":\"Ontario%20-%20Etobicoke%20-%20\"}\";s:14:\"font_icon_code\";s:0:\"\";s:4:\"code\";s:0:\"\";s:13:\"thumbnail_url\";s:0:\"\";s:9:\"image_url\";s:0:\"\";s:4:\"icon\";s:0:\"\";s:9:\"files_obj\";s:0:\"\";}}}}\";','2021-01-10 19:33:57'),(40,'880f9b16b06afac4e81c0a5a3e5cfcd7','treefield_79_1','s:2678:\"a:5:{i:0;a:17:{s:2:\"id\";s:2:\"36\";s:5:\"title\";s:9:\"Apartment\";s:10:\"value_path\";s:9:\"Apartment\";s:13:\"title_chlimit\";s:9:\"Apartment\";s:11:\"description\";s:0:\"\";s:19:\"description_chlimit\";N;s:14:\"font_icon_code\";s:14:\"fa fa-building\";s:4:\"code\";s:0:\"\";s:5:\"count\";i:2;s:3:\"url\";s:104:\"http://localhost/themes-customization/index.php/en/145/?search={\"v_search_option_79\":\"Apartment%20-%20\"}\";s:13:\"thumbnail_url\";s:0:\"\";s:9:\"image_url\";s:0:\"\";s:4:\"icon\";s:0:\"\";s:9:\"files_obj\";s:0:\"\";s:6:\"childs\";a:0:{}s:11:\"childs_more\";a:0:{}s:8:\"childs_5\";a:0:{}}i:1;a:17:{s:2:\"id\";s:2:\"37\";s:5:\"title\";s:5:\"House\";s:10:\"value_path\";s:5:\"House\";s:13:\"title_chlimit\";s:5:\"House\";s:11:\"description\";s:0:\"\";s:19:\"description_chlimit\";N;s:14:\"font_icon_code\";s:10:\"fa fa-home\";s:4:\"code\";s:0:\"\";s:5:\"count\";i:2;s:3:\"url\";s:100:\"http://localhost/themes-customization/index.php/en/145/?search={\"v_search_option_79\":\"House%20-%20\"}\";s:13:\"thumbnail_url\";s:0:\"\";s:9:\"image_url\";s:0:\"\";s:4:\"icon\";s:0:\"\";s:9:\"files_obj\";s:0:\"\";s:6:\"childs\";a:0:{}s:11:\"childs_more\";a:0:{}s:8:\"childs_5\";a:0:{}}i:2;a:17:{s:2:\"id\";s:2:\"38\";s:5:\"title\";s:10:\"Commercial\";s:10:\"value_path\";s:10:\"Commercial\";s:13:\"title_chlimit\";s:10:\"Commercial\";s:11:\"description\";s:0:\"\";s:19:\"description_chlimit\";N;s:14:\"font_icon_code\";s:9:\"fa fa-usd\";s:4:\"code\";s:0:\"\";s:5:\"count\";i:1;s:3:\"url\";s:105:\"http://localhost/themes-customization/index.php/en/145/?search={\"v_search_option_79\":\"Commercial%20-%20\"}\";s:13:\"thumbnail_url\";s:0:\"\";s:9:\"image_url\";s:0:\"\";s:4:\"icon\";s:0:\"\";s:9:\"files_obj\";s:0:\"\";s:6:\"childs\";a:0:{}s:11:\"childs_more\";a:0:{}s:8:\"childs_5\";a:0:{}}i:3;a:17:{s:2:\"id\";s:2:\"39\";s:5:\"title\";s:10:\"Restaurant\";s:10:\"value_path\";s:10:\"Restaurant\";s:13:\"title_chlimit\";s:10:\"Restaurant\";s:11:\"description\";s:0:\"\";s:19:\"description_chlimit\";N;s:14:\"font_icon_code\";s:13:\"fa fa-cutlery\";s:4:\"code\";s:0:\"\";s:5:\"count\";i:0;s:3:\"url\";s:105:\"http://localhost/themes-customization/index.php/en/145/?search={\"v_search_option_79\":\"Restaurant%20-%20\"}\";s:13:\"thumbnail_url\";s:0:\"\";s:9:\"image_url\";s:0:\"\";s:4:\"icon\";s:0:\"\";s:9:\"files_obj\";s:0:\"\";s:6:\"childs\";a:0:{}s:11:\"childs_more\";a:0:{}s:8:\"childs_5\";a:0:{}}i:4;a:17:{s:2:\"id\";s:2:\"40\";s:5:\"title\";s:4:\"Land\";s:10:\"value_path\";s:4:\"Land\";s:13:\"title_chlimit\";s:4:\"Land\";s:11:\"description\";s:0:\"\";s:19:\"description_chlimit\";N;s:14:\"font_icon_code\";s:15:\"fa fa-pagelines\";s:4:\"code\";s:0:\"\";s:5:\"count\";i:0;s:3:\"url\";s:99:\"http://localhost/themes-customization/index.php/en/145/?search={\"v_search_option_79\":\"Land%20-%20\"}\";s:13:\"thumbnail_url\";s:0:\"\";s:9:\"image_url\";s:0:\"\";s:4:\"icon\";s:0:\"\";s:9:\"files_obj\";s:0:\"\";s:6:\"childs\";a:0:{}s:11:\"childs_more\";a:0:{}s:8:\"childs_5\";a:0:{}}}\";','2021-02-04 16:12:12'),(41,'c5648e13a47abdc9e23b7ce2c27065e8','treefield_64level_0_1','s:2721:\"a:5:{i:0;a:17:{s:2:\"id\";s:5:\"88328\";s:5:\"title\";s:8:\"Slovenia\";s:10:\"value_path\";s:8:\"Slovenia\";s:13:\"title_chlimit\";s:8:\"Slovenia\";s:11:\"description\";s:0:\"\";s:19:\"description_chlimit\";N;s:14:\"font_icon_code\";s:0:\"\";s:4:\"code\";s:2:\"si\";s:5:\"count\";i:0;s:3:\"url\";s:103:\"http://localhost/themes-customization/index.php/en/145/?search={\"v_search_option_64\":\"Slovenia%20-%20\"}\";s:13:\"thumbnail_url\";s:0:\"\";s:9:\"image_url\";s:0:\"\";s:4:\"icon\";s:0:\"\";s:9:\"files_obj\";s:0:\"\";s:6:\"childs\";a:0:{}s:11:\"childs_more\";a:0:{}s:8:\"childs_5\";a:0:{}}i:1;a:17:{s:2:\"id\";s:5:\"88144\";s:5:\"title\";s:7:\"Austria\";s:10:\"value_path\";s:7:\"Austria\";s:13:\"title_chlimit\";s:7:\"Austria\";s:11:\"description\";s:0:\"\";s:19:\"description_chlimit\";N;s:14:\"font_icon_code\";s:0:\"\";s:4:\"code\";s:2:\"at\";s:5:\"count\";i:0;s:3:\"url\";s:102:\"http://localhost/themes-customization/index.php/en/145/?search={\"v_search_option_64\":\"Austria%20-%20\"}\";s:13:\"thumbnail_url\";s:0:\"\";s:9:\"image_url\";s:0:\"\";s:4:\"icon\";s:0:\"\";s:9:\"files_obj\";s:0:\"\";s:6:\"childs\";a:0:{}s:11:\"childs_more\";a:0:{}s:8:\"childs_5\";a:0:{}}i:2;a:17:{s:2:\"id\";s:5:\"88279\";s:5:\"title\";s:7:\"Croatia\";s:10:\"value_path\";s:7:\"Croatia\";s:13:\"title_chlimit\";s:7:\"Croatia\";s:11:\"description\";s:0:\"\";s:19:\"description_chlimit\";N;s:14:\"font_icon_code\";s:0:\"\";s:4:\"code\";s:2:\"hr\";s:5:\"count\";i:0;s:3:\"url\";s:102:\"http://localhost/themes-customization/index.php/en/145/?search={\"v_search_option_64\":\"Croatia%20-%20\"}\";s:13:\"thumbnail_url\";s:0:\"\";s:9:\"image_url\";s:0:\"\";s:4:\"icon\";s:0:\"\";s:9:\"files_obj\";s:0:\"\";s:6:\"childs\";a:0:{}s:11:\"childs_more\";a:0:{}s:8:\"childs_5\";a:0:{}}i:3;a:17:{s:2:\"id\";s:5:\"88541\";s:5:\"title\";s:22:\"Bosnia And Herzegovina\";s:10:\"value_path\";s:22:\"Bosnia And Herzegovina\";s:13:\"title_chlimit\";s:22:\"Bosnia And Herzegovina\";s:11:\"description\";s:0:\"\";s:19:\"description_chlimit\";N;s:14:\"font_icon_code\";s:0:\"\";s:4:\"code\";s:2:\"ba\";s:5:\"count\";i:0;s:3:\"url\";s:121:\"http://localhost/themes-customization/index.php/en/145/?search={\"v_search_option_64\":\"Bosnia%20And%20Herzegovina%20-%20\"}\";s:13:\"thumbnail_url\";s:0:\"\";s:9:\"image_url\";s:0:\"\";s:4:\"icon\";s:0:\"\";s:9:\"files_obj\";s:0:\"\";s:6:\"childs\";a:0:{}s:11:\"childs_more\";a:0:{}s:8:\"childs_5\";a:0:{}}i:4;a:17:{s:2:\"id\";s:5:\"80375\";s:5:\"title\";s:13:\"United States\";s:10:\"value_path\";s:13:\"United States\";s:13:\"title_chlimit\";s:13:\"United States\";s:11:\"description\";s:0:\"\";s:19:\"description_chlimit\";N;s:14:\"font_icon_code\";s:0:\"\";s:4:\"code\";s:2:\"us\";s:5:\"count\";i:0;s:3:\"url\";s:110:\"http://localhost/themes-customization/index.php/en/145/?search={\"v_search_option_64\":\"United%20States%20-%20\"}\";s:13:\"thumbnail_url\";s:0:\"\";s:9:\"image_url\";s:0:\"\";s:4:\"icon\";s:0:\"\";s:9:\"files_obj\";s:0:\"\";s:6:\"childs\";a:0:{}s:11:\"childs_more\";a:0:{}s:8:\"childs_5\";a:0:{}}}\";','2021-02-04 16:12:11'),(42,'10359c70be8b7e1522425d5363d80b64','treefield_64limit_3_level_0_1','s:1579:\"a:3:{i:0;a:17:{s:2:\"id\";s:5:\"88328\";s:5:\"title\";s:8:\"Slovenia\";s:10:\"value_path\";s:8:\"Slovenia\";s:13:\"title_chlimit\";s:8:\"Slovenia\";s:11:\"description\";s:0:\"\";s:19:\"description_chlimit\";N;s:14:\"font_icon_code\";s:0:\"\";s:4:\"code\";s:2:\"si\";s:5:\"count\";i:0;s:3:\"url\";s:103:\"http://localhost/themes-customization/index.php/en/145/?search={\"v_search_option_64\":\"Slovenia%20-%20\"}\";s:13:\"thumbnail_url\";s:0:\"\";s:9:\"image_url\";s:0:\"\";s:4:\"icon\";s:0:\"\";s:9:\"files_obj\";s:0:\"\";s:6:\"childs\";a:0:{}s:11:\"childs_more\";a:0:{}s:8:\"childs_5\";a:0:{}}i:1;a:17:{s:2:\"id\";s:5:\"88144\";s:5:\"title\";s:7:\"Austria\";s:10:\"value_path\";s:7:\"Austria\";s:13:\"title_chlimit\";s:7:\"Austria\";s:11:\"description\";s:0:\"\";s:19:\"description_chlimit\";N;s:14:\"font_icon_code\";s:0:\"\";s:4:\"code\";s:2:\"at\";s:5:\"count\";i:0;s:3:\"url\";s:102:\"http://localhost/themes-customization/index.php/en/145/?search={\"v_search_option_64\":\"Austria%20-%20\"}\";s:13:\"thumbnail_url\";s:0:\"\";s:9:\"image_url\";s:0:\"\";s:4:\"icon\";s:0:\"\";s:9:\"files_obj\";s:0:\"\";s:6:\"childs\";a:0:{}s:11:\"childs_more\";a:0:{}s:8:\"childs_5\";a:0:{}}i:2;a:17:{s:2:\"id\";s:5:\"88279\";s:5:\"title\";s:7:\"Croatia\";s:10:\"value_path\";s:7:\"Croatia\";s:13:\"title_chlimit\";s:7:\"Croatia\";s:11:\"description\";s:0:\"\";s:19:\"description_chlimit\";N;s:14:\"font_icon_code\";s:0:\"\";s:4:\"code\";s:2:\"hr\";s:5:\"count\";i:0;s:3:\"url\";s:102:\"http://localhost/themes-customization/index.php/en/145/?search={\"v_search_option_64\":\"Croatia%20-%20\"}\";s:13:\"thumbnail_url\";s:0:\"\";s:9:\"image_url\";s:0:\"\";s:4:\"icon\";s:0:\"\";s:9:\"files_obj\";s:0:\"\";s:6:\"childs\";a:0:{}s:11:\"childs_more\";a:0:{}s:8:\"childs_5\";a:0:{}}}\";','2021-02-04 16:12:11'),(43,'5c9f7a3ecd54d921daacd84bd1c81299','treefield_79limit_3_level_0_1','s:1610:\"a:3:{i:0;a:17:{s:2:\"id\";s:2:\"36\";s:5:\"title\";s:9:\"Apartment\";s:10:\"value_path\";s:9:\"Apartment\";s:13:\"title_chlimit\";s:9:\"Apartment\";s:11:\"description\";s:0:\"\";s:19:\"description_chlimit\";N;s:14:\"font_icon_code\";s:14:\"fa fa-building\";s:4:\"code\";s:0:\"\";s:5:\"count\";i:2;s:3:\"url\";s:104:\"http://localhost/themes-customization/index.php/en/145/?search={\"v_search_option_79\":\"Apartment%20-%20\"}\";s:13:\"thumbnail_url\";s:0:\"\";s:9:\"image_url\";s:0:\"\";s:4:\"icon\";s:0:\"\";s:9:\"files_obj\";s:0:\"\";s:6:\"childs\";a:0:{}s:11:\"childs_more\";a:0:{}s:8:\"childs_5\";a:0:{}}i:1;a:17:{s:2:\"id\";s:2:\"37\";s:5:\"title\";s:5:\"House\";s:10:\"value_path\";s:5:\"House\";s:13:\"title_chlimit\";s:5:\"House\";s:11:\"description\";s:0:\"\";s:19:\"description_chlimit\";N;s:14:\"font_icon_code\";s:10:\"fa fa-home\";s:4:\"code\";s:0:\"\";s:5:\"count\";i:2;s:3:\"url\";s:100:\"http://localhost/themes-customization/index.php/en/145/?search={\"v_search_option_79\":\"House%20-%20\"}\";s:13:\"thumbnail_url\";s:0:\"\";s:9:\"image_url\";s:0:\"\";s:4:\"icon\";s:0:\"\";s:9:\"files_obj\";s:0:\"\";s:6:\"childs\";a:0:{}s:11:\"childs_more\";a:0:{}s:8:\"childs_5\";a:0:{}}i:2;a:17:{s:2:\"id\";s:2:\"38\";s:5:\"title\";s:10:\"Commercial\";s:10:\"value_path\";s:10:\"Commercial\";s:13:\"title_chlimit\";s:10:\"Commercial\";s:11:\"description\";s:0:\"\";s:19:\"description_chlimit\";N;s:14:\"font_icon_code\";s:9:\"fa fa-usd\";s:4:\"code\";s:0:\"\";s:5:\"count\";i:1;s:3:\"url\";s:105:\"http://localhost/themes-customization/index.php/en/145/?search={\"v_search_option_79\":\"Commercial%20-%20\"}\";s:13:\"thumbnail_url\";s:0:\"\";s:9:\"image_url\";s:0:\"\";s:4:\"icon\";s:0:\"\";s:9:\"files_obj\";s:0:\"\";s:6:\"childs\";a:0:{}s:11:\"childs_more\";a:0:{}s:8:\"childs_5\";a:0:{}}}\";','2021-02-04 16:12:11');

--
-- Table structure for table `ci_sessions`
--

CREATE TABLE `ci_sessions` (
  `session_id` varchar(40) COLLATE utf8_unicode_ci NOT NULL DEFAULT '0',
  `ip_address` varchar(45) COLLATE utf8_unicode_ci NOT NULL DEFAULT '0',
  `user_agent` varchar(120) COLLATE utf8_unicode_ci NOT NULL,
  `last_activity` int(10) unsigned NOT NULL DEFAULT '0',
  `user_data` text COLLATE utf8_unicode_ci NOT NULL,
  PRIMARY KEY (`session_id`),
  KEY `last_activity_idx` (`last_activity`)
) ENGINE=MyISAM DEFAULT CHARSET=utf8 COLLATE=utf8_unicode_ci;

--
-- Dumping data for table `ci_sessions`
--


--
-- Table structure for table `claim`
--

CREATE TABLE `claim` (
  `id` int(11) NOT NULL AUTO_INCREMENT,
  `date_submit` datetime DEFAULT NULL,
  `name` varchar(45) DEFAULT NULL,
  `surname` varchar(64) DEFAULT NULL,
  `phone` varchar(45) DEFAULT NULL,
  `email` varchar(45) DEFAULT NULL,
  `model` varchar(45) DEFAULT NULL,
  `model_id` int(11) DEFAULT NULL,
  `message` text,
  `allow_contact` varchar(45) DEFAULT NULL,
  `repository_id` int(32) DEFAULT NULL,
  PRIMARY KEY (`id`)
) ENGINE=InnoDB DEFAULT CHARSET=utf8;

--
-- Dumping data for table `claim`
--


--
-- Table structure for table `conversions`
--

CREATE TABLE `conversions` (
  `id` int(11) NOT NULL AUTO_INCREMENT,
  `currency_code` varchar(10) COLLATE utf8_unicode_ci DEFAULT NULL,
  `conversion_index` decimal(10,3) DEFAULT NULL,
  `currency_symbol` varchar(5) COLLATE utf8_unicode_ci DEFAULT NULL,
  PRIMARY KEY (`id`)
) ENGINE=InnoDB AUTO_INCREMENT=4 DEFAULT CHARSET=utf8 COLLATE=utf8_unicode_ci;

--
-- Dumping data for table `conversions`
--

INSERT INTO `conversions` VALUES (1,'HRK',1.000,NULL),(2,'EUR',7.500,'€'),(3,'USD',6.500,'$');

--
-- Table structure for table `custom_templates`
--

CREATE TABLE `custom_templates` (
  `id` int(11) NOT NULL AUTO_INCREMENT,
  `theme` varchar(150) COLLATE utf8_unicode_ci DEFAULT NULL,
  `template_name` varchar(150) COLLATE utf8_unicode_ci DEFAULT NULL,
  `type` varchar(45) COLLATE utf8_unicode_ci DEFAULT NULL COMMENT 'RIGHT|LEFT',
  `widgets_order` text COLLATE utf8_unicode_ci,
  PRIMARY KEY (`id`)
) ENGINE=InnoDB AUTO_INCREMENT=11 DEFAULT CHARSET=utf8 COLLATE=utf8_unicode_ci;

--
-- Dumping data for table `custom_templates`
--

INSERT INTO `custom_templates` VALUES (2,'bootstrap4','property page','LISTING','{  \"header\": [ ], \"top\": [ ], \"center\": [  \"center_slider_description\", \"center_amenities_indoor\", \"center_amenities_outdoor\", \"center_distances\", \"center_map-walkscore\", \"center_imagegallery\", \"center_facecomments\", \"center_otherlistings\" ], \"right\": [  \"right_overview\", \"right_print\", \"right_pdf\", \"right_property_energygas\", \"right_agent-details\", \"right_currency-conversions\", \"right_enquiry-form\", \"right_qrcode\", \"right_compare\" ], \"bottom\": [ ], \"footer\": [ ] }'),(4,'boomerang','boomerang-standard','RESULT_ITEM','{  \"center\":  {  \"id_57\":{\"f_id\":\"57\", \"f_title\":\"Size precise\", \"f_style\":\"display:none;\", \"f_class\":\"fa-building\", \"type\":\"INPUTBOX\"} ,\"id_32\":{\"f_id\":\"32\", \"f_title\":\"Parking\", \"f_style\":\"\", \"f_class\":\"fa-car\", \"type\":\"CHECKBOX\"} ,\"id_19\":{\"f_id\":\"19\", \"f_title\":\"Bathrooms\", \"f_style\":\"\", \"f_class\":\"fa-tint\", \"type\":\"INPUTBOX\"} } }'),(5,'bootstrap2-responsive','test','RIGHT','{  \"header\": [  \"header_loginmenu\", \"header_mainmenu\" ], \"top\": [  \"top_mapsearch_scale\" ], \"center\": [  \"center_recentproperties\", \"center_defaultcontent\" ], \"right\": [  \"right_agents\" ], \"bottom\": [  \"bottom_partners\" ], \"footer\": [  \"footer_logo\" ] }'),(10,'selio','Home page','RIGHT','{  \"header\": [  \"header_bar\", \"header_main_panel\" ], \"top\": [  \"top_search_over_image\", \"top_categories_presentation\", \"top_popular_listings3x\", \"top_explore_features4x_html\", \"top_locations_grid\", \"top_testimonials\", \"top_discover_banner_html\" ], \"center\": [ ], \"right\": [ ], \"bottom\": [ ], \"footer\": [  \"footer_logo_info\", \"footer_contact\", \"footer_social\" ] }');

--
-- Table structure for table `dependent_field`
--

CREATE TABLE `dependent_field` (
  `id_dependent_field` int(11) NOT NULL AUTO_INCREMENT,
  `field_id` int(11) DEFAULT NULL COMMENT 'Dependent field/option id',
  `selected_index` int(11) DEFAULT NULL COMMENT 'Selected dropdown index',
  `selected_value` int(11) DEFAULT NULL COMMENT 'Dependent field value (not required)',
  `hidden_fields_list` text COLLATE utf8_unicode_ci COMMENT 'saparated with comma "1,2,3"',
  PRIMARY KEY (`id_dependent_field`)
) ENGINE=InnoDB AUTO_INCREMENT=3 DEFAULT CHARSET=utf8 COLLATE=utf8_unicode_ci;

--
-- Dumping data for table `dependent_field`
--

INSERT INTO `dependent_field` VALUES (1,2,2,NULL,'39,19,20,58,53,59,60,21,22,23,24,25,28,29,31,52,11,30,27,33,32'),(2,64,18,NULL,'2,5,7,21,22,23,24,25,28,29');

--
-- Table structure for table `enquire`
--

CREATE TABLE `enquire` (
  `id` int(11) NOT NULL AUTO_INCREMENT,
  `property_id` int(11) DEFAULT NULL,
  `name_surname` varchar(45) COLLATE utf8_unicode_ci DEFAULT NULL,
  `phone` varchar(45) COLLATE utf8_unicode_ci DEFAULT NULL,
  `date` datetime DEFAULT NULL,
  `mail` varchar(45) COLLATE utf8_unicode_ci DEFAULT NULL,
  `message` text COLLATE utf8_unicode_ci,
  `readed` binary(1) DEFAULT '0',
  `address` text COLLATE utf8_unicode_ci,
  `fromdate` varchar(20) COLLATE utf8_unicode_ci DEFAULT NULL,
  `todate` varchar(20) COLLATE utf8_unicode_ci DEFAULT NULL,
  `last_reply` text COLLATE utf8_unicode_ci,
  `agent_id` int(11) DEFAULT NULL,
  `from_id` int(11) DEFAULT NULL,
  `to_id` int(11) DEFAULT NULL,
  `del_from` int(11) NOT NULL DEFAULT '0',
  `del_to` int(11) NOT NULL DEFAULT '0',
  `repository_id` int(32) DEFAULT NULL,
  PRIMARY KEY (`id`),
  KEY `fk_enquire_property1_idx` (`property_id`),
  CONSTRAINT `fk_enquire_property1` FOREIGN KEY (`property_id`) REFERENCES `property` (`id`) ON DELETE NO ACTION ON UPDATE NO ACTION
) ENGINE=InnoDB AUTO_INCREMENT=10 DEFAULT CHARSET=utf8 COLLATE=utf8_unicode_ci;

--
-- Dumping data for table `enquire`
--

INSERT INTO `enquire` VALUES (1,9,'Hrvoje Trnovac','01234433','2014-02-07 11:10:31','info@moj-trnovec.com','I want to buy this property 1','0','Trnovec','','',NULL,NULL,NULL,NULL,0,0,NULL),(8,30,'Test user','+385959055516','2015-06-20 19:34:08','sanljiljan@geniuscript.com','Interested for this property','0','Cyro trento 23','2015-07-01','2015-07-08',NULL,NULL,NULL,NULL,0,0,NULL),(9,30,'Test user','+385959055516','2015-06-20 19:35:24','sanljiljan@geniuscript.com','Interested for this property','0','Cyro trento 23','2015-07-15','2015-07-22',NULL,NULL,NULL,NULL,0,0,NULL);

--
-- Table structure for table `favorites`
--

CREATE TABLE `favorites` (
  `id` int(11) NOT NULL AUTO_INCREMENT,
  `date_saved` datetime DEFAULT NULL,
  `lang_code` varchar(45) COLLATE utf8_unicode_ci DEFAULT 'en',
  `user_id` int(11) DEFAULT NULL,
  `property_id` int(11) DEFAULT NULL,
  `date_last_informed` datetime DEFAULT NULL,
  PRIMARY KEY (`id`)
) ENGINE=InnoDB AUTO_INCREMENT=29 DEFAULT CHARSET=utf8 COLLATE=utf8_unicode_ci;

--
-- Dumping data for table `favorites`
--

INSERT INTO `favorites` VALUES (21,'2015-02-12 19:02:44','en',8,12,'2015-02-13 12:09:11'),(22,'2015-12-26 13:25:57','en',18,14,'2015-12-26 13:25:57'),(26,'2018-01-01 21:17:51','en',8,8,'2018-01-01 21:17:51'),(27,'2018-01-01 21:17:51','en',8,8,'2018-01-01 21:17:51'),(28,'2021-01-03 19:33:47','en',8,30,'2021-01-03 19:33:47');

--
-- Table structure for table `file`
--

CREATE TABLE `file` (
  `id` int(11) NOT NULL AUTO_INCREMENT,
  `order` int(11) DEFAULT NULL,
  `filename` varchar(200) COLLATE utf8_unicode_ci DEFAULT NULL,
  `filetype` varchar(45) COLLATE utf8_unicode_ci DEFAULT NULL,
  `repository_id` int(11) NOT NULL,
  `alt` varchar(100) COLLATE utf8_unicode_ci DEFAULT NULL,
  `description` text COLLATE utf8_unicode_ci,
  `title` varchar(255) COLLATE utf8_unicode_ci DEFAULT NULL,
  `link` varchar(255) COLLATE utf8_unicode_ci DEFAULT NULL,
  `listing_id` int(11) DEFAULT NULL,
  PRIMARY KEY (`id`),
  UNIQUE KEY `filename_UNIQUE` (`filename`),
  KEY `fk_file_repository1_idx` (`repository_id`),
  CONSTRAINT `fk_file_repository1` FOREIGN KEY (`repository_id`) REFERENCES `repository` (`id`) ON DELETE NO ACTION ON UPDATE NO ACTION
) ENGINE=InnoDB AUTO_INCREMENT=259 DEFAULT CHARSET=utf8 COLLATE=utf8_unicode_ci;

--
-- Dumping data for table `file`
--

INSERT INTO `file` VALUES (1,1,'sandi.winter.jpg','image/jpeg',6,NULL,NULL,NULL,NULL,NULL),(2,2,'agent.jpg','image/jpeg',21,NULL,NULL,NULL,NULL,NULL),(15,10,'386182116_5e4c8542ab_b.jpg','image/jpeg',27,NULL,NULL,NULL,NULL,NULL),(16,11,'386178827_b3f160ebbf_b.jpg','image/jpeg',27,NULL,NULL,NULL,NULL,NULL),(17,12,'386178836_d28b943063_b.jpg','image/jpeg',27,NULL,NULL,NULL,NULL,NULL),(18,13,'386178822_3fef9a2f07_b.jpg','image/jpeg',27,NULL,NULL,NULL,NULL,NULL),(19,14,'431262909_a009e2897b_o.jpg','image/jpeg',28,NULL,NULL,NULL,NULL,NULL),(20,15,'431262907_bf66c3cd6f_o.jpg','image/jpeg',28,NULL,NULL,NULL,NULL,NULL),(21,16,'431262903_9d77804a5b_o.jpg','image/jpeg',28,NULL,NULL,NULL,NULL,NULL),(22,17,'431267985_286ac5c8cd_o.jpg','image/jpeg',28,NULL,NULL,NULL,NULL,NULL),(23,18,'431262910_33356f1671_o.jpg','image/jpeg',28,NULL,NULL,NULL,NULL,NULL),(24,2,'389938915_e18683c4f4_b.jpg','image/jpeg',29,NULL,NULL,NULL,NULL,NULL),(25,1,'389936596_72d6cba1b9_b.jpg','image/jpeg',29,NULL,NULL,NULL,NULL,NULL),(26,3,'389936590_6bcb246b9b_b.jpg','image/jpeg',29,NULL,NULL,NULL,NULL,NULL),(27,4,'389928265_ce3b505a52_b.jpg','image/jpeg',29,NULL,NULL,NULL,NULL,NULL),(28,2,'5388652594_ce85c25084_b.jpg','image/jpeg',30,NULL,NULL,NULL,NULL,NULL),(29,3,'5388046113_48d973bd16_b.jpg','image/jpeg',30,NULL,NULL,NULL,NULL,NULL),(30,4,'5388046911_533d2bcdec_b.jpg','image/jpeg',30,NULL,NULL,NULL,NULL,NULL),(31,5,'5388653730_73ea27ca08_b.jpg','image/jpeg',30,NULL,NULL,NULL,NULL,NULL),(32,1,'5388047921_efc5b357c8_b.jpg','image/jpeg',30,NULL,NULL,NULL,NULL,NULL),(33,2,'5388050983_0bf177bb8a_b.jpg','image/jpeg',31,NULL,NULL,NULL,NULL,NULL),(34,1,'5388050721_b84cf3a0a3_b.jpg','image/jpeg',31,NULL,NULL,NULL,NULL,NULL),(35,3,'5388658660_975a93b2ae_b.jpg','image/jpeg',31,NULL,NULL,NULL,NULL,NULL),(36,5,'5388053335_81ea378b09_b.jpg','image/jpeg',31,NULL,NULL,NULL,NULL,NULL),(37,4,'5388053637_ba77c0b486_b.jpg','image/jpeg',31,NULL,NULL,NULL,NULL,NULL),(38,2,'5388056665_86a3de4d36_b.jpg','image/jpeg',32,NULL,NULL,NULL,NULL,NULL),(39,3,'5388663918_f6767e53d0_b.jpg','image/jpeg',32,NULL,NULL,NULL,NULL,NULL),(40,1,'5388057701_5a618e8a9e_b.jpg','image/jpeg',32,NULL,NULL,NULL,NULL,NULL),(41,4,'5388058111_cbf80b7902_b.jpg','image/jpeg',32,NULL,NULL,NULL,NULL,NULL),(42,5,'5388056843_bdbfb5499a_b.jpg','image/jpeg',32,NULL,NULL,NULL,NULL,NULL),(43,1,'5388050419_e3ef95b8eb_b.jpg','image/jpeg',33,NULL,NULL,NULL,NULL,NULL),(44,2,'576752732_a5c79cbb1f_o.jpg','image/jpeg',33,NULL,NULL,NULL,NULL,NULL),(45,19,'147822442_014fc68a36_o.jpg','image/jpeg',34,NULL,NULL,NULL,NULL,NULL),(46,20,'5388654584_6c1d0f8475_b.jpg','image/jpeg',34,NULL,NULL,NULL,NULL,NULL),(47,21,'5388658984_edb1fcd5a4_b.jpg','image/jpeg',34,NULL,NULL,NULL,NULL,NULL),(48,22,'148583306_cad8fc948c_o.jpg','image/jpeg',35,NULL,NULL,NULL,NULL,NULL),(49,23,'5388054365_288cf72f15_b.jpg','image/jpeg',35,NULL,NULL,NULL,NULL,NULL),(50,24,'5388655270_fbbf78a1f9_b.jpg','image/jpeg',35,NULL,NULL,NULL,NULL,NULL),(51,25,'227963176_2a296e7f0d_o.jpg','image/jpeg',36,NULL,NULL,NULL,NULL,NULL),(52,26,'5388055503_bdfec0a3d5_b.jpg','image/jpeg',36,NULL,NULL,NULL,NULL,NULL),(53,27,'5388661724_e92356d456_b.jpg','image/jpeg',36,NULL,NULL,NULL,NULL,NULL),(54,2,'2407030202_445d617c69_o.jpg','image/jpeg',37,NULL,NULL,NULL,NULL,NULL),(55,3,'5388054707_9e5cd581fe_b.jpg','image/jpeg',37,NULL,NULL,NULL,NULL,NULL),(56,1,'5388052993_efdcb497f3_b.jpg','image/jpeg',37,NULL,NULL,NULL,NULL,NULL),(57,2,'5388051239_00764065f2_b.jpg','image/jpeg',38,NULL,NULL,NULL,NULL,NULL),(58,1,'1199605400_2b897736d1_o.jpg','image/jpeg',38,NULL,NULL,NULL,NULL,NULL),(59,1,'162803672_8244db2362_o.jpg','image/jpeg',39,NULL,NULL,NULL,NULL,NULL),(60,2,'5388656350_fc498d8f1f_b.jpg','image/jpeg',39,NULL,NULL,NULL,NULL,NULL),(61,3,'5388051533_4e871bde69_b.jpg','image/jpeg',39,NULL,NULL,NULL,NULL,NULL),(64,30,'agent-lazo.jpg','image/jpeg',184,NULL,NULL,NULL,NULL,NULL),(65,31,'pero-agent.jpg','image/jpeg',185,NULL,NULL,NULL,NULL,NULL),(66,2,'431267985_286ac5c8cd_o (1).jpg','image/jpeg',197,NULL,NULL,NULL,NULL,NULL),(68,1,'431262903_9d77804a5b_o (1).jpg','image/jpeg',197,NULL,NULL,NULL,NULL,NULL),(69,32,'162803672_8244db2362_o (1).jpg','image/jpeg',199,NULL,NULL,NULL,NULL,NULL),(70,33,'5388656350_fc498d8f1f_b (1).jpg','image/jpeg',199,NULL,NULL,NULL,NULL,NULL),(71,34,'5388051533_4e871bde69_b (1).jpg','image/jpeg',199,NULL,NULL,NULL,NULL,NULL),(91,1,'413539183_cc8e400d9d_o.jpg','image/jpeg',24,'','','','',NULL),(92,2,'413539186_5b9d7a1390_o.jpg','image/jpeg',24,'','','','',NULL),(93,3,'413539179_0f7a2d340c_o.jpg','image/jpeg',24,NULL,NULL,NULL,NULL,NULL),(95,39,'5388658660_975a93b2ae_b (1).jpg','image/jpeg',207,NULL,NULL,NULL,NULL,NULL),(96,40,'5388053335_81ea378b09_b (1).jpg','image/jpeg',207,NULL,NULL,NULL,NULL,NULL),(97,41,'5388053637_ba77c0b486_b (1).jpg','image/jpeg',207,NULL,NULL,NULL,NULL,NULL),(98,42,'5388050721_b84cf3a0a3_b (1).jpg','image/jpeg',208,NULL,NULL,NULL,NULL,NULL),(99,43,'5388050983_0bf177bb8a_b (1).jpg','image/jpeg',208,NULL,NULL,NULL,NULL,NULL),(100,44,'5388050419_e3ef95b8eb_b (1).jpg','image/jpeg',209,NULL,NULL,NULL,NULL,NULL),(101,45,'576752732_a5c79cbb1f_o (1).jpg','image/jpeg',209,NULL,NULL,NULL,NULL,NULL),(102,46,'5388051239_00764065f2_b (1).jpg','image/jpeg',211,NULL,NULL,NULL,NULL,NULL),(103,47,'1199605400_2b897736d1_o (1).jpg','image/jpeg',211,NULL,NULL,NULL,NULL,NULL),(104,48,'501843272_9479110f60_b.jpg','image/jpeg',24,NULL,NULL,NULL,NULL,NULL),(105,1,'jira-728x90jpg.jpg','image/jpeg',235,NULL,NULL,NULL,NULL,NULL),(107,2,'feedingamerica_728x90.gif','image/gif',235,NULL,NULL,NULL,NULL,NULL),(109,49,'creative-banners-volkswagen-golf-australia-launch.jpg','image/jpeg',238,NULL,NULL,NULL,NULL,NULL),(110,50,'moki-preka-draudimas-180x150px-1.jpg','image/jpeg',239,NULL,NULL,NULL,NULL,NULL),(111,51,'wtc_promobutton2.jpg','image/jpeg',239,NULL,NULL,NULL,NULL,NULL),(112,52,'5388057701_5a618e8a9e_b (1).jpg','image/jpeg',240,NULL,NULL,NULL,NULL,NULL),(113,53,'5388058111_cbf80b7902_b (1).jpg','image/jpeg',240,NULL,NULL,NULL,NULL,NULL),(122,1,'wap-logo v2.png','image/png',241,NULL,NULL,NULL,NULL,NULL),(123,2,'Row-of-New-Ties-in-the-Shop.jpg','image/jpeg',241,NULL,NULL,NULL,NULL,NULL),(124,4,'aresol-flat-tire-repair.jpg','image/jpeg',241,NULL,NULL,NULL,NULL,NULL),(125,3,'Tampa-Tire-Repair.jpg','image/jpeg',241,NULL,NULL,NULL,NULL,NULL),(126,54,'logo-350.png','image/png',243,NULL,NULL,NULL,NULL,NULL),(127,55,'14504018.jpg','image/jpeg',243,NULL,NULL,NULL,NULL,NULL),(128,56,'780354570.jpg','image/jpeg',243,NULL,NULL,NULL,NULL,NULL),(129,57,'cropped-logo2.png','image/png',244,NULL,NULL,NULL,NULL,NULL),(130,58,'ar123766726859378.jpg','image/jpeg',244,NULL,NULL,NULL,NULL,NULL),(131,59,'original.jpg','image/jpeg',244,NULL,NULL,NULL,NULL,NULL),(132,60,'sellers-market.jpg','image/jpeg',244,NULL,NULL,NULL,NULL,NULL),(133,61,'CV-example-1.doc','application/msword',21,NULL,NULL,NULL,NULL,NULL),(134,62,'alogo3.png','image/png',185,NULL,NULL,NULL,NULL,NULL),(135,63,'apartment-sketch.pdf','application/pdf',29,NULL,NULL,NULL,NULL,NULL),(136,64,'apartment-sketch (1).pdf','application/pdf',244,NULL,NULL,NULL,NULL,NULL),(137,65,'cute-baby-wallpapers-4.jpg','image/jpeg',247,NULL,NULL,NULL,NULL,NULL),(140,66,'adzoo_728x90 (4).gif','image/gif',235,NULL,NULL,NULL,NULL,NULL),(150,67,'remax.png','image/png',21,NULL,NULL,NULL,NULL,NULL),(151,68,'alogo4.png','image/png',184,NULL,NULL,NULL,NULL,NULL),(154,3,'house-interior-m-2.jpg','image/jpeg',22,NULL,NULL,NULL,NULL,NULL),(155,2,'house-exterior-m-1.jpg','image/jpeg',22,'','','Spa Bliznec','http://localhost/themes-customization/index.php/property/7/en/spa_bliznec',7),(256,85,'real_estate_banneragent.jpg','image/jpeg',281,NULL,NULL,NULL,NULL,NULL),(257,86,'bg_hero_repair_930px_x_250px.png','image/png',280,NULL,NULL,NULL,NULL,NULL),(258,1,'house-interior-m-1.jpg','image/jpeg',22,'','','Bjelovar estate','http://localhost/themes-customization/index.php/property/30/en/bjelovar_estate',30);

--
-- Table structure for table `forms_search`
--

CREATE TABLE `forms_search` (
  `id` int(11) NOT NULL AUTO_INCREMENT,
  `theme` varchar(150) COLLATE utf8_unicode_ci DEFAULT NULL,
  `form_name` varchar(150) COLLATE utf8_unicode_ci DEFAULT NULL,
  `type` varchar(45) COLLATE utf8_unicode_ci DEFAULT NULL,
  `fields_order_primary` text COLLATE utf8_unicode_ci COMMENT 'json data',
  `fields_order_secondary` text COLLATE utf8_unicode_ci COMMENT 'json data',
  PRIMARY KEY (`id`)
) ENGINE=InnoDB AUTO_INCREMENT=8 DEFAULT CHARSET=utf8 COLLATE=utf8_unicode_ci;

--
-- Dumping data for table `forms_search`
--

INSERT INTO `forms_search` VALUES (1,'realocation','Standard search','MAIN','{  \"PRIMARY\": {  \"TREE_64\":{\"direction\":\"NONE\", \"style\":\"\", \"class\":\"\", \"id\":\"64\", \"type\":\"TREE\"} ,\"C_PURPOSE\":{\"direction\":\"NONE\", \"style\":\"\", \"class\":\"\", \"id\":\"NONE\", \"type\":\"C_PURPOSE\"} ,\"SMART_SEARCH\":{\"direction\":\"NONE\", \"style\":\"\", \"class\":\"\", \"id\":\"NONE\", \"type\":\"SMART_SEARCH\"} ,\"DROPDOWN_2\":{\"direction\":\"NONE\", \"style\":\"\", \"class\":\"\", \"id\":\"2\", \"type\":\"DROPDOWN\"} ,\"INPUTBOX_57_FROM\":{\"direction\":\"FROM\", \"style\":\"\", \"class\":\"col-sm-12\", \"id\":\"57\", \"type\":\"INPUTBOX\"} ,\"DATE_RANGE\":{\"direction\":\"NONE\", \"style\":\"\", \"class\":\"\", \"id\":\"NONE\", \"type\":\"DATE_RANGE\"} ,\"INPUTBOX_36_FROM\":{\"direction\":\"FROM\", \"style\":\"\", \"class\":\"\", \"id\":\"36\", \"type\":\"INPUTBOX\"} ,\"INPUTBOX_36_TO\":{\"direction\":\"TO\", \"style\":\"\", \"class\":\"\", \"id\":\"36\", \"type\":\"INPUTBOX\"} }, \"SECONDARY\": {  \"INPUTBOX_19\":{\"direction\":\"NONE\", \"style\":\"\", \"class\":\"\", \"id\":\"19\", \"type\":\"INPUTBOX\"} ,\"INPUTBOX_20\":{\"direction\":\"NONE\", \"style\":\"\", \"class\":\"\", \"id\":\"20\", \"type\":\"INPUTBOX\"} ,\"CHECKBOX_11\":{\"direction\":\"NONE\", \"style\":\"\", \"class\":\"\", \"id\":\"11\", \"type\":\"CHECKBOX\"} ,\"CHECKBOX_29\":{\"direction\":\"NONE\", \"style\":\"\", \"class\":\"\", \"id\":\"29\", \"type\":\"CHECKBOX\"} ,\"CHECKBOX_22\":{\"direction\":\"NONE\", \"style\":\"\", \"class\":\"\", \"id\":\"22\", \"type\":\"CHECKBOX\"} ,\"CHECKBOX_32\":{\"direction\":\"NONE\", \"style\":\"\", \"class\":\"\", \"id\":\"32\", \"type\":\"CHECKBOX\"} ,\"CHECKBOX_25\":{\"direction\":\"NONE\", \"style\":\"\", \"class\":\"\", \"id\":\"25\", \"type\":\"CHECKBOX\"} ,\"CHECKBOX_30\":{\"direction\":\"NONE\", \"style\":\"\", \"class\":\"\", \"id\":\"30\", \"type\":\"CHECKBOX\"} ,\"CHECKBOX_27\":{\"direction\":\"NONE\", \"style\":\"\", \"class\":\"\", \"id\":\"27\", \"type\":\"CHECKBOX\"} ,\"CHECKBOX_33\":{\"direction\":\"NONE\", \"style\":\"\", \"class\":\"\", \"id\":\"33\", \"type\":\"CHECKBOX\"} ,\"CHECKBOX_28\":{\"direction\":\"NONE\", \"style\":\"\", \"class\":\"\", \"id\":\"28\", \"type\":\"CHECKBOX\"} ,\"CHECKBOX_23\":{\"direction\":\"NONE\", \"style\":\"\", \"class\":\"\", \"id\":\"23\", \"type\":\"CHECKBOX\"} } }','0'),(2,'realocation','Horizontal search','MAIN','{  \"PRIMARY\": {  \"C_PURPOSE\":{\"direction\":\"NONE\", \"style\":\"\", \"class\":\"\", \"id\":\"NONE\", \"type\":\"C_PURPOSE\"} ,\"DROPDOWN_3\":{\"direction\":\"NONE\", \"style\":\"\", \"class\":\"col-md-3\", \"id\":\"3\", \"type\":\"DROPDOWN\"} ,\"DROPDOWN_2\":{\"direction\":\"NONE\", \"style\":\"\", \"class\":\"col-md-3\", \"id\":\"2\", \"type\":\"DROPDOWN\"} ,\"INPUTBOX_20\":{\"direction\":\"NONE\", \"style\":\"\", \"class\":\"col-md-3\", \"id\":\"20\", \"type\":\"INPUTBOX\"} ,\"INPUTBOX_58\":{\"direction\":\"NONE\", \"style\":\"\", \"class\":\"col-md-3\", \"id\":\"58\", \"type\":\"INPUTBOX\"} ,\"BREAKLINE\":{\"direction\":\"NONE\", \"style\":\"\", \"class\":\"\", \"id\":\"NONE\", \"type\":\"BREAKLINE\"} ,\"INPUTBOX_19\":{\"direction\":\"NONE\", \"style\":\"\", \"class\":\"col-md-3\", \"id\":\"19\", \"type\":\"INPUTBOX\"} ,\"INPUTBOX_36_FROM\":{\"direction\":\"FROM\", \"style\":\"\", \"class\":\"\", \"id\":\"36\", \"type\":\"INPUTBOX\"} ,\"INPUTBOX_36_TO\":{\"direction\":\"TO\", \"style\":\"\", \"class\":\"\", \"id\":\"36\", \"type\":\"INPUTBOX\"} }, \"SECONDARY\": { } }',''),(3,'bootstrap2-responsive','Bootstrap-search','MAIN','{  \"PRIMARY\": {  \"C_PURPOSE\":{\"direction\":\"NONE\", \"style\":\"\", \"class\":\"\", \"id\":\"NONE\", \"type\":\"C_PURPOSE\"} ,\"TREE_64\":{\"direction\":\"NONE\", \"style\":\"\", \"class\":\"\", \"id\":\"64\", \"type\":\"TREE\"} ,\"SMART_SEARCH\":{\"direction\":\"NONE\", \"style\":\"\", \"class\":\"\", \"id\":\"NONE\", \"type\":\"SMART_SEARCH\"} ,\"DROPDOWN_MULTIPLE_2\":{\"direction\":\"NONE\", \"style\":\"\", \"class\":\"\", \"id\":\"2\", \"type\":\"DROPDOWN_MULTIPLE\"} ,\"DROPDOWN_3\":{\"direction\":\"NONE\", \"style\":\"\", \"class\":\"\", \"id\":\"3\", \"type\":\"DROPDOWN\"} }, \"SECONDARY\": {  \"INPUTBOX_19\":{\"direction\":\"NONE\", \"style\":\"\", \"class\":\"\", \"id\":\"19\", \"type\":\"INPUTBOX\"} ,\"INPUTBOX_20\":{\"direction\":\"NONE\", \"style\":\"\", \"class\":\"\", \"id\":\"20\", \"type\":\"INPUTBOX\"} ,\"INPUTBOX_36_FROM\":{\"direction\":\"FROM\", \"style\":\"\", \"class\":\"\", \"id\":\"36\", \"type\":\"INPUTBOX\"} ,\"INPUTBOX_36_TO\":{\"direction\":\"TO\", \"style\":\"\", \"class\":\"\", \"id\":\"36\", \"type\":\"INPUTBOX\"} ,\"CHECKBOX_11\":{\"direction\":\"NONE\", \"style\":\"\", \"class\":\"\", \"id\":\"11\", \"type\":\"CHECKBOX\"} ,\"CHECKBOX_29\":{\"direction\":\"NONE\", \"style\":\"\", \"class\":\"\", \"id\":\"29\", \"type\":\"CHECKBOX\"} ,\"CHECKBOX_22\":{\"direction\":\"NONE\", \"style\":\"\", \"class\":\"\", \"id\":\"22\", \"type\":\"CHECKBOX\"} ,\"CHECKBOX_32\":{\"direction\":\"NONE\", \"style\":\"\", \"class\":\"\", \"id\":\"32\", \"type\":\"CHECKBOX\"} ,\"CHECKBOX_25\":{\"direction\":\"NONE\", \"style\":\"\", \"class\":\"\", \"id\":\"25\", \"type\":\"CHECKBOX\"} ,\"CHECKBOX_30\":{\"direction\":\"NONE\", \"style\":\"\", \"class\":\"\", \"id\":\"30\", \"type\":\"CHECKBOX\"} ,\"CHECKBOX_27\":{\"direction\":\"NONE\", \"style\":\"\", \"class\":\"\", \"id\":\"27\", \"type\":\"CHECKBOX\"} ,\"CHECKBOX_33\":{\"direction\":\"NONE\", \"style\":\"\", \"class\":\"\", \"id\":\"33\", \"type\":\"CHECKBOX\"} ,\"CHECKBOX_28\":{\"direction\":\"NONE\", \"style\":\"\", \"class\":\"\", \"id\":\"28\", \"type\":\"CHECKBOX\"} ,\"CHECKBOX_23\":{\"direction\":\"NONE\", \"style\":\"\", \"class\":\"\", \"id\":\"23\", \"type\":\"CHECKBOX\"} } }','0'),(4,'bootstrap4','Standard search','MAIN','{ \"PRIMARY\": { \"DROPDOWN\":{\"direction\":\"NONE\", \"style\":\"\", \"class\":\"col-lg-2\", \"id\":\"4\", \"type\":\"DROPDOWN\"} ,\"SMART_SEARCH\":{\"direction\":\"NONE\", \"style\":\"\", \"class\":\"col-lg-3\", \"id\":\"NONE\", \"type\":\"SMART_SEARCH\"} ,\"DROPDOWN_2\":{\"direction\":\"NONE\", \"style\":\"\", \"class\":\"col-lg-3\", \"id\":\"2\", \"type\":\"DROPDOWN\"} ,\"DROPDOWN_3\":{\"direction\":\"NONE\", \"style\":\"\", \"class\":\"col-lg-3\", \"id\":\"3\", \"type\":\"DROPDOWN\"} }, \"SECONDARY\": { \"INPUTBOX_19\":{\"direction\":\"NONE\", \"style\":\"\", \"class\":\"\", \"id\":\"19\", \"type\":\"INPUTBOX\"} ,\"INPUTBOX_20\":{\"direction\":\"NONE\", \"style\":\"\", \"class\":\"\", \"id\":\"20\", \"type\":\"INPUTBOX\"} ,\"INPUTBOX_36\":{\"direction\":\"NONE\", \"style\":\"\", \"class\":\"\", \"id\":\"36\", \"type\":\"INPUTBOX\"} ,\"INPUTBOX_59\":{\"direction\":\"NONE\", \"style\":\"\", \"class\":\"\", \"id\":\"59\", \"type\":\"INPUTBOX\"} ,\"CHECKBOX_24\":{\"direction\":\"NONE\", \"style\":\"\", \"class\":\"\", \"id\":\"24\", \"type\":\"CHECKBOX\"} ,\"CHECKBOX_28\":{\"direction\":\"NONE\", \"style\":\"\", \"class\":\"\", \"id\":\"28\", \"type\":\"CHECKBOX\"} ,\"CHECKBOX_31\":{\"direction\":\"NONE\", \"style\":\"\", \"class\":\"\", \"id\":\"31\", \"type\":\"CHECKBOX\"} ,\"CHECKBOX_30\":{\"direction\":\"NONE\", \"style\":\" \", \"class\":\"\", \"id\":\"30\", \"type\":\"CHECKBOX\"} ,\"CHECKBOX_33\":{\"direction\":\"NONE\", \"style\":\"\", \"class\":\"\", \"id\":\"33\", \"type\":\"CHECKBOX\"} ,\"CHECKBOX_25\":{\"direction\":\"NONE\", \"style\":\"\", \"class\":\"\", \"id\":\"25\", \"type\":\"CHECKBOX\"} ,\"CHECKBOX_29\":{\"direction\":\"NONE\", \"style\":\"\", \"class\":\"\", \"id\":\"29\", \"type\":\"CHECKBOX\"} ,\"CHECKBOX_32\":{\"direction\":\"NONE\", \"style\":\"\", \"class\":\"\", \"id\":\"32\", \"type\":\"CHECKBOX\"} ,\"CHECKBOX_23\":{\"direction\":\"NONE\", \"style\":\"\", \"class\":\"\", \"id\":\"23\", \"type\":\"CHECKBOX\"} ,\"CHECKBOX_11\":{\"direction\":\"NONE\", \"style\":\"\", \"class\":\"\", \"id\":\"11\", \"type\":\"CHECKBOX\"} } }','0'),(5,'selio','Side page','MAIN','{  \"PRIMARY\": {  \"INPUTBOX_78\":{\"direction\":\"NONE\", \"style\":\"\", \"class\":\"wide\", \"id\":\"78\", \"type\":\"INPUTBOX\"} ,\"TREE_79\":{\"direction\":\"NONE\", \"style\":\"\", \"class\":\"\", \"id\":\"79\", \"type\":\"TREE\"} ,\"TREE_64\":{\"direction\":\"NONE\", \"style\":\"\", \"class\":\"\", \"id\":\"64\", \"type\":\"TREE\"} ,\"INPUTBOX_36_TO\":{\"direction\":\"TO\", \"style\":\"\", \"class\":\"\", \"id\":\"36\", \"type\":\"INPUTBOX\"} ,\"INPUTBOX_20\":{\"direction\":\"NONE\", \"style\":\"\", \"class\":\"\", \"id\":\"20\", \"type\":\"INPUTBOX\"} }, \"SECONDARY\": {  \"CHECKBOX_22\":{\"direction\":\"NONE\", \"style\":\"\", \"class\":\"\", \"id\":\"22\", \"type\":\"CHECKBOX\"} ,\"CHECKBOX_24\":{\"direction\":\"NONE\", \"style\":\"\", \"class\":\"\", \"id\":\"24\", \"type\":\"CHECKBOX\"} ,\"CHECKBOX_28\":{\"direction\":\"NONE\", \"style\":\"\", \"class\":\"\", \"id\":\"28\", \"type\":\"CHECKBOX\"} ,\"CHECKBOX_32\":{\"direction\":\"NONE\", \"style\":\"\", \"class\":\"\", \"id\":\"32\", \"type\":\"CHECKBOX\"} ,\"CHECKBOX_23\":{\"direction\":\"NONE\", \"style\":\"\", \"class\":\"\", \"id\":\"23\", \"type\":\"CHECKBOX\"} ,\"CHECKBOX_31\":{\"direction\":\"NONE\", \"style\":\"\", \"class\":\"\", \"id\":\"31\", \"type\":\"CHECKBOX\"} ,\"CHECKBOX_30\":{\"direction\":\"NONE\", \"style\":\"\", \"class\":\"\", \"id\":\"30\", \"type\":\"CHECKBOX\"} ,\"CHECKBOX_33\":{\"direction\":\"NONE\", \"style\":\"\", \"class\":\"\", \"id\":\"33\", \"type\":\"CHECKBOX\"} ,\"CHECKBOX_25\":{\"direction\":\"NONE\", \"style\":\"\", \"class\":\"\", \"id\":\"25\", \"type\":\"CHECKBOX\"} } }','0'),(6,'selio','top_custom_search','MAIN','{  \"PRIMARY\": {  \"SMART_SEARCH\":{\"direction\":\"NONE\", \"style\":\"\", \"class\":\"wide\", \"id\":\"NONE\", \"type\":\"SMART_SEARCH\"} ,\"TREE_79\":{\"direction\":\"NONE\", \"style\":\" \", \"class\":\"\", \"id\":\"79\", \"type\":\"TREE\"} ,\"TREE_64\":{\"direction\":\"NONE\", \"style\":\"\", \"class\":\"\", \"id\":\"64\", \"type\":\"TREE\"} ,\"INPUTBOX_36_FROM\":{\"direction\":\"FROM\", \"style\":\"\", \"class\":\"\", \"id\":\"36\", \"type\":\"INPUTBOX\"} ,\"INPUTBOX_36_TO\":{\"direction\":\"TO\", \"style\":\"\", \"class\":\"\", \"id\":\"36\", \"type\":\"INPUTBOX\"} ,\"INPUTBOX_20\":{\"direction\":\"NONE\", \"style\":\"\", \"class\":\"\", \"id\":\"20\", \"type\":\"INPUTBOX\"} ,\"DROPDOWN_MULTIPLE_2\":{\"direction\":\"NONE\", \"style\":\"\", \"class\":\"\", \"id\":\"2\", \"type\":\"DROPDOWN_MULTIPLE\"} ,\"DROPDOWN_38\":{\"direction\":\"NONE\", \"style\":\"\", \"class\":\"\", \"id\":\"38\", \"type\":\"DROPDOWN\"} }, \"SECONDARY\": {  \"CHECKBOX_22\":{\"direction\":\"NONE\", \"style\":\"\", \"class\":\"\", \"id\":\"22\", \"type\":\"CHECKBOX\"} ,\"CHECKBOX_24\":{\"direction\":\"NONE\", \"style\":\"\", \"class\":\"\", \"id\":\"24\", \"type\":\"CHECKBOX\"} ,\"CHECKBOX_28\":{\"direction\":\"NONE\", \"style\":\"\", \"class\":\"\", \"id\":\"28\", \"type\":\"CHECKBOX\"} ,\"CHECKBOX_31\":{\"direction\":\"NONE\", \"style\":\"\", \"class\":\"\", \"id\":\"31\", \"type\":\"CHECKBOX\"} ,\"CHECKBOX_30\":{\"direction\":\"NONE\", \"style\":\"\", \"class\":\"\", \"id\":\"30\", \"type\":\"CHECKBOX\"} ,\"CHECKBOX_33\":{\"direction\":\"NONE\", \"style\":\"\", \"class\":\"\", \"id\":\"33\", \"type\":\"CHECKBOX\"} ,\"CHECKBOX_27\":{\"direction\":\"NONE\", \"style\":\"\", \"class\":\"\", \"id\":\"27\", \"type\":\"CHECKBOX\"} ,\"CHECKBOX_32\":{\"direction\":\"NONE\", \"style\":\"\", \"class\":\"\", \"id\":\"32\", \"type\":\"CHECKBOX\"} } }','0'),(7,'selio','top','MAIN','{ \"PRIMARY\": { \"SMART_SEARCH\":{\"direction\":\"NONE\", \"style\":\"\", \"class\":\"\", \"id\":\"NONE\", \"type\":\"SMART_SEARCH\"} ,\"TREE_79\":{\"direction\":\"NONE\", \"style\":\"\", \"class\":\"\", \"id\":\"79\", \"type\":\"TREE\"} ,\"TREE_64\":{\"direction\":\"NONE\", \"style\":\"\", \"class\":\" \", \"id\":\"64\", \"type\":\"TREE\"} ,\"C_PURPOSE\":{\"direction\":\"NONE\", \"style\":\"\", \"class\":\"\", \"id\":\"NONE\", \"type\":\"C_PURPOSE\"} ,\"C_PRICE_RANGE\":{\"direction\":\"NONE\", \"style\":\"\", \"class\":\"\", \"id\":\"NONE\", \"type\":\"C_PRICE_RANGE\"} ,\"DROPDOWN_MULTIPLE_2\":{\"direction\":\"NONE\", \"style\":\"\", \"class\":\"\", \"id\":\"2\", \"type\":\"DROPDOWN_MULTIPLE\"} ,\"DROPDOWN_3\":{\"direction\":\"NONE\", \"style\":\"\", \"class\":\"\", \"id\":\"3\", \"type\":\"DROPDOWN\"} ,\"INPUTBOX_20_FROM\":{\"direction\":\"FROM\", \"style\":\"\", \"class\":\"\", \"id\":\"20\", \"type\":\"INPUTBOX\"} ,\"INPUTBOX_20_TO\":{\"direction\":\"TO\", \"style\":\"\", \"class\":\"\", \"id\":\"20\", \"type\":\"INPUTBOX\"} ,\"CHECKBOX_31\":{\"direction\":\"NONE\", \"style\":\"\", \"class\":\"\", \"id\":\"31\", \"type\":\"CHECKBOX\"} ,\"CHECKBOX_25\":{\"direction\":\"NONE\", \"style\":\"\", \"class\":\"\", \"id\":\"25\", \"type\":\"CHECKBOX\"} ,\"CHECKBOX_22\":{\"direction\":\"NONE\", \"style\":\"\", \"class\":\"\", \"id\":\"22\", \"type\":\"CHECKBOX\"} ,\"CHECKBOX_29\":{\"direction\":\"NONE\", \"style\":\"\", \"class\":\"\", \"id\":\"29\", \"type\":\"CHECKBOX\"} ,\"CHECKBOX_23\":{\"direction\":\"NONE\", \"style\":\"\", \"class\":\"\", \"id\":\"23\", \"type\":\"CHECKBOX\"} ,\"CHECKBOX_27\":{\"direction\":\"NONE\", \"style\":\"\", \"class\":\"\", \"id\":\"27\", \"type\":\"CHECKBOX\"} ,\"CHECKBOX_11\":{\"direction\":\"NONE\", \"style\":\"\", \"class\":\"\", \"id\":\"11\", \"type\":\"CHECKBOX\"} ,\"CHECKBOX_24\":{\"direction\":\"NONE\", \"style\":\"\", \"class\":\"\", \"id\":\"24\", \"type\":\"CHECKBOX\"} }, \"SECONDARY\": { } }','0');

--
-- Table structure for table `historyads`
--

CREATE TABLE `historyads` (
  `id` mediumint(8) unsigned NOT NULL AUTO_INCREMENT,
  `listing_id` mediumint(8) unsigned DEFAULT NULL,
  `user_id` mediumint(8) unsigned DEFAULT NULL,
  `date` datetime DEFAULT NULL,
  `ip_address` varchar(64) NOT NULL,
  PRIMARY KEY (`id`)
) ENGINE=InnoDB AUTO_INCREMENT=3 DEFAULT CHARSET=utf8;

--
-- Dumping data for table `historyads`
--

INSERT INTO `historyads` VALUES (1,14,8,'2021-01-26 12:51:48','127.0.0.1'),(2,14,8,'2021-01-26 13:28:22','127.0.0.1');

--
-- Table structure for table `invoice`
--

CREATE TABLE `invoice` (
  `id_invoice` int(11) NOT NULL AUTO_INCREMENT,
  `invoice_num` varchar(100) COLLATE utf8_unicode_ci DEFAULT NULL,
  `date_created` datetime DEFAULT NULL,
  `user_id` int(11) DEFAULT NULL,
  `description` text COLLATE utf8_unicode_ci,
  `reference_id` int(11) DEFAULT NULL,
  `week` int(11) DEFAULT NULL,
  `price` decimal(10,2) DEFAULT NULL,
  `currency_code` varchar(45) COLLATE utf8_unicode_ci DEFAULT NULL,
  `is_confirmed` tinyint(1) DEFAULT NULL,
  `is_paid` tinyint(1) DEFAULT NULL,
  `is_activated` tinyint(1) DEFAULT NULL,
  `data_json` text COLLATE utf8_unicode_ci,
  PRIMARY KEY (`id_invoice`)
) ENGINE=InnoDB AUTO_INCREMENT=20 DEFAULT CHARSET=utf8 COLLATE=utf8_unicode_ci;

--
-- Dumping data for table `invoice`
--

INSERT INTO `invoice` VALUES (11,'3_PAC_18_20.00_4','2015-04-02 15:08:31',18,'Package 3',3,4,20.00,'USD',1,0,1,'{\"settings\":{\"rating_enabled\":\"1\",\"address\":\"Ilica 345, HR-10000 Zagreb 1\",\"websitetitle\":\"Real estate point\",\"gps\":\"45.8129663, 15.976036000000022\",\"email\":\"sandi.winter@gmail.com\",\"email_alert\":\"0\",\"phone\":\"+385 (0)1 123 321\",\"fax\":\"+385 (0)1 123 322\",\"address_footer\":\"<b>Estate<\\/b>Point<br \\/>\\r\\nReal estate agency from Croatia<br \\/>\\r\\nIlica 345<br \\/>\\r\\nHR-10000 Zagreb\",\"noreply\":\"webform@my-website.com\",\"zoom\":\"8\",\"paypal_email\":\"sandi.winter@gmail.com\",\"listing_expiry_days\":\"0\",\"activation_price\":\"5\",\"featured_price\":\"10\",\"default_currency\":\"USD\",\"authorize_api_login_id\":\"593j9M9nPkgy\",\"authorize_api_hash_secret\":\"r564test\",\"authorize_api_transaction_key\":\"7p83CWXR3q5fq27t\",\"adsense728_90\":\"<script async src=\\\"\\/\\/pagead2.googlesyndication.com\\/pagead\\/js\\/adsbygoogle.js\\\"><\\/script>\\r\\n<!-- Real estate responsive -->\\r\\n<ins class=\\\"adsbygoogle\\\"\\r\\n     style=\\\"display:block\\\"\\r\\n     data-ad-client=\\\"ca-pub-6994200887384132\\\"\\r\\n     data-ad-slot=\\\"6454101571\\\"\\r\\n     data-ad-format=\\\"auto\\\"><\\/ins>\\r\\n<script>\\r\\n(adsbygoogle = window.adsbygoogle || []).push({});\\r\\n<\\/script>\",\"adsense160_600\":\"<script async src=\\\"\\/\\/pagead2.googlesyndication.com\\/pagead\\/js\\/adsbygoogle.js\\\"><\\/script>\\r\\n<!-- Real estate right -->\\r\\n<ins class=\\\"adsbygoogle\\\"\\r\\n     style=\\\"display:inline-block;width:160px;height:600px\\\"\\r\\n     data-ad-client=\\\"ca-pub-6994200887384132\\\"\\r\\n     data-ad-slot=\\\"7090863570\\\"><\\/ins>\\r\\n<script>\\r\\n(adsbygoogle = window.adsbygoogle || []).push({});\\r\\n<\\/script>\",\"reviews_enabled\":\"1\",\"reviews_public_visible_enabled\":\"1\",\"showroom_slideshow_enabled\":\"1\",\"withdrawal_details\":\"IBAN: HR43 2340009 3207462177<br\\/>\\r\\nSWIFT: PBZGHR2X\",\"booking_fee\":\"10\",\"template\":\"realia\",\"tracking\":\"<script type=\\\"text\\/javascript\\\">\\r\\n\\r\\n  var _gaq = _gaq || [];\\r\\n  _gaq.push([\'_setAccount\', \'UA-683342-5\']);\\r\\n  _gaq.push([\'_trackPageview\']);\\r\\n\\r\\n  (function() {\\r\\n    var ga = document.createElement(\'script\'); ga.type = \'text\\/javascript\'; ga.async = true;\\r\\n    ga.src = (\'https:\' == document.location.protocol ? \'https:\\/\\/ssl\' : \'http:\\/\\/www\') + \'.google-analytics.com\\/ga.js\';\\r\\n    var s = document.getElementsByTagName(\'script\')[0]; s.parentNode.insertBefore(ga, s);\\r\\n  })();\\r\\n\\r\\n<\\/script>\",\"facebook\":\"<!-- AddThis Button BEGIN -->\\r\\n<div class=\\\"addthis_toolbox addthis_default_style addthis_32x32_style\\\">\\r\\n<a class=\\\"addthis_button_facebook\\\">\\r\\n    <div class=\\\"custom-icon at15t_facebook\\\"> <\\/div>\\r\\n<\\/a>\\r\\n<a class=\\\"addthis_button_twitter\\\">\\r\\n    <div class=\\\"custom-icon at15t_twitter\\\"> <\\/div>\\r\\n<\\/a>\\r\\n<a class=\\\"addthis_button_google_plusone_share\\\">\\r\\n    <div class=\\\"custom-icon at15t_google_plusone_share\\\"> <\\/div>\\r\\n<\\/a>\\r\\n<\\/div>\\r\\n<script type=\\\"text\\/javascript\\\">var addthis_config = {\\\"data_track_addressbar\\\":false};<\\/script>\\r\\n<script type=\\\"text\\/javascript\\\" src=\\\"\\/\\/s7.addthis.com\\/js\\/300\\/addthis_widget.js#pubid=sandiwinter\\\"><\\/script>\\r\\n<!-- AddThis Button END -->\",\"facebook_jsdk\":\"<div id=\\\"fb-root\\\"><\\/div>\\r\\n<script>(function(d, s, id) {\\r\\n  var js, fjs = d.getElementsByTagName(s)[0];\\r\\n  if (d.getElementById(id)) return;\\r\\n  js = d.createElement(s); js.id = id;\\r\\n  js.src = \\\"\\/\\/connect.facebook.net\\/en_EN\\/sdk.js#xfbml=1&appId=349715428511591&version=v2.0\\\";\\r\\n  fjs.parentNode.insertBefore(js, fjs);\\r\\n}(document, \'script\', \'facebook-jssdk\'));<\\/script>\",\"facebook_comments\":\"<div class=\\\"fb-comments\\\" data-href=\\\"http:\\/\\/example.com\\/comments\\\" data-width=\\\"100%\\\" data-numposts=\\\"5\\\" data-colorscheme=\\\"light\\\"><\\/div>\",\"useful_links\":\"<ul class=\\\"menu nav\\\">\\r\\n                            <li class=\\\"first leaf\\\"><a href=\\\"#\\\">404 page<\\/a><\\/li>\\r\\n                            <li class=\\\"leaf\\\"><a href=\\\"#\\\">About us<\\/a><\\/li>\\r\\n                            <li class=\\\"leaf\\\"><a href=\\\"#\\\">Contact us<\\/a><\\/li>\\r\\n                            <li class=\\\"leaf\\\"><a href=\\\"#\\\">FAQ<\\/a><\\/li>\\r\\n                            <li class=\\\"leaf\\\"><a href=\\\"#\\\">Grid system<\\/a><\\/li>\\r\\n                            <li class=\\\"leaf\\\"><a href=\\\"#\\\">Our agents<\\/a><\\/li>\\r\\n                            <li class=\\\"last leaf\\\"><a href=\\\"#\\\">Typography<\\/a><\\/li>\\r\\n                        <\\/ul>\"},\"price\":\"20.00\",\"user\":{\"id\":\"18\",\"username\":\"user\",\"password\":\"f341be9a30\",\"name_surname\":\"Test user\",\"address\":\"Cyro trento 23\",\"description\":\"My description 2\",\"phone\":\"+385959055516\",\"mail\":\"sanljiljan@geniuscript.com\",\"last_login\":\"2015-04-02 13:59:01\",\"registration_date\":\"2014-01-26 12:23:26\",\"type\":\"USER\",\"language\":\"english\",\"repository_id\":\"196\",\"activated\":\"1\",\"qa_id\":\"0\",\"package_id\":\"3\",\"package_last_payment\":\"2015-08-04 12:29:02\",\"facebook_id\":\"0\",\"mail_verified\":\"0\",\"phone_verified\":\"0\",\"image_user_filename\":null,\"image_agency_filename\":null,\"company_name\":\"My real estate ltd\",\"zip_city\":\"21000\",\"prename_name\":\"Prename\",\"vat_number\":\"0945621378\"},\"lang_code\":\"en\",\"invoice_num\":\"3_PAC_18_20.00_4\",\"description\":\"Package 3\",\"reference_id\":\"3\",\"reference_code\":\"PAC\",\"currency_code\":\"USD\"}'),(13,'3_PAC_18_20.00_4','2015-04-02 15:13:45',18,'Package 3',3,4,20.00,'USD',1,1,1,'{\"settings\":{\"rating_enabled\":\"1\",\"address\":\"Ilica 345, HR-10000 Zagreb 1\",\"websitetitle\":\"Real estate point\",\"gps\":\"45.8129663, 15.976036000000022\",\"email\":\"sandi.winter@gmail.com\",\"email_alert\":\"0\",\"phone\":\"+385 (0)1 123 321\",\"fax\":\"+385 (0)1 123 322\",\"address_footer\":\"<b>Estate<\\/b>Point<br \\/>\\r\\nReal estate agency from Croatia<br \\/>\\r\\nIlica 345<br \\/>\\r\\nHR-10000 Zagreb\",\"noreply\":\"webform@my-website.com\",\"zoom\":\"8\",\"paypal_email\":\"sandi.winter@gmail.com\",\"listing_expiry_days\":\"0\",\"activation_price\":\"5\",\"featured_price\":\"10\",\"default_currency\":\"USD\",\"authorize_api_login_id\":\"593j9M9nPkgy\",\"authorize_api_hash_secret\":\"r564test\",\"authorize_api_transaction_key\":\"7p83CWXR3q5fq27t\",\"adsense728_90\":\"<script async src=\\\"\\/\\/pagead2.googlesyndication.com\\/pagead\\/js\\/adsbygoogle.js\\\"><\\/script>\\r\\n<!-- Real estate responsive -->\\r\\n<ins class=\\\"adsbygoogle\\\"\\r\\n     style=\\\"display:block\\\"\\r\\n     data-ad-client=\\\"ca-pub-6994200887384132\\\"\\r\\n     data-ad-slot=\\\"6454101571\\\"\\r\\n     data-ad-format=\\\"auto\\\"><\\/ins>\\r\\n<script>\\r\\n(adsbygoogle = window.adsbygoogle || []).push({});\\r\\n<\\/script>\",\"adsense160_600\":\"<script async src=\\\"\\/\\/pagead2.googlesyndication.com\\/pagead\\/js\\/adsbygoogle.js\\\"><\\/script>\\r\\n<!-- Real estate right -->\\r\\n<ins class=\\\"adsbygoogle\\\"\\r\\n     style=\\\"display:inline-block;width:160px;height:600px\\\"\\r\\n     data-ad-client=\\\"ca-pub-6994200887384132\\\"\\r\\n     data-ad-slot=\\\"7090863570\\\"><\\/ins>\\r\\n<script>\\r\\n(adsbygoogle = window.adsbygoogle || []).push({});\\r\\n<\\/script>\",\"reviews_enabled\":\"1\",\"reviews_public_visible_enabled\":\"1\",\"showroom_slideshow_enabled\":\"1\",\"withdrawal_details\":\"IBAN: HR43 2340009 3207462177<br\\/>\\r\\nSWIFT: PBZGHR2X\",\"booking_fee\":\"10\",\"template\":\"realia\",\"tracking\":\"<script type=\\\"text\\/javascript\\\">\\r\\n\\r\\n  var _gaq = _gaq || [];\\r\\n  _gaq.push([\'_setAccount\', \'UA-683342-5\']);\\r\\n  _gaq.push([\'_trackPageview\']);\\r\\n\\r\\n  (function() {\\r\\n    var ga = document.createElement(\'script\'); ga.type = \'text\\/javascript\'; ga.async = true;\\r\\n    ga.src = (\'https:\' == document.location.protocol ? \'https:\\/\\/ssl\' : \'http:\\/\\/www\') + \'.google-analytics.com\\/ga.js\';\\r\\n    var s = document.getElementsByTagName(\'script\')[0]; s.parentNode.insertBefore(ga, s);\\r\\n  })();\\r\\n\\r\\n<\\/script>\",\"facebook\":\"<!-- AddThis Button BEGIN -->\\r\\n<div class=\\\"addthis_toolbox addthis_default_style addthis_32x32_style\\\">\\r\\n<a class=\\\"addthis_button_facebook\\\">\\r\\n    <div class=\\\"custom-icon at15t_facebook\\\"> <\\/div>\\r\\n<\\/a>\\r\\n<a class=\\\"addthis_button_twitter\\\">\\r\\n    <div class=\\\"custom-icon at15t_twitter\\\"> <\\/div>\\r\\n<\\/a>\\r\\n<a class=\\\"addthis_button_google_plusone_share\\\">\\r\\n    <div class=\\\"custom-icon at15t_google_plusone_share\\\"> <\\/div>\\r\\n<\\/a>\\r\\n<\\/div>\\r\\n<script type=\\\"text\\/javascript\\\">var addthis_config = {\\\"data_track_addressbar\\\":false};<\\/script>\\r\\n<script type=\\\"text\\/javascript\\\" src=\\\"\\/\\/s7.addthis.com\\/js\\/300\\/addthis_widget.js#pubid=sandiwinter\\\"><\\/script>\\r\\n<!-- AddThis Button END -->\",\"facebook_jsdk\":\"<div id=\\\"fb-root\\\"><\\/div>\\r\\n<script>(function(d, s, id) {\\r\\n  var js, fjs = d.getElementsByTagName(s)[0];\\r\\n  if (d.getElementById(id)) return;\\r\\n  js = d.createElement(s); js.id = id;\\r\\n  js.src = \\\"\\/\\/connect.facebook.net\\/en_EN\\/sdk.js#xfbml=1&appId=349715428511591&version=v2.0\\\";\\r\\n  fjs.parentNode.insertBefore(js, fjs);\\r\\n}(document, \'script\', \'facebook-jssdk\'));<\\/script>\",\"facebook_comments\":\"<div class=\\\"fb-comments\\\" data-href=\\\"http:\\/\\/example.com\\/comments\\\" data-width=\\\"100%\\\" data-numposts=\\\"5\\\" data-colorscheme=\\\"light\\\"><\\/div>\",\"useful_links\":\"<ul class=\\\"menu nav\\\">\\r\\n                            <li class=\\\"first leaf\\\"><a href=\\\"#\\\">404 page<\\/a><\\/li>\\r\\n                            <li class=\\\"leaf\\\"><a href=\\\"#\\\">About us<\\/a><\\/li>\\r\\n                            <li class=\\\"leaf\\\"><a href=\\\"#\\\">Contact us<\\/a><\\/li>\\r\\n                            <li class=\\\"leaf\\\"><a href=\\\"#\\\">FAQ<\\/a><\\/li>\\r\\n                            <li class=\\\"leaf\\\"><a href=\\\"#\\\">Grid system<\\/a><\\/li>\\r\\n                            <li class=\\\"leaf\\\"><a href=\\\"#\\\">Our agents<\\/a><\\/li>\\r\\n                            <li class=\\\"last leaf\\\"><a href=\\\"#\\\">Typography<\\/a><\\/li>\\r\\n                        <\\/ul>\"},\"price\":\"20.00\",\"user\":{\"id\":\"18\",\"username\":\"user\",\"password\":\"f341be9a30\",\"name_surname\":\"Test user\",\"address\":\"Cyro trento 23\",\"description\":\"My description 2\",\"phone\":\"+385959055516\",\"mail\":\"sanljiljan@geniuscript.com\",\"last_login\":\"2015-04-02 13:59:01\",\"registration_date\":\"2014-01-26 12:23:26\",\"type\":\"USER\",\"language\":\"english\",\"repository_id\":\"196\",\"activated\":\"1\",\"qa_id\":\"0\",\"package_id\":\"3\",\"package_last_payment\":\"2015-09-03 12:29:02\",\"facebook_id\":\"0\",\"mail_verified\":\"0\",\"phone_verified\":\"0\",\"image_user_filename\":null,\"image_agency_filename\":null,\"company_name\":\"My real estate ltd\",\"zip_city\":\"21000\",\"prename_name\":\"Prename\",\"vat_number\":\"0945621378\"},\"lang_code\":\"en\",\"invoice_num\":\"3_PAC_18_20.00_4\",\"description\":\"Package 3\",\"reference_id\":\"3\",\"reference_code\":\"PAC\",\"currency_code\":\"USD\"}'),(14,'3_PAC_18_20.00_6','2015-11-14 13:18:25',18,'Package 3',3,6,20.00,'USD',1,0,1,'{\"settings\":{\"rating_enabled\":\"1\",\"address\":\"Ilica 345, HR-10000 Zagreb 1\",\"websitetitle\":\"Real estate point\",\"gps\":\"45.8129663, 15.976036000000022\",\"email\":\"info@my-website.com\",\"email_alert\":\"1\",\"phone\":\"+385 (0)1 123 321\",\"fax\":\"+385 (0)1 123 322\",\"address_footer\":\"<b>Estate<\\/b>Point<br \\/>\\r\\nReal estate agency from Croatia<br \\/>\\r\\nIlica 345<br \\/>\\r\\nHR-10000 Zagreb\",\"noreply\":\"webform@my-website.com\",\"zoom\":\"8\",\"paypal_email\":\"sandi.winter@gmail.com\",\"payments_enabled\":\"1\",\"walkscore_enabled\":\"1\",\"listing_expiry_days\":\"0\",\"activation_price\":\"5\",\"featured_price\":\"10\",\"default_currency\":\"USD\",\"authorize_api_login_id\":\"\",\"authorize_api_hash_secret\":\"\",\"authorize_api_transaction_key\":\"\",\"payu_api_pos_id\":\"145227\",\"payu_api_key_1\":\"855d965e9d74eba29060e76fbbbe02b3\",\"payu_api_key_2\":\"13a980d4f851f3d9a1cfc792fb1f5e50\",\"payu_api_auth_key\":\"JaeyELi\",\"adsense728_90\":\"<script async src=\\\"\\/\\/pagead2.googlesyndication.com\\/pagead\\/js\\/adsbygoogle.js\\\"><\\/script>\\r\\n<!-- Real estate responsive -->\\r\\n<ins class=\\\"adsbygoogle\\\"\\r\\n     style=\\\"display:block\\\"\\r\\n     data-ad-client=\\\"ca-pub-6994200887384132\\\"\\r\\n     data-ad-slot=\\\"6454101571\\\"\\r\\n     data-ad-format=\\\"auto\\\"><\\/ins>\\r\\n<script>\\r\\n(adsbygoogle = window.adsbygoogle || []).push({});\\r\\n<\\/script>\",\"adsense160_600\":\"<script async src=\\\"\\/\\/pagead2.googlesyndication.com\\/pagead\\/js\\/adsbygoogle.js\\\"><\\/script>\\r\\n<!-- Real estate right -->\\r\\n<ins class=\\\"adsbygoogle\\\"\\r\\n     style=\\\"display:inline-block;width:160px;height:600px\\\"\\r\\n     data-ad-client=\\\"ca-pub-6994200887384132\\\"\\r\\n     data-ad-slot=\\\"7090863570\\\"><\\/ins>\\r\\n<script>\\r\\n(adsbygoogle = window.adsbygoogle || []).push({});\\r\\n<\\/script>\",\"reviews_enabled\":\"1\",\"reviews_public_visible_enabled\":\"1\",\"showroom_slideshow_enabled\":\"1\",\"withdrawal_details\":\"IBAN: HR43 2340009 3207462177<br\\/>\\r\\nSWIFT: PBZGHR2X\",\"booking_fee\":\"10\",\"template\":\"bootstrap2-responsive\",\"tracking\":\"<script type=\\\"text\\/javascript\\\">  var _gaq = _gaq || [];  _gaq.push([\'_setAccount\', \'UA-683342-5\']);  _gaq.push([\'_trackPageview\']);  (function() {    var ga = document.createElement(\'script\'); ga.type = \'text\\/javascript\'; ga.async = true;    ga.src = (\'https:\' == document.location.protocol ? \'https:\\/\\/ssl\' : \'http:\\/\\/www\') + \'.google-analytics.com\\/ga.js\';    var s = document.getElementsByTagName(\'script\')[0]; s.parentNode.insertBefore(ga, s);  })();<\\/script>\",\"facebook\":\"<!-- AddThis Button BEGIN -->\\r\\n<div class=\\\"addthis_toolbox addthis_default_style addthis_32x32_style\\\">\\r\\n<a class=\\\"addthis_button_facebook\\\">\\r\\n    <div class=\\\"custom-icon at15t_facebook\\\"> <\\/div>\\r\\n<\\/a>\\r\\n<a class=\\\"addthis_button_twitter\\\">\\r\\n    <div class=\\\"custom-icon at15t_twitter\\\"> <\\/div>\\r\\n<\\/a>\\r\\n<a class=\\\"addthis_button_google_plusone_share\\\">\\r\\n    <div class=\\\"custom-icon at15t_google_plusone_share\\\"> <\\/div>\\r\\n<\\/a>\\r\\n<\\/div>\\r\\n<script type=\\\"text\\/javascript\\\">var addthis_config = {\\\"data_track_addressbar\\\":false};<\\/script>\\r\\n<script type=\\\"text\\/javascript\\\" src=\\\"\\/\\/s7.addthis.com\\/js\\/300\\/addthis_widget.js#pubid=sandiwinter\\\"><\\/script>\\r\\n<!-- AddThis Button END -->\",\"facebook_top\":\"<!-- Go to www.addthis.com\\/dashboard to customize your tools -->\\r\\n<div class=\\\"addthis_sharing_toolbox\\\"><\\/div>\",\"facebook_jsdk\":\"<div id=\\\"fb-root\\\"><\\/div>\\r\\n<script>(function(d, s, id) {\\r\\n  var js, fjs = d.getElementsByTagName(s)[0];\\r\\n  if (d.getElementById(id)) return;\\r\\n  js = d.createElement(s); js.id = id;\\r\\n  js.src = \\\"\\/\\/connect.facebook.net\\/en_EN\\/sdk.js#xfbml=1&appId=349715428511591&version=v2.0\\\";\\r\\n  fjs.parentNode.insertBefore(js, fjs);\\r\\n}(document, \'script\', \'facebook-jssdk\'));<\\/script>\",\"facebook_comments\":\"<div class=\\\"fb-comments\\\" data-href=\\\"http:\\/\\/example.com\\/comments\\\" data-width=\\\"100%\\\" data-numposts=\\\"5\\\" data-colorscheme=\\\"light\\\"><\\/div>\",\"useful_links\":\"<ul class=\\\"menu nav\\\">\\r\\n                            <li class=\\\"first leaf\\\"><a href=\\\"#\\\">404 page<\\/a><\\/li>\\r\\n                            <li class=\\\"leaf\\\"><a href=\\\"#\\\">About us<\\/a><\\/li>\\r\\n                            <li class=\\\"leaf\\\"><a href=\\\"#\\\">Contact us<\\/a><\\/li>\\r\\n                            <li class=\\\"leaf\\\"><a href=\\\"#\\\">FAQ<\\/a><\\/li>\\r\\n                            <li class=\\\"leaf\\\"><a href=\\\"#\\\">Grid system<\\/a><\\/li>\\r\\n                            <li class=\\\"leaf\\\"><a href=\\\"#\\\">Our agents<\\/a><\\/li>\\r\\n                            <li class=\\\"last leaf\\\"><a href=\\\"#\\\">Typography<\\/a><\\/li>\\r\\n                        <\\/ul>\",\"website_logo\":\"284\",\"search_background\":\"285\",\"color\":\"\",\"design_parameters\":\"\",\"css_variant\":\"\"},\"price\":\"20.00\",\"user\":{\"id\":\"18\",\"username\":\"user\",\"password\":\"f341be9a30\",\"name_surname\":\"Test user\",\"address\":\"Cyro trento 23\",\"description\":\"My description 2\",\"phone\":\"+385959055516\",\"mail\":\"sanljiljan@geniuscript.com\",\"last_login\":\"2015-11-14 13:18:03\",\"registration_date\":\"2014-01-26 12:23:26\",\"type\":\"USER\",\"language\":\"english\",\"repository_id\":\"196\",\"activated\":\"1\",\"qa_id\":\"0\",\"package_id\":\"3\",\"package_last_payment\":\"2015-11-02 15:15:55\",\"facebook_id\":\"0\",\"mail_verified\":\"0\",\"phone_verified\":\"0\",\"image_user_filename\":null,\"image_agency_filename\":null,\"company_name\":\"My real estate ltd\",\"zip_city\":\"21000\",\"prename_name\":\"Prename\",\"vat_number\":\"0945621378\",\"facebook_link\":\"\",\"gplus_link\":\"\",\"youtube_link\":\"\",\"twitter_link\":\"\",\"linkedin_link\":\"\",\"county_affiliate_values\":\"\",\"embed_video_code\":\"\",\"payment_details\":\"\",\"research_sms_notifications\":\"1\",\"research_mail_notifications\":\"1\"},\"lang_code\":\"en\",\"invoice_num\":\"3_PAC_18_20.00_6\",\"description\":\"Package 3\",\"reference_id\":\"3\",\"reference_code\":\"PAC\",\"currency_code\":\"USD\"}'),(15,'3_PAC_18_20.00_2','2015-12-29 12:13:41',18,'Package 3',3,2,20.00,'USD',1,0,1,'{\"settings\":{\"rating_enabled\":\"1\",\"address\":\"Ilica 345, HR-10000 Zagreb 1\",\"websitetitle\":\"Real estate point\",\"gps\":\"45.8129663, 15.976036000000022\",\"email\":\"info@my-website.com\",\"email_alert\":\"1\",\"phone\":\"+385 (0)1 123 321\",\"fax\":\"+385 (0)1 123 322\",\"address_footer\":\"<b>Estate<\\/b>Point<br \\/>\\r\\nReal estate agency from Croatia<br \\/>\\r\\nIlica 345<br \\/>\\r\\nHR-10000 Zagreb\",\"noreply\":\"webform@my-website.com\",\"zoom\":\"8\",\"paypal_email\":\"sandi.winter@gmail.com\",\"payments_enabled\":\"1\",\"walkscore_enabled\":\"1\",\"listing_expiry_days\":\"0\",\"activation_price\":\"5\",\"featured_price\":\"10\",\"default_currency\":\"USD\",\"authorize_api_login_id\":\"\",\"authorize_api_hash_secret\":\"\",\"authorize_api_transaction_key\":\"\",\"payu_api_pos_id\":\"145227\",\"payu_api_key_1\":\"855d965e9d74eba29060e76fbbbe02b3\",\"payu_api_key_2\":\"13a980d4f851f3d9a1cfc792fb1f5e50\",\"payu_api_auth_key\":\"JaeyELi\",\"adsense728_90\":\"<script async src=\\\"\\/\\/pagead2.googlesyndication.com\\/pagead\\/js\\/adsbygoogle.js\\\"><\\/script>\\r\\n<!-- Real estate responsive -->\\r\\n<ins class=\\\"adsbygoogle\\\"\\r\\n     style=\\\"display:block\\\"\\r\\n     data-ad-client=\\\"ca-pub-6994200887384132\\\"\\r\\n     data-ad-slot=\\\"6454101571\\\"\\r\\n     data-ad-format=\\\"auto\\\"><\\/ins>\\r\\n<script>\\r\\n(adsbygoogle = window.adsbygoogle || []).push({});\\r\\n<\\/script>\",\"adsense160_600\":\"<script async src=\\\"\\/\\/pagead2.googlesyndication.com\\/pagead\\/js\\/adsbygoogle.js\\\"><\\/script>\\r\\n<!-- Real estate right -->\\r\\n<ins class=\\\"adsbygoogle\\\"\\r\\n     style=\\\"display:inline-block;width:160px;height:600px\\\"\\r\\n     data-ad-client=\\\"ca-pub-6994200887384132\\\"\\r\\n     data-ad-slot=\\\"7090863570\\\"><\\/ins>\\r\\n<script>\\r\\n(adsbygoogle = window.adsbygoogle || []).push({});\\r\\n<\\/script>\",\"reviews_enabled\":\"1\",\"reviews_public_visible_enabled\":\"1\",\"showroom_slideshow_enabled\":\"1\",\"withdrawal_details\":\"IBAN: HR43 2340009 3207462177<br\\/>\\r\\nSWIFT: PBZGHR2X\",\"booking_fee\":\"10\",\"template\":\"bootstrap2-responsive\",\"tracking\":\"<script type=\\\"text\\/javascript\\\">  var _gaq = _gaq || [];  _gaq.push([\'_setAccount\', \'UA-683342-5\']);  _gaq.push([\'_trackPageview\']);  (function() {    var ga = document.createElement(\'script\'); ga.type = \'text\\/javascript\'; ga.async = true;    ga.src = (\'https:\' == document.location.protocol ? \'https:\\/\\/ssl\' : \'http:\\/\\/www\') + \'.google-analytics.com\\/ga.js\';    var s = document.getElementsByTagName(\'script\')[0]; s.parentNode.insertBefore(ga, s);  })();<\\/script>\",\"facebook\":\"<!-- AddThis Button BEGIN -->\\r\\n<div class=\\\"addthis_toolbox addthis_default_style addthis_32x32_style\\\">\\r\\n<a class=\\\"addthis_button_facebook\\\">\\r\\n    <div class=\\\"custom-icon at15t_facebook\\\"> <\\/div>\\r\\n<\\/a>\\r\\n<a class=\\\"addthis_button_twitter\\\">\\r\\n    <div class=\\\"custom-icon at15t_twitter\\\"> <\\/div>\\r\\n<\\/a>\\r\\n<a class=\\\"addthis_button_google_plusone_share\\\">\\r\\n    <div class=\\\"custom-icon at15t_google_plusone_share\\\"> <\\/div>\\r\\n<\\/a>\\r\\n<\\/div>\\r\\n<script type=\\\"text\\/javascript\\\">var addthis_config = {\\\"data_track_addressbar\\\":false};<\\/script>\\r\\n<script type=\\\"text\\/javascript\\\" src=\\\"\\/\\/s7.addthis.com\\/js\\/300\\/addthis_widget.js#pubid=sandiwinter\\\"><\\/script>\\r\\n<!-- AddThis Button END -->\",\"facebook_top\":\"<!-- Go to www.addthis.com\\/dashboard to customize your tools -->\\r\\n<div class=\\\"addthis_sharing_toolbox\\\"><\\/div>\",\"facebook_jsdk\":\"<div id=\\\"fb-root\\\"><\\/div>\\r\\n<script>(function(d, s, id) {\\r\\n  var js, fjs = d.getElementsByTagName(s)[0];\\r\\n  if (d.getElementById(id)) return;\\r\\n  js = d.createElement(s); js.id = id;\\r\\n  js.src = \\\"\\/\\/connect.facebook.net\\/en_EN\\/sdk.js#xfbml=1&appId=349715428511591&version=v2.0\\\";\\r\\n  fjs.parentNode.insertBefore(js, fjs);\\r\\n}(document, \'script\', \'facebook-jssdk\'));<\\/script>\",\"facebook_comments\":\"<div class=\\\"fb-comments\\\" data-href=\\\"http:\\/\\/example.com\\/comments\\\" data-width=\\\"100%\\\" data-numposts=\\\"5\\\" data-colorscheme=\\\"light\\\"><\\/div>\",\"useful_links\":\"<ul class=\\\"menu nav\\\">\\r\\n                            <li class=\\\"first leaf\\\"><a href=\\\"#\\\">404 page<\\/a><\\/li>\\r\\n                            <li class=\\\"leaf\\\"><a href=\\\"#\\\">About us<\\/a><\\/li>\\r\\n                            <li class=\\\"leaf\\\"><a href=\\\"#\\\">Contact us<\\/a><\\/li>\\r\\n                            <li class=\\\"leaf\\\"><a href=\\\"#\\\">FAQ<\\/a><\\/li>\\r\\n                            <li class=\\\"leaf\\\"><a href=\\\"#\\\">Grid system<\\/a><\\/li>\\r\\n                            <li class=\\\"leaf\\\"><a href=\\\"#\\\">Our agents<\\/a><\\/li>\\r\\n                            <li class=\\\"last leaf\\\"><a href=\\\"#\\\">Typography<\\/a><\\/li>\\r\\n                        <\\/ul>\",\"website_logo\":\"284\",\"search_background\":\"285\",\"color\":\"\",\"design_parameters\":\"\",\"css_variant\":\"\"},\"price\":\"20.00\",\"user\":{\"id\":\"18\",\"username\":\"user\",\"password\":\"f341be9a30\",\"name_surname\":\"Test user\",\"address\":\"Cyro trento 23\",\"description\":\"My description 2\",\"phone\":\"+385959055516\",\"mail\":\"sanljiljan@geniuscript.com\",\"last_login\":\"2015-12-29 11:36:00\",\"registration_date\":\"2014-01-26 12:23:26\",\"type\":\"USER\",\"language\":\"english\",\"repository_id\":\"196\",\"activated\":\"1\",\"qa_id\":\"0\",\"package_id\":\"3\",\"package_last_payment\":\"2015-12-14 13:18:25\",\"facebook_id\":\"0\",\"mail_verified\":\"0\",\"phone_verified\":\"0\",\"image_user_filename\":null,\"image_agency_filename\":null,\"company_name\":\"My real estate ltd\",\"zip_city\":\"21000\",\"prename_name\":\"Prename\",\"vat_number\":\"0945621378\",\"facebook_link\":\"\",\"gplus_link\":\"\",\"youtube_link\":\"\",\"twitter_link\":\"\",\"linkedin_link\":\"\",\"county_affiliate_values\":\"\",\"embed_video_code\":\"\",\"payment_details\":\"\",\"research_sms_notifications\":\"1\",\"research_mail_notifications\":\"1\"},\"lang_code\":\"en\",\"invoice_num\":\"3_PAC_18_20.00_2\",\"description\":\"Package 3\",\"reference_id\":\"3\",\"reference_code\":\"PAC\",\"currency_code\":\"USD\"}'),(16,'3_PAC_18_20.00_2','2016-02-16 17:54:09',18,'Package 3',3,2,20.00,'USD',1,0,1,'{\"settings\":{\"rating_enabled\":\"1\",\"address\":\"Ilica 345, HR-10000 Zagreb 1\",\"websitetitle\":\"Real estate point\",\"gps\":\"45.8129663, 15.976036000000022\",\"email\":\"info@my-website.com\",\"email_alert\":\"1\",\"phone\":\"+385 (0)1 123 321\",\"fax\":\"+385 (0)1 123 322\",\"address_footer\":\"<b>Estate<\\/b>Point<br \\/>\\r\\nReal estate agency from Croatia<br \\/>\\r\\nIlica 345<br \\/>\\r\\nHR-10000 Zagreb\",\"noreply\":\"webform@my-website.com\",\"zoom\":\"8\",\"paypal_email\":\"sandi.winter@gmail.com\",\"payments_enabled\":\"1\",\"walkscore_enabled\":\"1\",\"property_subm_disabled\":\"0\",\"listing_expiry_days\":\"0\",\"activation_price\":\"5\",\"featured_price\":\"10\",\"default_currency\":\"USD\",\"authorize_api_login_id\":\"\",\"authorize_api_hash_secret\":\"\",\"authorize_api_transaction_key\":\"\",\"payu_api_pos_id\":\"145227\",\"payu_api_key_1\":\"855d965e9d74eba29060e76fbbbe02b3\",\"payu_api_key_2\":\"13a980d4f851f3d9a1cfc792fb1f5e50\",\"payu_api_auth_key\":\"JaeyELi\",\"adsense728_90\":\"<script async src=\\\"\\/\\/pagead2.googlesyndication.com\\/pagead\\/js\\/adsbygoogle.js\\\"><\\/script>\\r\\n<!-- Real estate responsive -->\\r\\n<ins class=\\\"adsbygoogle\\\"\\r\\n     style=\\\"display:block\\\"\\r\\n     data-ad-client=\\\"ca-pub-6994200887384132\\\"\\r\\n     data-ad-slot=\\\"6454101571\\\"\\r\\n     data-ad-format=\\\"auto\\\"><\\/ins>\\r\\n<script>\\r\\n(adsbygoogle = window.adsbygoogle || []).push({});\\r\\n<\\/script>\",\"adsense160_600\":\"<script async src=\\\"\\/\\/pagead2.googlesyndication.com\\/pagead\\/js\\/adsbygoogle.js\\\"><\\/script>\\r\\n<!-- Real estate right -->\\r\\n<ins class=\\\"adsbygoogle\\\"\\r\\n     style=\\\"display:inline-block;width:160px;height:600px\\\"\\r\\n     data-ad-client=\\\"ca-pub-6994200887384132\\\"\\r\\n     data-ad-slot=\\\"7090863570\\\"><\\/ins>\\r\\n<script>\\r\\n(adsbygoogle = window.adsbygoogle || []).push({});\\r\\n<\\/script>\",\"reviews_enabled\":\"1\",\"reviews_public_visible_enabled\":\"1\",\"showroom_slideshow_enabled\":\"1\",\"withdrawal_details\":\"IBAN: HR43 2340009 3207462177<br\\/>\\r\\nSWIFT: PBZGHR2X\",\"booking_fee\":\"10\",\"template\":\"bootstrap2-responsive\",\"tracking\":\"<script type=\\\"text\\/javascript\\\">  var _gaq = _gaq || [];  _gaq.push([\'_setAccount\', \'UA-683342-5\']);  _gaq.push([\'_trackPageview\']);  (function() {    var ga = document.createElement(\'script\'); ga.type = \'text\\/javascript\'; ga.async = true;    ga.src = (\'https:\' == document.location.protocol ? \'https:\\/\\/ssl\' : \'http:\\/\\/www\') + \'.google-analytics.com\\/ga.js\';    var s = document.getElementsByTagName(\'script\')[0]; s.parentNode.insertBefore(ga, s);  })();<\\/script>\",\"facebook\":\"<!-- AddThis Button BEGIN -->\\r\\n<div class=\\\"addthis_toolbox addthis_default_style addthis_32x32_style\\\">\\r\\n<a class=\\\"addthis_button_facebook\\\">\\r\\n    <div class=\\\"custom-icon at15t_facebook\\\"> <\\/div>\\r\\n<\\/a>\\r\\n<a class=\\\"addthis_button_twitter\\\">\\r\\n    <div class=\\\"custom-icon at15t_twitter\\\"> <\\/div>\\r\\n<\\/a>\\r\\n<a class=\\\"addthis_button_google_plusone_share\\\">\\r\\n    <div class=\\\"custom-icon at15t_google_plusone_share\\\"> <\\/div>\\r\\n<\\/a>\\r\\n<\\/div>\\r\\n<script type=\\\"text\\/javascript\\\">var addthis_config = {\\\"data_track_addressbar\\\":false};<\\/script>\\r\\n<script type=\\\"text\\/javascript\\\" src=\\\"\\/\\/s7.addthis.com\\/js\\/300\\/addthis_widget.js#pubid=sandiwinter\\\"><\\/script>\\r\\n<!-- AddThis Button END -->\",\"facebook_top\":\"<!-- Go to www.addthis.com\\/dashboard to customize your tools -->\\r\\n<div class=\\\"addthis_sharing_toolbox\\\"><\\/div>\",\"facebook_jsdk\":\"<div id=\\\"fb-root\\\"><\\/div>\\r\\n<script>(function(d, s, id) {\\r\\n  var js, fjs = d.getElementsByTagName(s)[0];\\r\\n  if (d.getElementById(id)) return;\\r\\n  js = d.createElement(s); js.id = id;\\r\\n  js.src = \\\"\\/\\/connect.facebook.net\\/en_EN\\/sdk.js#xfbml=1&appId=349715428511591&version=v2.0\\\";\\r\\n  fjs.parentNode.insertBefore(js, fjs);\\r\\n}(document, \'script\', \'facebook-jssdk\'));<\\/script>\",\"facebook_comments\":\"<div class=\\\"fb-comments\\\" data-href=\\\"http:\\/\\/example.com\\/comments\\\" data-width=\\\"100%\\\" data-numposts=\\\"5\\\" data-colorscheme=\\\"light\\\"><\\/div>\",\"useful_links\":\"<ul class=\\\"menu nav\\\">\\r\\n                            <li class=\\\"first leaf\\\"><a href=\\\"#\\\">404 page<\\/a><\\/li>\\r\\n                            <li class=\\\"leaf\\\"><a href=\\\"#\\\">About us<\\/a><\\/li>\\r\\n                            <li class=\\\"leaf\\\"><a href=\\\"#\\\">Contact us<\\/a><\\/li>\\r\\n                            <li class=\\\"leaf\\\"><a href=\\\"#\\\">FAQ<\\/a><\\/li>\\r\\n                            <li class=\\\"leaf\\\"><a href=\\\"#\\\">Grid system<\\/a><\\/li>\\r\\n                            <li class=\\\"leaf\\\"><a href=\\\"#\\\">Our agents<\\/a><\\/li>\\r\\n                            <li class=\\\"last leaf\\\"><a href=\\\"#\\\">Typography<\\/a><\\/li>\\r\\n                        <\\/ul>\",\"website_logo\":\"284\",\"website_favicon\":\"308\",\"watermark_img\":\"309\",\"search_background\":\"285\",\"color\":\"\",\"design_parameters\":\"\",\"css_variant\":\"\"},\"price\":\"20.00\",\"user\":{\"id\":\"18\",\"username\":\"user\",\"password\":\"f341be9a30\",\"name_surname\":\"Test user\",\"address\":\"Cyro trento 23\",\"description\":\"My description 2\",\"phone\":\"+385959055516\",\"mail\":\"sanljiljan@geniuscript.com\",\"last_login\":\"2016-02-16 17:48:35\",\"registration_date\":\"2014-01-26 12:23:26\",\"type\":\"USER\",\"language\":\"english\",\"repository_id\":\"196\",\"activated\":\"1\",\"qa_id\":\"0\",\"package_id\":\"3\",\"package_last_payment\":\"2016-01-28 12:13:41\",\"facebook_id\":\"0\",\"mail_verified\":\"0\",\"phone_verified\":\"0\",\"image_user_filename\":null,\"image_agency_filename\":null,\"company_name\":\"My real estate ltd\",\"zip_city\":\"21000\",\"prename_name\":\"Prename\",\"vat_number\":\"0945621378\",\"facebook_link\":\"\",\"gplus_link\":\"\",\"youtube_link\":\"\",\"twitter_link\":\"\",\"linkedin_link\":\"\",\"county_affiliate_values\":\"\",\"embed_video_code\":\"\",\"payment_details\":\"\",\"research_sms_notifications\":\"1\",\"research_mail_notifications\":\"1\"},\"lang_code\":\"en\",\"invoice_num\":\"3_PAC_18_20.00_2\",\"description\":\"Package 3\",\"reference_id\":\"3\",\"reference_code\":\"PAC\",\"currency_code\":\"USD\"}'),(17,'3_PAC_18_20.00_4','2016-03-24 13:57:49',18,'Package 3',3,4,20.00,'USD',1,0,1,'{\"settings\":{\"rating_enabled\":\"1\",\"address\":\"Ilica 345, HR-10000 Zagreb 1\",\"websitetitle\":\"Real estate point\",\"gps\":\"45.8129663, 15.976036000000022\",\"email\":\"info@my-website.com\",\"email_alert\":\"1\",\"phone\":\"+385 (0)1 123 321\",\"fax\":\"+385 (0)1 123 322\",\"address_footer\":\"<b>Estate<\\/b>Point<br \\/>\\r\\nReal estate agency from Croatia<br \\/>\\r\\nIlica 345<br \\/>\\r\\nHR-10000 Zagreb\",\"noreply\":\"webform@my-website.com\",\"zoom\":\"8\",\"paypal_email\":\"sandi.winter@gmail.com\",\"payments_enabled\":\"1\",\"walkscore_enabled\":\"1\",\"property_subm_disabled\":\"0\",\"listing_expiry_days\":\"0\",\"activation_price\":\"5\",\"featured_price\":\"10\",\"default_currency\":\"USD\",\"authorize_api_login_id\":\"\",\"authorize_api_hash_secret\":\"\",\"authorize_api_transaction_key\":\"\",\"payu_api_pos_id\":\"145227\",\"payu_api_key_1\":\"855d965e9d74eba29060e76fbbbe02b3\",\"payu_api_key_2\":\"13a980d4f851f3d9a1cfc792fb1f5e50\",\"payu_api_auth_key\":\"JaeyELi\",\"adsense728_90\":\"<script async src=\\\"\\/\\/pagead2.googlesyndication.com\\/pagead\\/js\\/adsbygoogle.js\\\"><\\/script>\\r\\n<!-- Real estate responsive -->\\r\\n<ins class=\\\"adsbygoogle\\\"\\r\\n     style=\\\"display:block\\\"\\r\\n     data-ad-client=\\\"ca-pub-6994200887384132\\\"\\r\\n     data-ad-slot=\\\"6454101571\\\"\\r\\n     data-ad-format=\\\"auto\\\"><\\/ins>\\r\\n<script>\\r\\n(adsbygoogle = window.adsbygoogle || []).push({});\\r\\n<\\/script>\",\"adsense160_600\":\"<script async src=\\\"\\/\\/pagead2.googlesyndication.com\\/pagead\\/js\\/adsbygoogle.js\\\"><\\/script>\\r\\n<!-- Real estate right -->\\r\\n<ins class=\\\"adsbygoogle\\\"\\r\\n     style=\\\"display:inline-block;width:160px;height:600px\\\"\\r\\n     data-ad-client=\\\"ca-pub-6994200887384132\\\"\\r\\n     data-ad-slot=\\\"7090863570\\\"><\\/ins>\\r\\n<script>\\r\\n(adsbygoogle = window.adsbygoogle || []).push({});\\r\\n<\\/script>\",\"reviews_enabled\":\"1\",\"reviews_public_visible_enabled\":\"1\",\"showroom_slideshow_enabled\":\"1\",\"withdrawal_details\":\"IBAN: HR43 2340009 3207462177<br\\/>\\r\\nSWIFT: PBZGHR2X\",\"booking_fee\":\"10\",\"template\":\"boomerang\",\"tracking\":\"<script type=\\\"text\\/javascript\\\">  var _gaq = _gaq || [];  _gaq.push([\'_setAccount\', \'UA-683342-5\']);  _gaq.push([\'_trackPageview\']);  (function() {    var ga = document.createElement(\'script\'); ga.type = \'text\\/javascript\'; ga.async = true;    ga.src = (\'https:\' == document.location.protocol ? \'https:\\/\\/ssl\' : \'http:\\/\\/www\') + \'.google-analytics.com\\/ga.js\';    var s = document.getElementsByTagName(\'script\')[0]; s.parentNode.insertBefore(ga, s);  })();<\\/script>\",\"facebook\":\"<!-- AddThis Button BEGIN -->\\r\\n<div class=\\\"addthis_toolbox addthis_default_style addthis_32x32_style\\\">\\r\\n<a class=\\\"addthis_button_facebook\\\">\\r\\n    <div class=\\\"custom-icon at15t_facebook\\\"> <\\/div>\\r\\n<\\/a>\\r\\n<a class=\\\"addthis_button_twitter\\\">\\r\\n    <div class=\\\"custom-icon at15t_twitter\\\"> <\\/div>\\r\\n<\\/a>\\r\\n<a class=\\\"addthis_button_google_plusone_share\\\">\\r\\n    <div class=\\\"custom-icon at15t_google_plusone_share\\\"> <\\/div>\\r\\n<\\/a>\\r\\n<\\/div>\\r\\n<script type=\\\"text\\/javascript\\\">var addthis_config = {\\\"data_track_addressbar\\\":false};<\\/script>\\r\\n<script type=\\\"text\\/javascript\\\" src=\\\"\\/\\/s7.addthis.com\\/js\\/300\\/addthis_widget.js#pubid=sandiwinter\\\"><\\/script>\\r\\n<!-- AddThis Button END -->\",\"facebook_top\":\"<!-- Go to www.addthis.com\\/dashboard to customize your tools -->\\r\\n<div class=\\\"addthis_sharing_toolbox\\\"><\\/div>\",\"facebook_jsdk\":\"<div id=\\\"fb-root\\\"><\\/div>\\r\\n<script>(function(d, s, id) {\\r\\n  var js, fjs = d.getElementsByTagName(s)[0];\\r\\n  if (d.getElementById(id)) return;\\r\\n  js = d.createElement(s); js.id = id;\\r\\n  js.src = \\\"\\/\\/connect.facebook.net\\/en_EN\\/sdk.js#xfbml=1&appId=349715428511591&version=v2.0\\\";\\r\\n  fjs.parentNode.insertBefore(js, fjs);\\r\\n}(document, \'script\', \'facebook-jssdk\'));<\\/script>\",\"facebook_comments\":\"<div class=\\\"fb-comments\\\" data-href=\\\"http:\\/\\/example.com\\/comments\\\" data-width=\\\"100%\\\" data-numposts=\\\"5\\\" data-colorscheme=\\\"light\\\"><\\/div>\",\"useful_links\":\"<ul class=\\\"menu nav\\\">\\r\\n                            <li class=\\\"first leaf\\\"><a href=\\\"#\\\">404 page<\\/a><\\/li>\\r\\n                            <li class=\\\"leaf\\\"><a href=\\\"#\\\">About us<\\/a><\\/li>\\r\\n                            <li class=\\\"leaf\\\"><a href=\\\"#\\\">Contact us<\\/a><\\/li>\\r\\n                            <li class=\\\"leaf\\\"><a href=\\\"#\\\">FAQ<\\/a><\\/li>\\r\\n                            <li class=\\\"leaf\\\"><a href=\\\"#\\\">Grid system<\\/a><\\/li>\\r\\n                            <li class=\\\"leaf\\\"><a href=\\\"#\\\">Our agents<\\/a><\\/li>\\r\\n                            <li class=\\\"last leaf\\\"><a href=\\\"#\\\">Typography<\\/a><\\/li>\\r\\n                        <\\/ul>\",\"website_logo\":\"284\",\"website_favicon\":\"308\",\"watermark_img\":\"309\",\"search_background\":\"285\",\"color\":\"\",\"design_parameters\":\"\",\"css_variant\":\"\"},\"price\":\"20.00\",\"user\":{\"id\":\"18\",\"username\":\"user\",\"password\":\"f341be9a30\",\"name_surname\":\"Test user\",\"address\":\"Cyro trento 23\",\"description\":\"My description 2\",\"phone\":\"+385959055516\",\"mail\":\"sanljiljan@geniuscript.com\",\"last_login\":\"2016-03-24 13:57:27\",\"registration_date\":\"2014-01-26 12:23:26\",\"type\":\"USER\",\"language\":\"english\",\"repository_id\":\"196\",\"activated\":\"1\",\"qa_id\":\"0\",\"package_id\":\"3\",\"package_last_payment\":\"2016-03-17 17:54:09\",\"facebook_id\":\"0\",\"mail_verified\":\"0\",\"phone_verified\":\"0\",\"image_user_filename\":null,\"image_agency_filename\":null,\"company_name\":\"My real estate ltd\",\"zip_city\":\"21000\",\"prename_name\":\"Prename\",\"vat_number\":\"0945621378\",\"facebook_link\":\"\",\"gplus_link\":\"\",\"youtube_link\":\"\",\"twitter_link\":\"\",\"linkedin_link\":\"\",\"county_affiliate_values\":\"\",\"embed_video_code\":\"\",\"payment_details\":\"\",\"research_sms_notifications\":\"1\",\"research_mail_notifications\":\"1\"},\"lang_code\":\"en\",\"invoice_num\":\"3_PAC_18_20.00_4\",\"description\":\"Package 3\",\"reference_id\":\"3\",\"reference_code\":\"PAC\",\"currency_code\":\"USD\"}'),(18,'3_PAC_18_20.00_0','2016-10-02 11:44:34',18,'Package 3',3,0,20.00,'USD',1,0,1,'{\"settings\":{\"rating_enabled\":\"1\",\"address\":\"Ilica 345, HR-10000 Zagreb 1\",\"websitetitle\":\"Real estate point\",\"gps\":\"45.81308594833956, 15.966937947021506\",\"map_center\":\"0\",\"email\":\"info@my-website.com\",\"email_alert\":\"1\",\"phone\":\"+385 (0)1 123 321\",\"fax\":\"+385 (0)1 123 322\",\"address_footer\":\"<b>Estate<\\/b>Point<br \\/>\\r\\nReal estate agency from Croatia<br \\/>\\r\\nIlica 345<br \\/>\\r\\nHR-10000 Zagreb\",\"custom_fields_code\":\"{  \\\"PRIMARY\\\": {  \\\"1\\\":{\\\"type\\\":\\\"INPUTBOX\\\" ,\\\"type\\\":\\\"INPUTBOX\\\" ,\\\"rel\\\":\\\"1\\\" ,\\\"style\\\":\\\"\\\" ,\\\"class\\\":\\\"\\\" ,\\\"label_1\\\":\\\"a_english\\\" ,\\\"values_1\\\":\\\"\\\" ,\\\"label_2\\\":\\\"a_cro\\\" ,\\\"values_2\\\":\\\"\\\"} ,\\\"2\\\":{\\\"type\\\":\\\"TEXTAREA\\\" ,\\\"type\\\":\\\"TEXTAREA\\\" ,\\\"rel\\\":\\\"2\\\" ,\\\"style\\\":\\\"\\\" ,\\\"class\\\":\\\"\\\" ,\\\"label_1\\\":\\\"b_english\\\" ,\\\"values_1\\\":\\\"\\\" ,\\\"label_2\\\":\\\"b_cro\\\" ,\\\"values_2\\\":\\\"\\\"} ,\\\"3\\\":{\\\"type\\\":\\\"CHECKBOX\\\" ,\\\"rel\\\":\\\"3\\\" ,\\\"style\\\":\\\"\\\" ,\\\"class\\\":\\\"\\\" ,\\\"label_1\\\":\\\"check_en\\\" ,\\\"values_1\\\":\\\"\\\" ,\\\"label_2\\\":\\\"check_cro\\\" ,\\\"values_2\\\":\\\"\\\"} } }\",\"noreply\":\"noreply@loggingforest.com\",\"zoom\":\"8\",\"paypal_email\":\"sandi.winter@gmail.com\",\"payments_enabled\":\"1\",\"walkscore_enabled\":\"1\",\"property_subm_disabled\":\"0\",\"maps_api_key\":\"AIzaSyB0lxCRSHcNPBu5hq3wsmY1KhcBq5Tlwi8\",\"listing_expiry_days\":\"0\",\"activation_price\":\"5\",\"featured_price\":\"10\",\"default_currency\":\"USD\",\"authorize_api_login_id\":\"\",\"authorize_api_hash_secret\":\"\",\"authorize_api_transaction_key\":\"\",\"payu_api_pos_id\":\"145227\",\"payu_api_key_1\":\"855d965e9d74eba29060e76fbbbe02b3\",\"payu_api_key_2\":\"13a980d4f851f3d9a1cfc792fb1f5e50\",\"payu_api_auth_key\":\"JaeyELi\",\"adsense728_90\":\"<script async src=\\\"\\/\\/pagead2.googlesyndication.com\\/pagead\\/js\\/adsbygoogle.js\\\"><\\/script>\\r\\n<!-- Real estate responsive -->\\r\\n<ins class=\\\"adsbygoogle\\\"\\r\\n     style=\\\"display:block\\\"\\r\\n     data-ad-client=\\\"ca-pub-6994200887384132\\\"\\r\\n     data-ad-slot=\\\"6454101571\\\"\\r\\n     data-ad-format=\\\"auto\\\"><\\/ins>\\r\\n<script>\\r\\n(adsbygoogle = window.adsbygoogle || []).push({});\\r\\n<\\/script>\",\"adsense160_600\":\"<script async src=\\\"\\/\\/pagead2.googlesyndication.com\\/pagead\\/js\\/adsbygoogle.js\\\"><\\/script>\\r\\n<!-- Real estate right -->\\r\\n<ins class=\\\"adsbygoogle\\\"\\r\\n     style=\\\"display:inline-block;width:160px;height:600px\\\"\\r\\n     data-ad-client=\\\"ca-pub-6994200887384132\\\"\\r\\n     data-ad-slot=\\\"7090863570\\\"><\\/ins>\\r\\n<script>\\r\\n(adsbygoogle = window.adsbygoogle || []).push({});\\r\\n<\\/script>\",\"reviews_enabled\":\"1\",\"reviews_public_visible_enabled\":\"1\",\"showroom_slideshow_enabled\":\"1\",\"withdrawal_details\":\"IBAN: HR43 2340009 3207462177<br\\/>\\r\\nSWIFT: PBZGHR2X\",\"booking_fee\":\"10\",\"template\":\"bootstrap2-responsive\",\"tracking\":\"<script type=\\\"text\\/javascript\\\">  var _gaq = _gaq || [];  _gaq.push([\'_setAccount\', \'UA-683342-5\']);  _gaq.push([\'_trackPageview\']);  (function() {    var ga = document.createElement(\'script\'); ga.type = \'text\\/javascript\'; ga.async = true;    ga.src = (\'https:\' == document.location.protocol ? \'https:\\/\\/ssl\' : \'http:\\/\\/www\') + \'.google-analytics.com\\/ga.js\';    var s = document.getElementsByTagName(\'script\')[0]; s.parentNode.insertBefore(ga, s);  })();<\\/script>\",\"facebook\":\"<!-- AddThis Button BEGIN -->\\r\\n<div class=\\\"addthis_toolbox addthis_default_style addthis_32x32_style\\\">\\r\\n<a class=\\\"addthis_button_facebook\\\">\\r\\n    <div class=\\\"custom-icon at15t_facebook\\\"> <\\/div>\\r\\n<\\/a>\\r\\n<a class=\\\"addthis_button_twitter\\\">\\r\\n    <div class=\\\"custom-icon at15t_twitter\\\"> <\\/div>\\r\\n<\\/a>\\r\\n<a class=\\\"addthis_button_google_plusone_share\\\">\\r\\n    <div class=\\\"custom-icon at15t_google_plusone_share\\\"> <\\/div>\\r\\n<\\/a>\\r\\n<\\/div>\\r\\n<script type=\\\"text\\/javascript\\\">var addthis_config = {\\\"data_track_addressbar\\\":false};<\\/script>\\r\\n<script type=\\\"text\\/javascript\\\" src=\\\"\\/\\/s7.addthis.com\\/js\\/300\\/addthis_widget.js#pubid=sandiwinter\\\"><\\/script>\\r\\n<!-- AddThis Button END -->\",\"facebook_top\":\"<!-- Go to www.addthis.com\\/dashboard to customize your tools -->\\r\\n<div class=\\\"addthis_sharing_toolbox\\\"><\\/div>\",\"facebook_jsdk\":\"<div id=\\\"fb-root\\\"><\\/div>\\r\\n<script>(function(d, s, id) {\\r\\n  var js, fjs = d.getElementsByTagName(s)[0];\\r\\n  if (d.getElementById(id)) return;\\r\\n  js = d.createElement(s); js.id = id;\\r\\n  js.src = \\\"\\/\\/connect.facebook.net\\/en_EN\\/sdk.js#xfbml=1&appId=349715428511591&version=v2.0\\\";\\r\\n  fjs.parentNode.insertBefore(js, fjs);\\r\\n}(document, \'script\', \'facebook-jssdk\'));<\\/script>\",\"facebook_comments\":\"<div class=\\\"fb-comments\\\" data-href=\\\"http:\\/\\/example.com\\/comments\\\" data-width=\\\"100%\\\" data-numposts=\\\"5\\\" data-colorscheme=\\\"light\\\"><\\/div>\",\"useful_links\":\"<ul class=\\\"menu nav\\\">\\r\\n                            <li class=\\\"first leaf\\\"><a href=\\\"#\\\">404 page<\\/a><\\/li>\\r\\n                            <li class=\\\"leaf\\\"><a href=\\\"#\\\">About us<\\/a><\\/li>\\r\\n                            <li class=\\\"leaf\\\"><a href=\\\"#\\\">Contact us<\\/a><\\/li>\\r\\n                            <li class=\\\"leaf\\\"><a href=\\\"#\\\">FAQ<\\/a><\\/li>\\r\\n                            <li class=\\\"leaf\\\"><a href=\\\"#\\\">Grid system<\\/a><\\/li>\\r\\n                            <li class=\\\"leaf\\\"><a href=\\\"#\\\">Our agents<\\/a><\\/li>\\r\\n                            <li class=\\\"last leaf\\\"><a href=\\\"#\\\">Typography<\\/a><\\/li>\\r\\n                        <\\/ul>\",\"website_logo\":\"284\",\"website_favicon\":\"308\",\"watermark_img\":\"309\",\"search_background\":\"285\",\"color\":\"\",\"design_parameters\":\"\",\"css_variant\":\"\"},\"price\":\"20.00\",\"user\":{\"id\":\"18\",\"username\":\"user\",\"password\":\"f341be9a30\",\"name_surname\":\"Test user\",\"address\":\"Cyro trento 23\",\"description\":\"My description 2\",\"phone\":\"+385959055516\",\"phone2\":\"0\",\"mail\":\"sanljiljan@geniuscript.com\",\"last_login\":\"2016-10-02 11:44:13\",\"registration_date\":\"2014-01-26 12:23:26\",\"type\":\"USER\",\"language\":\"english\",\"repository_id\":\"196\",\"activated\":\"1\",\"qa_id\":\"0\",\"package_id\":\"3\",\"package_last_payment\":\"2016-05-23 14:57:49\",\"facebook_id\":\"\",\"mail_verified\":\"0\",\"phone_verified\":\"0\",\"image_user_filename\":null,\"image_agency_filename\":null,\"company_name\":\"My real estate ltd\",\"zip_city\":\"21000\",\"prename_name\":\"Prename\",\"vat_number\":\"0945621378\",\"facebook_link\":\"\",\"gplus_link\":\"\",\"youtube_link\":\"\",\"twitter_link\":\"\",\"linkedin_link\":\"\",\"county_affiliate_values\":\"0\",\"embed_video_code\":\"\",\"payment_details\":\"\",\"custom_fields\":\"{\\\"cinput_1\\\":\\\"aa\\\",\\\"cinput_2\\\":\\\"bbbc\\\",\\\"cinput_3\\\":\\\"1\\\"}\",\"research_sms_notifications\":\"0\",\"research_mail_notifications\":\"1\",\"last_edit_ip\":\"::1\"},\"lang_code\":\"en\",\"invoice_num\":\"3_PAC_18_20.00_0\",\"description\":\"Package 3\",\"reference_id\":\"3\",\"reference_code\":\"PAC\",\"currency_code\":\"USD\"}'),(19,'3_PAC_18_20.00_0','2016-11-13 17:06:19',18,'Package 3',3,0,20.00,'USD',1,0,1,'{\"settings\":{\"rating_enabled\":\"1\",\"address\":\"Ilica 345, HR-10000 Zagreb 1\",\"websitetitle\":\"Real estate point\",\"gps\":\"45.81308594833956, 15.966937947021506\",\"map_center\":\"0\",\"email\":\"info@my-website.com\",\"email_alert\":\"1\",\"phone\":\"+385 (0)1 123 321\",\"fax\":\"+385 (0)1 123 322\",\"address_footer\":\"<b>Estate<\\/b>Point<br \\/>\\r\\nReal estate agency from Croatia<br \\/>\\r\\nIlica 345<br \\/>\\r\\nHR-10000 Zagreb\",\"custom_fields_code\":\"{  \\\"PRIMARY\\\": {  \\\"1\\\":{\\\"type\\\":\\\"INPUTBOX\\\" ,\\\"type\\\":\\\"INPUTBOX\\\" ,\\\"rel\\\":\\\"1\\\" ,\\\"style\\\":\\\"\\\" ,\\\"class\\\":\\\"\\\" ,\\\"label_1\\\":\\\"a_english\\\" ,\\\"values_1\\\":\\\"\\\" ,\\\"label_2\\\":\\\"a_cro\\\" ,\\\"values_2\\\":\\\"\\\"} ,\\\"2\\\":{\\\"type\\\":\\\"TEXTAREA\\\" ,\\\"type\\\":\\\"TEXTAREA\\\" ,\\\"rel\\\":\\\"2\\\" ,\\\"style\\\":\\\"\\\" ,\\\"class\\\":\\\"\\\" ,\\\"label_1\\\":\\\"b_english\\\" ,\\\"values_1\\\":\\\"\\\" ,\\\"label_2\\\":\\\"b_cro\\\" ,\\\"values_2\\\":\\\"\\\"} ,\\\"3\\\":{\\\"type\\\":\\\"CHECKBOX\\\" ,\\\"rel\\\":\\\"3\\\" ,\\\"style\\\":\\\"\\\" ,\\\"class\\\":\\\"\\\" ,\\\"label_1\\\":\\\"check_en\\\" ,\\\"values_1\\\":\\\"\\\" ,\\\"label_2\\\":\\\"check_cro\\\" ,\\\"values_2\\\":\\\"\\\"} } }\",\"noreply\":\"noreply@loggingforest.com\",\"zoom\":\"8\",\"paypal_email\":\"sandi.winter@gmail.com\",\"payments_enabled\":\"1\",\"walkscore_enabled\":\"1\",\"property_subm_disabled\":\"0\",\"maps_api_key\":\"AIzaSyB0lxCRSHcNPBu5hq3wsmY1KhcBq5Tlwi8\",\"listing_expiry_days\":\"0\",\"activation_price\":\"5\",\"featured_price\":\"10\",\"default_currency\":\"USD\",\"authorize_api_login_id\":\"\",\"authorize_api_hash_secret\":\"\",\"authorize_api_transaction_key\":\"\",\"payu_api_pos_id\":\"145227\",\"payu_api_key_1\":\"855d965e9d74eba29060e76fbbbe02b3\",\"payu_api_key_2\":\"13a980d4f851f3d9a1cfc792fb1f5e50\",\"payu_api_auth_key\":\"JaeyELi\",\"adsense728_90\":\"<script async src=\\\"\\/\\/pagead2.googlesyndication.com\\/pagead\\/js\\/adsbygoogle.js\\\"><\\/script>\\r\\n<!-- Real estate responsive -->\\r\\n<ins class=\\\"adsbygoogle\\\"\\r\\n     style=\\\"display:block\\\"\\r\\n     data-ad-client=\\\"ca-pub-6994200887384132\\\"\\r\\n     data-ad-slot=\\\"6454101571\\\"\\r\\n     data-ad-format=\\\"auto\\\"><\\/ins>\\r\\n<script>\\r\\n(adsbygoogle = window.adsbygoogle || []).push({});\\r\\n<\\/script>\",\"adsense160_600\":\"<script async src=\\\"\\/\\/pagead2.googlesyndication.com\\/pagead\\/js\\/adsbygoogle.js\\\"><\\/script>\\r\\n<!-- Real estate right -->\\r\\n<ins class=\\\"adsbygoogle\\\"\\r\\n     style=\\\"display:inline-block;width:160px;height:600px\\\"\\r\\n     data-ad-client=\\\"ca-pub-6994200887384132\\\"\\r\\n     data-ad-slot=\\\"7090863570\\\"><\\/ins>\\r\\n<script>\\r\\n(adsbygoogle = window.adsbygoogle || []).push({});\\r\\n<\\/script>\",\"reviews_enabled\":\"1\",\"reviews_public_visible_enabled\":\"1\",\"showroom_slideshow_enabled\":\"1\",\"withdrawal_details\":\"IBAN: HR43 2340009 3207462177<br\\/>\\r\\nSWIFT: PBZGHR2X\",\"booking_fee\":\"10\",\"page_offline\":\"0\",\"page_offline_message\":\"Page is currently offline\",\"template\":\"bootstrap2-responsive\",\"tracking\":\"<script type=\\\"text\\/javascript\\\">  var _gaq = _gaq || [];  _gaq.push([\'_setAccount\', \'UA-683342-5\']);  _gaq.push([\'_trackPageview\']);  (function() {    var ga = document.createElement(\'script\'); ga.type = \'text\\/javascript\'; ga.async = true;    ga.src = (\'https:\' == document.location.protocol ? \'https:\\/\\/ssl\' : \'http:\\/\\/www\') + \'.google-analytics.com\\/ga.js\';    var s = document.getElementsByTagName(\'script\')[0]; s.parentNode.insertBefore(ga, s);  })();<\\/script>\",\"facebook\":\"<!-- AddThis Button BEGIN -->\\r\\n<div class=\\\"addthis_toolbox addthis_default_style addthis_32x32_style\\\">\\r\\n<a class=\\\"addthis_button_facebook\\\">\\r\\n    <div class=\\\"custom-icon at15t_facebook\\\"> <\\/div>\\r\\n<\\/a>\\r\\n<a class=\\\"addthis_button_twitter\\\">\\r\\n    <div class=\\\"custom-icon at15t_twitter\\\"> <\\/div>\\r\\n<\\/a>\\r\\n<a class=\\\"addthis_button_google_plusone_share\\\">\\r\\n    <div class=\\\"custom-icon at15t_google_plusone_share\\\"> <\\/div>\\r\\n<\\/a>\\r\\n<\\/div>\\r\\n<script type=\\\"text\\/javascript\\\">var addthis_config = {\\\"data_track_addressbar\\\":false};<\\/script>\\r\\n<script type=\\\"text\\/javascript\\\" src=\\\"\\/\\/s7.addthis.com\\/js\\/300\\/addthis_widget.js#pubid=sandiwinter\\\"><\\/script>\\r\\n<!-- AddThis Button END -->\",\"facebook_top\":\"<!-- Go to www.addthis.com\\/dashboard to customize your tools -->\\r\\n<div class=\\\"addthis_sharing_toolbox\\\"><\\/div>\",\"facebook_jsdk\":\"<div id=\\\"fb-root\\\"><\\/div>\\r\\n<script>(function(d, s, id) {\\r\\n  var js, fjs = d.getElementsByTagName(s)[0];\\r\\n  if (d.getElementById(id)) return;\\r\\n  js = d.createElement(s); js.id = id;\\r\\n  js.src = \\\"\\/\\/connect.facebook.net\\/en_EN\\/all.js#xfbml=1&appId=349715428511591&version=v2.0\\\";\\r\\n  fjs.parentNode.insertBefore(js, fjs);\\r\\n}(document, \'script\', \'facebook-jssdk\'));<\\/script>\",\"facebook_comments\":\"<div class=\\\"fb-comments\\\" data-href=\\\"http:\\/\\/example.com\\/comments\\\" data-width=\\\"100%\\\" data-numposts=\\\"5\\\" data-colorscheme=\\\"light\\\"><\\/div>\",\"useful_links\":\"<ul class=\\\"menu nav\\\">\\r\\n                            <li class=\\\"first leaf\\\"><a href=\\\"#\\\">404 page<\\/a><\\/li>\\r\\n                            <li class=\\\"leaf\\\"><a href=\\\"#\\\">About us<\\/a><\\/li>\\r\\n                            <li class=\\\"leaf\\\"><a href=\\\"#\\\">Contact us<\\/a><\\/li>\\r\\n                            <li class=\\\"leaf\\\"><a href=\\\"#\\\">FAQ<\\/a><\\/li>\\r\\n                            <li class=\\\"leaf\\\"><a href=\\\"#\\\">Grid system<\\/a><\\/li>\\r\\n                            <li class=\\\"leaf\\\"><a href=\\\"#\\\">Our agents<\\/a><\\/li>\\r\\n                            <li class=\\\"last leaf\\\"><a href=\\\"#\\\">Typography<\\/a><\\/li>\\r\\n                        <\\/ul>\",\"website_logo\":\"284\",\"website_favicon\":\"308\",\"watermark_img\":\"309\",\"search_background\":\"285\",\"color\":\"\",\"design_parameters\":\"\",\"css_variant\":\"\"},\"price\":\"20.00\",\"user\":{\"id\":\"18\",\"username\":\"user\",\"password\":\"f341be9a30\",\"name_surname\":\"Test user\",\"address\":\"Cyro trento 23\",\"description\":\"My description 2\",\"phone\":\"+385959055516\",\"phone2\":\"0\",\"mail\":\"sanljiljan@geniuscript.com\",\"last_login\":\"2016-11-13 17:06:05\",\"registration_date\":\"2014-01-26 12:23:26\",\"type\":\"USER\",\"language\":\"english\",\"repository_id\":\"196\",\"activated\":\"1\",\"qa_id\":\"0\",\"package_id\":\"3\",\"package_last_payment\":\"2016-11-01 10:44:34\",\"facebook_id\":\"\",\"mail_verified\":\"0\",\"phone_verified\":\"0\",\"image_user_filename\":null,\"image_agency_filename\":null,\"company_name\":\"My real estate ltd\",\"zip_city\":\"21000\",\"prename_name\":\"Prename\",\"vat_number\":\"0945621378\",\"facebook_link\":\"\",\"gplus_link\":\"\",\"youtube_link\":\"\",\"twitter_link\":\"\",\"linkedin_link\":\"\",\"county_affiliate_values\":\"0\",\"embed_video_code\":\"\",\"payment_details\":\"\",\"custom_fields\":\"{\\\"cinput_1\\\":\\\"aa\\\",\\\"cinput_2\\\":\\\"bbbc\\\",\\\"cinput_3\\\":\\\"1\\\"}\",\"research_sms_notifications\":\"0\",\"research_mail_notifications\":\"1\",\"last_edit_ip\":\"::1\"},\"lang_code\":\"en\",\"invoice_num\":\"3_PAC_18_20.00_0\",\"description\":\"Package 3\",\"reference_id\":\"3\",\"reference_code\":\"PAC\",\"currency_code\":\"USD\"}');

--
-- Table structure for table `language`
--

CREATE TABLE `language` (
  `id` int(11) NOT NULL AUTO_INCREMENT,
  `code` varchar(45) COLLATE utf8_unicode_ci DEFAULT NULL,
  `language` varchar(45) COLLATE utf8_unicode_ci DEFAULT NULL,
  `is_default` tinyint(1) DEFAULT '0',
  `is_locked` tinyint(1) DEFAULT '0',
  `is_frontend` tinyint(1) DEFAULT '1',
  `is_rtl` tinyint(1) DEFAULT '0',
  `currency_default` varchar(10) COLLATE utf8_unicode_ci DEFAULT 'USD',
  `domain` varchar(100) COLLATE utf8_unicode_ci DEFAULT '',
  `is_hidden_submission` tinyint(1) DEFAULT '0',
  `facebook_lang_code` varchar(32) COLLATE utf8_unicode_ci DEFAULT NULL,
  PRIMARY KEY (`id`),
  UNIQUE KEY `code_UNIQUE` (`code`)
) ENGINE=InnoDB AUTO_INCREMENT=3 DEFAULT CHARSET=utf8 COLLATE=utf8_unicode_ci;

--
-- Dumping data for table `language`
--

INSERT INTO `language` VALUES (1,'en','english',1,1,1,0,'USD','',0,''),(2,'hr','croatian',0,0,1,0,'EUR','',1,'hr_HR');

--
-- Table structure for table `map_report`
--

CREATE TABLE `map_report` (
  `id_mapreport` int(11) NOT NULL AUTO_INCREMENT,
  `lat` decimal(9,6) DEFAULT NULL,
  `lng` decimal(9,6) DEFAULT NULL,
  `address` varchar(160) COLLATE utf8_unicode_ci DEFAULT NULL,
  `outcome` varchar(45) COLLATE utf8_unicode_ci DEFAULT NULL COMMENT 'NOT_SOLD,SOLD\n',
  `price` int(11) DEFAULT NULL,
  `area` int(11) DEFAULT NULL,
  `date_removed` datetime DEFAULT NULL,
  `date_submited` varchar(45) COLLATE utf8_unicode_ci DEFAULT NULL,
  `purpose` varchar(45) COLLATE utf8_unicode_ci DEFAULT NULL,
  `type` varchar(45) COLLATE utf8_unicode_ci DEFAULT NULL,
  `property_json` text COLLATE utf8_unicode_ci COMMENT 'complete json details in english or default language',
  `id_old` int(11) DEFAULT NULL,
  `user_id_remover` int(11) DEFAULT NULL,
  `user_id_agent` int(11) DEFAULT NULL,
  PRIMARY KEY (`id_mapreport`)
) ENGINE=InnoDB AUTO_INCREMENT=7 DEFAULT CHARSET=utf8 COLLATE=utf8_unicode_ci;

--
-- Dumping data for table `map_report`
--

INSERT INTO `map_report` VALUES (1,46.378570,16.079735,'Veliki lovrečan','NOT_SOLD',150,60,'2014-03-18 22:16:28','2014-03-07 20:12:14','Sale','House','{\"id\":\"29\",\"gps\":\"46.3785703, 16.0797348\",\"lat\":\"46.378570\",\"lng\":\"16.079735\",\"date\":\"2014-03-07 20:12:14\",\"date_modified\":\"2014-12-28 18:59:23\",\"address\":\"Veliki lovre\\u010dan\",\"type\":null,\"repository_id\":\"195\",\"is_featured\":\"0\",\"search_values\":\"id: 29Veliki lovre\\u010dan My property new house   Sale House Vara\\u017edinska Cestica   50-100m2 60 D 2 2 5    Agent  50 20 SKIP_ON_EMPTY   SKIP_ON_EMPTY       trueAir conditioning trueCable TV  trueBalcony        700 700    Moja nekretnina novo house   Prodaja Ku\\u0107a Vara\\u017edinska Cestica   50-100m2 60 D 2 2 5    Agent    SKIP_ON_EMPTY   SKIP_ON_EMPTY       trueKlimatizacija trueKabelska TV  trueBalkon        700 700   \",\"is_activated\":\"0\",\"activation_paid_date\":null,\"featured_paid_date\":null,\"counter_views\":\"0\",\"image_filename\":null,\"image_repository\":null,\"option10_1\":\"My property\",\"option8_1\":\"Lorem ipsum dolor sit amet, consectetur adipiscing elit. Sed vulputate \\r\\nnec neque gravida rhoncus. Donec sit amet blandit mauris, sed bibendum \\r\\nrisus.\",\"option17_1\":\"<p>\\r\\nLorem ipsum dolor sit amet, consectetur adipiscing elit. Sed vulputate \\r\\nnec neque gravida rhoncus. Donec sit amet blandit mauris, sed bibendum \\r\\nrisus. Cras ut urna semper, facilisis augue sed, imperdiet nulla. Duis \\r\\ntristique tellus tortor, dapibus gravida sem sodales id. Nullam quis \\r\\nconvallis libero, vitae pulvinar nisi.<\\/p><p><span style=\\\"font-weight: bold;\\\">Nam eget est facilisis, porta mi \\r\\nac, ultricies enim. Proin nisi diam, eleifend ac eleifend in, dapibus in\\r\\n orci. Vestibulum elementum lectus non nisl venenatis, tempus molestie \\r\\nnisi tempus. Pellentesque facilisis nibh nec purus blandit, id aliquam \\r\\nlorem fermentum.\\r\\n<\\/span><\\/p>\\r\\n<p>\\r\\n<span style=\\\"font-style: italic;\\\">Ut erat lacus, sagittis ac leo eu, molestie mattis libero. Nam sit amet \\r\\nmassa et magna porttitor eleifend a aliquam nunc. Pellentesque a est a \\r\\naugue dignissim tristique eu nec augue. Integer pretium sollicitudin \\r\\ntellus, quis hendrerit nunc accumsan et. Fusce bibendum a neque vel \\r\\nfringilla. Vivamus viverra enim at purus gravida, in elementum neque \\r\\neleifend. Curabitur sodales dapibus urna, at mattis lacus eleifend non. \\r\\nDonec ultricies porta orci eu congue. Nulla sodales arcu a libero \\r\\naliquet, nec aliquam ante sagittis.<\\/span><\\/p>\",\"option38_1\":\"new\",\"option6_1\":\"house\",\"option56_1\":\"\",\"option1_1\":\"0\",\"option4_1\":\"Sale\",\"option2_1\":\"House\",\"option5_1\":\"Vara\\u017edinska\",\"option7_1\":\"Cestica\",\"option40_1\":\"\",\"option64_1\":\"\",\"option3_1\":\"50-100m2\",\"option57_1\":\"60\",\"option39_1\":\"D\",\"option19_1\":\"2\",\"option20_1\":\"2\",\"option58_1\":\"5\",\"option36_1\":\"\",\"option55_1\":\"\",\"option37_1\":\"\",\"option54_1\":\"Agent\",\"option53_1\":\"\",\"option59_1\":\"50\",\"option60_1\":\"20\",\"option66_1\":\"0\",\"option67_1\":\"\",\"option68_1\":\"\",\"option69_1\":\"\",\"option70_1\":\"\",\"option71_1\":\"\",\"option72_1\":\"\",\"option73_1\":\"\",\"option21_1\":\"0\",\"option22_1\":\"true\",\"option23_1\":\"true\",\"option24_1\":\"0\",\"option25_1\":\"0\",\"option28_1\":\"0\",\"option29_1\":\"0\",\"option31_1\":\"0\",\"option52_1\":\"0\",\"option11_1\":\"true\",\"option30_1\":\"0\",\"option27_1\":\"0\",\"option33_1\":\"0\",\"option32_1\":\"0\",\"option43_1\":\"0\",\"option44_1\":\"\",\"option45_1\":\"\",\"option46_1\":\"\",\"option47_1\":\"\",\"option48_1\":\"\",\"option49_1\":\"\",\"option50_1\":\"700\",\"option51_1\":\"700\",\"option9_1\":\"0\",\"option12_1\":\"\",\"option42_1\":\"0\",\"option10_2\":\"Moja nekretnina\",\"option8_2\":\"Lorem ipsum dolor sit amet, consectetur adipiscing elit. Sed vulputate \\r\\nnec neque gravida rhoncus. Donec sit amet blandit mauris, sed bibendum \\r\\nrisus.\",\"option17_2\":\"<p>\\r\\nLorem ipsum dolor sit amet, consectetur adipiscing elit. Sed vulputate \\r\\nnec neque gravida rhoncus. Donec sit amet blandit mauris, sed bibendum \\r\\nrisus. Cras ut urna semper, facilisis augue sed, imperdiet nulla. Duis \\r\\ntristique tellus tortor, dapibus gravida sem sodales id. Nullam quis \\r\\nconvallis libero, vitae pulvinar nisi.<\\/p><p><span style=\\\"font-weight: bold;\\\">Nam eget est facilisis, porta mi \\r\\nac, ultricies enim. Proin nisi diam, eleifend ac eleifend in, dapibus in\\r\\n orci. Vestibulum elementum lectus non nisl venenatis, tempus molestie \\r\\nnisi tempus. Pellentesque facilisis nibh nec purus blandit, id aliquam \\r\\nlorem fermentum.\\r\\n<\\/span><\\/p>\\r\\n<p>\\r\\n<span style=\\\"font-style: italic;\\\">Ut erat lacus, sagittis ac leo eu, molestie mattis libero. Nam sit amet \\r\\nmassa et magna porttitor eleifend a aliquam nunc. Pellentesque a est a \\r\\naugue dignissim tristique eu nec augue. Integer pretium sollicitudin \\r\\ntellus, quis hendrerit nunc accumsan et. Fusce bibendum a neque vel \\r\\nfringilla. Vivamus viverra enim at purus gravida, in elementum neque \\r\\neleifend. Curabitur sodales dapibus urna, at mattis lacus eleifend non. \\r\\nDonec ultricies porta orci eu congue. Nulla sodales arcu a libero \\r\\naliquet, nec aliquam ante sagittis.<\\/span><\\/p>\",\"option38_2\":\"novo\",\"option6_2\":\"house\",\"option56_2\":\"\",\"option1_2\":\"0\",\"option4_2\":\"Prodaja\",\"option2_2\":\"Ku\\u0107a\",\"option5_2\":\"Vara\\u017edinska\",\"option7_2\":\"Cestica\",\"option40_2\":\"\",\"option64_2\":\"\",\"option3_2\":\"50-100m2\",\"option57_2\":\"60\",\"option39_2\":\"D\",\"option19_2\":\"2\",\"option20_2\":\"2\",\"option58_2\":\"5\",\"option36_2\":\"\",\"option55_2\":\"\",\"option37_2\":\"\",\"option54_2\":\"Agent\",\"option53_2\":\"\",\"option59_2\":\"\",\"option60_2\":\"\",\"option66_2\":\"0\",\"option67_2\":\"\",\"option68_2\":\"\",\"option69_2\":\"\",\"option70_2\":\"\",\"option71_2\":\"\",\"option72_2\":\"\",\"option73_2\":\"\",\"option21_2\":\"0\",\"option22_2\":\"true\",\"option23_2\":\"true\",\"option24_2\":\"0\",\"option25_2\":\"0\",\"option28_2\":\"0\",\"option29_2\":\"0\",\"option31_2\":\"0\",\"option52_2\":\"0\",\"option11_2\":\"true\",\"option30_2\":\"0\",\"option27_2\":\"0\",\"option33_2\":\"0\",\"option32_2\":\"0\",\"option43_2\":\"0\",\"option44_2\":\"\",\"option45_2\":\"\",\"option46_2\":\"\",\"option47_2\":\"\",\"option48_2\":\"\",\"option49_2\":\"\",\"option50_2\":\"700\",\"option51_2\":\"700\",\"option9_2\":\"0\",\"option12_2\":\"\",\"option42_2\":\"0\",\"agent\":\"18\",\"slug_1\":\"\",\"slug_2\":\"\"}',NULL,NULL,NULL),(2,46.373121,16.127040,'Cestica','SOLD',100,40,'2014-03-18 22:17:28','2014-01-07 13:32:50','Rent','Apartment','{\"id\":\"30\",\"gps\":\"46.3731205, 16.1270403\",\"lat\":\"46.373121\",\"lng\":\"16.127040\",\"date\":\"2015-01-07 13:32:50\",\"date_modified\":\"2015-02-22 15:04:06\",\"address\":\"Cestica\",\"type\":null,\"repository_id\":\"197\",\"is_featured\":\"0\",\"search_values\":\"id: 30Cestica Bjelovar estate empty apartment   Rent Apartment Bjelovarska Bjelovar  Less than 50m2 40 - 3 3 7 90,000.00   Agent - 70 20 262 Manitoba - Winnipeg -  FieldGate properties 264 1234567890 http:\\/\\/www.google.com http:\\/\\/www.facebook.com http:\\/\\/www.twitter.com 0-24  trueAir conditioning trueComputer trueHeating trueInternet trueMicrowave  trueBalcony trueGrill truePool trueParking  600 600 600 600        bjelovar-estate-1-en Bjelovar nekretnina empty apartment   Najam Stan Bjelovarska Bjelovar  Manje od 50m2 40 - 3 3 7 90,000.00   Agent - 70 20 263 Manitoba - Winnipeg -  FieldGate properties 2 265 1234567890 http:\\/\\/www.google.com http:\\/\\/www.facebook.com http:\\/\\/www.twitter.com 0-24  trueKlimatizacija trueRa\\u010dunalo trueGrijanje trueInternet trueMikrovalna  trueBalkon trueRo\\u0161tilj trueBazen trueParking  600 600 600 600        bjelovar-nekretnina\",\"is_activated\":\"1\",\"activation_paid_date\":null,\"featured_paid_date\":null,\"counter_views\":\"197\",\"image_filename\":\"431262903_9d77804a5b_o (1).jpg\",\"image_repository\":\"[\\\"431262903_9d77804a5b_o (1).jpg\\\",\\\"431267985_286ac5c8cd_o (1).jpg\\\"]\",\"option10_1\":\"Bjelovar estate\",\"option8_1\":\"Lorem ipsum dolor sit amet, consectetur adipiscing elit. Sed vulputate \\r\\nnec neque gravida rhoncus. Donec sit amet blandit mauris, sed bibendum \\r\\nrisus.\",\"option17_1\":\"<p>\\r\\nLorem ipsum dolor sit amet, consectetur adipiscing elit. Sed vulputate \\r\\nnec neque gravida rhoncus. Donec sit amet blandit mauris, sed bibendum \\r\\nrisus. Cras ut urna semper, facilisis augue sed, imperdiet nulla. Duis \\r\\ntristique tellus tortor, dapibus gravida sem sodales id. Nullam quis \\r\\nconvallis libero, vitae pulvinar nisi.<\\/p><p><span style=\\\"font-weight: bold;\\\">Nam eget est facilisis, porta mi \\r\\nac, ultricies enim. Proin nisi diam, eleifend ac eleifend in, dapibus in\\r\\n orci. Vestibulum elementum lectus non nisl venenatis, tempus molestie \\r\\nnisi tempus. Pellentesque facilisis nibh nec purus blandit, id aliquam \\r\\nlorem fermentum.\\r\\n<\\/span><\\/p>\\r\\n<p>\\r\\n<span style=\\\"font-style: italic;\\\">Ut erat lacus, sagittis ac leo eu, molestie mattis libero. Nam sit amet \\r\\nmassa et magna porttitor eleifend a aliquam nunc. Pellentesque a est a \\r\\naugue dignissim tristique eu nec augue. Integer pretium sollicitudin \\r\\ntellus, quis hendrerit nunc accumsan et. Fusce bibendum a neque vel \\r\\nfringilla. Vivamus viverra enim at purus gravida, in elementum neque \\r\\neleifend. Curabitur sodales dapibus urna, at mattis lacus eleifend non. \\r\\nDonec ultricies porta orci eu congue. Nulla sodales arcu a libero \\r\\naliquet, nec aliquam ante sagittis.<\\/span><\\/p>\",\"option38_1\":\"empty\",\"option6_1\":\"apartment\",\"option56_1\":\"\",\"option1_1\":\"0\",\"option4_1\":\"Rent\",\"option2_1\":\"Apartment\",\"option5_1\":\"Bjelovarska\",\"option7_1\":\"Bjelovar\",\"option40_1\":\"\",\"option3_1\":\"Less than 50m2\",\"option57_1\":\"40\",\"option39_1\":\"-\",\"option19_1\":\"3\",\"option20_1\":\"3\",\"option58_1\":\"7\",\"option36_1\":\"90,000.00\",\"option55_1\":\"\",\"option37_1\":\"\",\"option54_1\":\"Agent\",\"option53_1\":\"-\",\"option59_1\":\"70\",\"option60_1\":\"20\",\"option65_1\":\"262\",\"option64_1\":\"Manitoba - Winnipeg -\",\"option66_1\":\"0\",\"option67_1\":\"FieldGate properties\",\"option74_1\":\"264\",\"option68_1\":\"1234567890\",\"option69_1\":\"http:\\/\\/www.google.com\",\"option70_1\":\"http:\\/\\/www.facebook.com\",\"option71_1\":\"http:\\/\\/www.twitter.com\",\"option72_1\":\"345 Dixon Road\\r\\nToronto Ontario M9R 15G\\r\\n(Dixon &amp; Kipling)\",\"option73_1\":\"0-24\",\"option21_1\":\"0\",\"option22_1\":\"true\",\"option23_1\":\"0\",\"option24_1\":\"true\",\"option25_1\":\"0\",\"option28_1\":\"true\",\"option29_1\":\"true\",\"option31_1\":\"true\",\"option52_1\":\"0\",\"option11_1\":\"true\",\"option30_1\":\"0\",\"option27_1\":\"true\",\"option33_1\":\"true\",\"option32_1\":\"true\",\"option43_1\":\"0\",\"option44_1\":\"600\",\"option45_1\":\"600\",\"option46_1\":\"600\",\"option47_1\":\"600\",\"option48_1\":\"\",\"option49_1\":\"\",\"option50_1\":\"\",\"option51_1\":\"\",\"option9_1\":\"0\",\"option12_1\":\"\",\"option42_1\":\"0\",\"option10_2\":\"Bjelovar nekretnina\",\"option8_2\":\"Lorem ipsum dolor sit amet, consectetur adipiscing elit. Sed vulputate \\r\\nnec neque gravida rhoncus. Donec sit amet blandit mauris, sed bibendum \\r\\nrisus.\",\"option17_2\":\"<p>\\r\\nLorem ipsum dolor sit amet, consectetur adipiscing elit. Sed vulputate \\r\\nnec neque gravida rhoncus. Donec sit amet blandit mauris, sed bibendum \\r\\nrisus. Cras ut urna semper, facilisis augue sed, imperdiet nulla. Duis \\r\\ntristique tellus tortor, dapibus gravida sem sodales id. Nullam quis \\r\\nconvallis libero, vitae pulvinar nisi.<\\/p><p><span style=\\\"font-weight: bold;\\\">Nam eget est facilisis, porta mi \\r\\nac, ultricies enim. Proin nisi diam, eleifend ac eleifend in, dapibus in\\r\\n orci. Vestibulum elementum lectus non nisl venenatis, tempus molestie \\r\\nnisi tempus. Pellentesque facilisis nibh nec purus blandit, id aliquam \\r\\nlorem fermentum.\\r\\n<\\/span><\\/p>\\r\\n<p>\\r\\n<span style=\\\"font-style: italic;\\\">Ut erat lacus, sagittis ac leo eu, molestie mattis libero. Nam sit amet \\r\\nmassa et magna porttitor eleifend a aliquam nunc. Pellentesque a est a \\r\\naugue dignissim tristique eu nec augue. Integer pretium sollicitudin \\r\\ntellus, quis hendrerit nunc accumsan et. Fusce bibendum a neque vel \\r\\nfringilla. Vivamus viverra enim at purus gravida, in elementum neque \\r\\neleifend. Curabitur sodales dapibus urna, at mattis lacus eleifend non. \\r\\nDonec ultricies porta orci eu congue. Nulla sodales arcu a libero \\r\\naliquet, nec aliquam ante sagittis.<\\/span><\\/p>\",\"option38_2\":\"empty\",\"option6_2\":\"apartment\",\"option56_2\":\"\",\"option1_2\":\"0\",\"option4_2\":\"Najam\",\"option2_2\":\"Stan\",\"option5_2\":\"Bjelovarska\",\"option7_2\":\"Bjelovar\",\"option40_2\":\"\",\"option3_2\":\"Manje od 50m2\",\"option57_2\":\"40\",\"option39_2\":\"-\",\"option19_2\":\"3\",\"option20_2\":\"3\",\"option58_2\":\"7\",\"option36_2\":\"90,000.00\",\"option55_2\":\"\",\"option37_2\":\"\",\"option54_2\":\"Agent\",\"option53_2\":\"-\",\"option59_2\":\"70\",\"option60_2\":\"20\",\"option65_2\":\"263\",\"option64_2\":\"Manitoba - Winnipeg -\",\"option66_2\":\"0\",\"option67_2\":\"FieldGate properties 2\",\"option74_2\":\"265\",\"option68_2\":\"1234567890\",\"option69_2\":\"http:\\/\\/www.google.com\",\"option70_2\":\"http:\\/\\/www.facebook.com\",\"option71_2\":\"http:\\/\\/www.twitter.com\",\"option72_2\":\"My company description<br>\",\"option73_2\":\"0-24\",\"option21_2\":\"0\",\"option22_2\":\"true\",\"option23_2\":\"0\",\"option24_2\":\"true\",\"option25_2\":\"0\",\"option28_2\":\"true\",\"option29_2\":\"true\",\"option31_2\":\"true\",\"option52_2\":\"0\",\"option11_2\":\"true\",\"option30_2\":\"0\",\"option27_2\":\"true\",\"option33_2\":\"true\",\"option32_2\":\"true\",\"option43_2\":\"0\",\"option44_2\":\"600\",\"option45_2\":\"600\",\"option46_2\":\"600\",\"option47_2\":\"600\",\"option48_2\":\"\",\"option49_2\":\"\",\"option50_2\":\"\",\"option51_2\":\"\",\"option9_2\":\"0\",\"option12_2\":\"\",\"option42_2\":\"0\",\"agent\":\"18\",\"slug_1\":\"bjelovar-estate-1-en\",\"slug_2\":\"bjelovar-nekretnina\"}',NULL,NULL,NULL),(3,46.378570,16.079735,'Veliki lovrečan','SOLD',200,60,'2015-03-18 22:17:35','2014-03-07 20:12:14','Sale','House','{\"id\":\"29\",\"gps\":\"46.3785703, 16.0797348\",\"lat\":\"46.378570\",\"lng\":\"16.079735\",\"date\":\"2014-03-07 20:12:14\",\"date_modified\":\"2014-12-28 18:59:23\",\"address\":\"Veliki lovre\\u010dan\",\"type\":null,\"repository_id\":\"195\",\"is_featured\":\"0\",\"search_values\":\"id: 29Veliki lovre\\u010dan My property new house   Sale House Vara\\u017edinska Cestica   50-100m2 60 D 2 2 5    Agent  50 20 SKIP_ON_EMPTY   SKIP_ON_EMPTY       trueAir conditioning trueCable TV  trueBalcony        700 700    Moja nekretnina novo house   Prodaja Ku\\u0107a Vara\\u017edinska Cestica   50-100m2 60 D 2 2 5    Agent    SKIP_ON_EMPTY   SKIP_ON_EMPTY       trueKlimatizacija trueKabelska TV  trueBalkon        700 700   \",\"is_activated\":\"0\",\"activation_paid_date\":null,\"featured_paid_date\":null,\"counter_views\":\"0\",\"image_filename\":null,\"image_repository\":null,\"option10_1\":\"My property\",\"option8_1\":\"Lorem ipsum dolor sit amet, consectetur adipiscing elit. Sed vulputate \\r\\nnec neque gravida rhoncus. Donec sit amet blandit mauris, sed bibendum \\r\\nrisus.\",\"option17_1\":\"<p>\\r\\nLorem ipsum dolor sit amet, consectetur adipiscing elit. Sed vulputate \\r\\nnec neque gravida rhoncus. Donec sit amet blandit mauris, sed bibendum \\r\\nrisus. Cras ut urna semper, facilisis augue sed, imperdiet nulla. Duis \\r\\ntristique tellus tortor, dapibus gravida sem sodales id. Nullam quis \\r\\nconvallis libero, vitae pulvinar nisi.<\\/p><p><span style=\\\"font-weight: bold;\\\">Nam eget est facilisis, porta mi \\r\\nac, ultricies enim. Proin nisi diam, eleifend ac eleifend in, dapibus in\\r\\n orci. Vestibulum elementum lectus non nisl venenatis, tempus molestie \\r\\nnisi tempus. Pellentesque facilisis nibh nec purus blandit, id aliquam \\r\\nlorem fermentum.\\r\\n<\\/span><\\/p>\\r\\n<p>\\r\\n<span style=\\\"font-style: italic;\\\">Ut erat lacus, sagittis ac leo eu, molestie mattis libero. Nam sit amet \\r\\nmassa et magna porttitor eleifend a aliquam nunc. Pellentesque a est a \\r\\naugue dignissim tristique eu nec augue. Integer pretium sollicitudin \\r\\ntellus, quis hendrerit nunc accumsan et. Fusce bibendum a neque vel \\r\\nfringilla. Vivamus viverra enim at purus gravida, in elementum neque \\r\\neleifend. Curabitur sodales dapibus urna, at mattis lacus eleifend non. \\r\\nDonec ultricies porta orci eu congue. Nulla sodales arcu a libero \\r\\naliquet, nec aliquam ante sagittis.<\\/span><\\/p>\",\"option38_1\":\"new\",\"option6_1\":\"house\",\"option56_1\":\"\",\"option1_1\":\"0\",\"option4_1\":\"Sale\",\"option2_1\":\"House\",\"option5_1\":\"Vara\\u017edinska\",\"option7_1\":\"Cestica\",\"option40_1\":\"\",\"option64_1\":\"\",\"option3_1\":\"50-100m2\",\"option57_1\":\"60\",\"option39_1\":\"D\",\"option19_1\":\"2\",\"option20_1\":\"2\",\"option58_1\":\"5\",\"option36_1\":\"\",\"option55_1\":\"\",\"option37_1\":\"\",\"option54_1\":\"Agent\",\"option53_1\":\"\",\"option59_1\":\"50\",\"option60_1\":\"20\",\"option66_1\":\"0\",\"option67_1\":\"\",\"option68_1\":\"\",\"option69_1\":\"\",\"option70_1\":\"\",\"option71_1\":\"\",\"option72_1\":\"\",\"option73_1\":\"\",\"option21_1\":\"0\",\"option22_1\":\"true\",\"option23_1\":\"true\",\"option24_1\":\"0\",\"option25_1\":\"0\",\"option28_1\":\"0\",\"option29_1\":\"0\",\"option31_1\":\"0\",\"option52_1\":\"0\",\"option11_1\":\"true\",\"option30_1\":\"0\",\"option27_1\":\"0\",\"option33_1\":\"0\",\"option32_1\":\"0\",\"option43_1\":\"0\",\"option44_1\":\"\",\"option45_1\":\"\",\"option46_1\":\"\",\"option47_1\":\"\",\"option48_1\":\"\",\"option49_1\":\"\",\"option50_1\":\"700\",\"option51_1\":\"700\",\"option9_1\":\"0\",\"option12_1\":\"\",\"option42_1\":\"0\",\"option10_2\":\"Moja nekretnina\",\"option8_2\":\"Lorem ipsum dolor sit amet, consectetur adipiscing elit. Sed vulputate \\r\\nnec neque gravida rhoncus. Donec sit amet blandit mauris, sed bibendum \\r\\nrisus.\",\"option17_2\":\"<p>\\r\\nLorem ipsum dolor sit amet, consectetur adipiscing elit. Sed vulputate \\r\\nnec neque gravida rhoncus. Donec sit amet blandit mauris, sed bibendum \\r\\nrisus. Cras ut urna semper, facilisis augue sed, imperdiet nulla. Duis \\r\\ntristique tellus tortor, dapibus gravida sem sodales id. Nullam quis \\r\\nconvallis libero, vitae pulvinar nisi.<\\/p><p><span style=\\\"font-weight: bold;\\\">Nam eget est facilisis, porta mi \\r\\nac, ultricies enim. Proin nisi diam, eleifend ac eleifend in, dapibus in\\r\\n orci. Vestibulum elementum lectus non nisl venenatis, tempus molestie \\r\\nnisi tempus. Pellentesque facilisis nibh nec purus blandit, id aliquam \\r\\nlorem fermentum.\\r\\n<\\/span><\\/p>\\r\\n<p>\\r\\n<span style=\\\"font-style: italic;\\\">Ut erat lacus, sagittis ac leo eu, molestie mattis libero. Nam sit amet \\r\\nmassa et magna porttitor eleifend a aliquam nunc. Pellentesque a est a \\r\\naugue dignissim tristique eu nec augue. Integer pretium sollicitudin \\r\\ntellus, quis hendrerit nunc accumsan et. Fusce bibendum a neque vel \\r\\nfringilla. Vivamus viverra enim at purus gravida, in elementum neque \\r\\neleifend. Curabitur sodales dapibus urna, at mattis lacus eleifend non. \\r\\nDonec ultricies porta orci eu congue. Nulla sodales arcu a libero \\r\\naliquet, nec aliquam ante sagittis.<\\/span><\\/p>\",\"option38_2\":\"novo\",\"option6_2\":\"house\",\"option56_2\":\"\",\"option1_2\":\"0\",\"option4_2\":\"Prodaja\",\"option2_2\":\"Ku\\u0107a\",\"option5_2\":\"Vara\\u017edinska\",\"option7_2\":\"Cestica\",\"option40_2\":\"\",\"option64_2\":\"\",\"option3_2\":\"50-100m2\",\"option57_2\":\"60\",\"option39_2\":\"D\",\"option19_2\":\"2\",\"option20_2\":\"2\",\"option58_2\":\"5\",\"option36_2\":\"\",\"option55_2\":\"\",\"option37_2\":\"\",\"option54_2\":\"Agent\",\"option53_2\":\"\",\"option59_2\":\"\",\"option60_2\":\"\",\"option66_2\":\"0\",\"option67_2\":\"\",\"option68_2\":\"\",\"option69_2\":\"\",\"option70_2\":\"\",\"option71_2\":\"\",\"option72_2\":\"\",\"option73_2\":\"\",\"option21_2\":\"0\",\"option22_2\":\"true\",\"option23_2\":\"true\",\"option24_2\":\"0\",\"option25_2\":\"0\",\"option28_2\":\"0\",\"option29_2\":\"0\",\"option31_2\":\"0\",\"option52_2\":\"0\",\"option11_2\":\"true\",\"option30_2\":\"0\",\"option27_2\":\"0\",\"option33_2\":\"0\",\"option32_2\":\"0\",\"option43_2\":\"0\",\"option44_2\":\"\",\"option45_2\":\"\",\"option46_2\":\"\",\"option47_2\":\"\",\"option48_2\":\"\",\"option49_2\":\"\",\"option50_2\":\"700\",\"option51_2\":\"700\",\"option9_2\":\"0\",\"option12_2\":\"\",\"option42_2\":\"0\",\"agent\":\"18\",\"slug_1\":\"\",\"slug_2\":\"\"}',NULL,NULL,NULL),(4,46.373121,16.127040,'Cestica','SOLD',300,40,'2015-03-18 22:17:42','2015-01-07 13:32:50','Rent','Apartment','{\"id\":\"30\",\"gps\":\"46.3731205, 16.1270403\",\"lat\":\"46.373121\",\"lng\":\"16.127040\",\"date\":\"2015-01-07 13:32:50\",\"date_modified\":\"2015-02-22 15:04:06\",\"address\":\"Cestica\",\"type\":null,\"repository_id\":\"197\",\"is_featured\":\"0\",\"search_values\":\"id: 30Cestica Bjelovar estate empty apartment   Rent Apartment Bjelovarska Bjelovar  Less than 50m2 40 - 3 3 7 90,000.00   Agent - 70 20 262 Manitoba - Winnipeg -  FieldGate properties 264 1234567890 http:\\/\\/www.google.com http:\\/\\/www.facebook.com http:\\/\\/www.twitter.com 0-24  trueAir conditioning trueComputer trueHeating trueInternet trueMicrowave  trueBalcony trueGrill truePool trueParking  600 600 600 600        bjelovar-estate-1-en Bjelovar nekretnina empty apartment   Najam Stan Bjelovarska Bjelovar  Manje od 50m2 40 - 3 3 7 90,000.00   Agent - 70 20 263 Manitoba - Winnipeg -  FieldGate properties 2 265 1234567890 http:\\/\\/www.google.com http:\\/\\/www.facebook.com http:\\/\\/www.twitter.com 0-24  trueKlimatizacija trueRa\\u010dunalo trueGrijanje trueInternet trueMikrovalna  trueBalkon trueRo\\u0161tilj trueBazen trueParking  600 600 600 600        bjelovar-nekretnina\",\"is_activated\":\"1\",\"activation_paid_date\":null,\"featured_paid_date\":null,\"counter_views\":\"197\",\"image_filename\":\"431262903_9d77804a5b_o (1).jpg\",\"image_repository\":\"[\\\"431262903_9d77804a5b_o (1).jpg\\\",\\\"431267985_286ac5c8cd_o (1).jpg\\\"]\",\"option10_1\":\"Bjelovar estate\",\"option8_1\":\"Lorem ipsum dolor sit amet, consectetur adipiscing elit. Sed vulputate \\r\\nnec neque gravida rhoncus. Donec sit amet blandit mauris, sed bibendum \\r\\nrisus.\",\"option17_1\":\"<p>\\r\\nLorem ipsum dolor sit amet, consectetur adipiscing elit. Sed vulputate \\r\\nnec neque gravida rhoncus. Donec sit amet blandit mauris, sed bibendum \\r\\nrisus. Cras ut urna semper, facilisis augue sed, imperdiet nulla. Duis \\r\\ntristique tellus tortor, dapibus gravida sem sodales id. Nullam quis \\r\\nconvallis libero, vitae pulvinar nisi.<\\/p><p><span style=\\\"font-weight: bold;\\\">Nam eget est facilisis, porta mi \\r\\nac, ultricies enim. Proin nisi diam, eleifend ac eleifend in, dapibus in\\r\\n orci. Vestibulum elementum lectus non nisl venenatis, tempus molestie \\r\\nnisi tempus. Pellentesque facilisis nibh nec purus blandit, id aliquam \\r\\nlorem fermentum.\\r\\n<\\/span><\\/p>\\r\\n<p>\\r\\n<span style=\\\"font-style: italic;\\\">Ut erat lacus, sagittis ac leo eu, molestie mattis libero. Nam sit amet \\r\\nmassa et magna porttitor eleifend a aliquam nunc. Pellentesque a est a \\r\\naugue dignissim tristique eu nec augue. Integer pretium sollicitudin \\r\\ntellus, quis hendrerit nunc accumsan et. Fusce bibendum a neque vel \\r\\nfringilla. Vivamus viverra enim at purus gravida, in elementum neque \\r\\neleifend. Curabitur sodales dapibus urna, at mattis lacus eleifend non. \\r\\nDonec ultricies porta orci eu congue. Nulla sodales arcu a libero \\r\\naliquet, nec aliquam ante sagittis.<\\/span><\\/p>\",\"option38_1\":\"empty\",\"option6_1\":\"apartment\",\"option56_1\":\"\",\"option1_1\":\"0\",\"option4_1\":\"Rent\",\"option2_1\":\"Apartment\",\"option5_1\":\"Bjelovarska\",\"option7_1\":\"Bjelovar\",\"option40_1\":\"\",\"option3_1\":\"Less than 50m2\",\"option57_1\":\"40\",\"option39_1\":\"-\",\"option19_1\":\"3\",\"option20_1\":\"3\",\"option58_1\":\"7\",\"option36_1\":\"90,000.00\",\"option55_1\":\"\",\"option37_1\":\"\",\"option54_1\":\"Agent\",\"option53_1\":\"-\",\"option59_1\":\"70\",\"option60_1\":\"20\",\"option65_1\":\"262\",\"option64_1\":\"Manitoba - Winnipeg -\",\"option66_1\":\"0\",\"option67_1\":\"FieldGate properties\",\"option74_1\":\"264\",\"option68_1\":\"1234567890\",\"option69_1\":\"http:\\/\\/www.google.com\",\"option70_1\":\"http:\\/\\/www.facebook.com\",\"option71_1\":\"http:\\/\\/www.twitter.com\",\"option72_1\":\"345 Dixon Road\\r\\nToronto Ontario M9R 15G\\r\\n(Dixon &amp; Kipling)\",\"option73_1\":\"0-24\",\"option21_1\":\"0\",\"option22_1\":\"true\",\"option23_1\":\"0\",\"option24_1\":\"true\",\"option25_1\":\"0\",\"option28_1\":\"true\",\"option29_1\":\"true\",\"option31_1\":\"true\",\"option52_1\":\"0\",\"option11_1\":\"true\",\"option30_1\":\"0\",\"option27_1\":\"true\",\"option33_1\":\"true\",\"option32_1\":\"true\",\"option43_1\":\"0\",\"option44_1\":\"600\",\"option45_1\":\"600\",\"option46_1\":\"600\",\"option47_1\":\"600\",\"option48_1\":\"\",\"option49_1\":\"\",\"option50_1\":\"\",\"option51_1\":\"\",\"option9_1\":\"0\",\"option12_1\":\"\",\"option42_1\":\"0\",\"option10_2\":\"Bjelovar nekretnina\",\"option8_2\":\"Lorem ipsum dolor sit amet, consectetur adipiscing elit. Sed vulputate \\r\\nnec neque gravida rhoncus. Donec sit amet blandit mauris, sed bibendum \\r\\nrisus.\",\"option17_2\":\"<p>\\r\\nLorem ipsum dolor sit amet, consectetur adipiscing elit. Sed vulputate \\r\\nnec neque gravida rhoncus. Donec sit amet blandit mauris, sed bibendum \\r\\nrisus. Cras ut urna semper, facilisis augue sed, imperdiet nulla. Duis \\r\\ntristique tellus tortor, dapibus gravida sem sodales id. Nullam quis \\r\\nconvallis libero, vitae pulvinar nisi.<\\/p><p><span style=\\\"font-weight: bold;\\\">Nam eget est facilisis, porta mi \\r\\nac, ultricies enim. Proin nisi diam, eleifend ac eleifend in, dapibus in\\r\\n orci. Vestibulum elementum lectus non nisl venenatis, tempus molestie \\r\\nnisi tempus. Pellentesque facilisis nibh nec purus blandit, id aliquam \\r\\nlorem fermentum.\\r\\n<\\/span><\\/p>\\r\\n<p>\\r\\n<span style=\\\"font-style: italic;\\\">Ut erat lacus, sagittis ac leo eu, molestie mattis libero. Nam sit amet \\r\\nmassa et magna porttitor eleifend a aliquam nunc. Pellentesque a est a \\r\\naugue dignissim tristique eu nec augue. Integer pretium sollicitudin \\r\\ntellus, quis hendrerit nunc accumsan et. Fusce bibendum a neque vel \\r\\nfringilla. Vivamus viverra enim at purus gravida, in elementum neque \\r\\neleifend. Curabitur sodales dapibus urna, at mattis lacus eleifend non. \\r\\nDonec ultricies porta orci eu congue. Nulla sodales arcu a libero \\r\\naliquet, nec aliquam ante sagittis.<\\/span><\\/p>\",\"option38_2\":\"empty\",\"option6_2\":\"apartment\",\"option56_2\":\"\",\"option1_2\":\"0\",\"option4_2\":\"Najam\",\"option2_2\":\"Stan\",\"option5_2\":\"Bjelovarska\",\"option7_2\":\"Bjelovar\",\"option40_2\":\"\",\"option3_2\":\"Manje od 50m2\",\"option57_2\":\"40\",\"option39_2\":\"-\",\"option19_2\":\"3\",\"option20_2\":\"3\",\"option58_2\":\"7\",\"option36_2\":\"90,000.00\",\"option55_2\":\"\",\"option37_2\":\"\",\"option54_2\":\"Agent\",\"option53_2\":\"-\",\"option59_2\":\"70\",\"option60_2\":\"20\",\"option65_2\":\"263\",\"option64_2\":\"Manitoba - Winnipeg -\",\"option66_2\":\"0\",\"option67_2\":\"FieldGate properties 2\",\"option74_2\":\"265\",\"option68_2\":\"1234567890\",\"option69_2\":\"http:\\/\\/www.google.com\",\"option70_2\":\"http:\\/\\/www.facebook.com\",\"option71_2\":\"http:\\/\\/www.twitter.com\",\"option72_2\":\"My company description<br>\",\"option73_2\":\"0-24\",\"option21_2\":\"0\",\"option22_2\":\"true\",\"option23_2\":\"0\",\"option24_2\":\"true\",\"option25_2\":\"0\",\"option28_2\":\"true\",\"option29_2\":\"true\",\"option31_2\":\"true\",\"option52_2\":\"0\",\"option11_2\":\"true\",\"option30_2\":\"0\",\"option27_2\":\"true\",\"option33_2\":\"true\",\"option32_2\":\"true\",\"option43_2\":\"0\",\"option44_2\":\"600\",\"option45_2\":\"600\",\"option46_2\":\"600\",\"option47_2\":\"600\",\"option48_2\":\"\",\"option49_2\":\"\",\"option50_2\":\"\",\"option51_2\":\"\",\"option9_2\":\"0\",\"option12_2\":\"\",\"option42_2\":\"0\",\"agent\":\"18\",\"slug_1\":\"bjelovar-estate-1-en\",\"slug_2\":\"bjelovar-nekretnina\"}',NULL,NULL,NULL),(5,46.373121,16.127040,'Cestica','SOLD',100,40,'2015-03-18 22:17:59','2015-01-07 13:32:50','Rent','Apartment','{\"id\":\"30\",\"gps\":\"46.3731205, 16.1270403\",\"lat\":\"46.373121\",\"lng\":\"16.127040\",\"date\":\"2015-01-07 13:32:50\",\"date_modified\":\"2015-02-22 15:04:06\",\"address\":\"Cestica\",\"type\":null,\"repository_id\":\"197\",\"is_featured\":\"0\",\"search_values\":\"id: 30Cestica Bjelovar estate empty apartment   Rent Apartment Bjelovarska Bjelovar  Less than 50m2 40 - 3 3 7 90,000.00   Agent - 70 20 262 Manitoba - Winnipeg -  FieldGate properties 264 1234567890 http:\\/\\/www.google.com http:\\/\\/www.facebook.com http:\\/\\/www.twitter.com 0-24  trueAir conditioning trueComputer trueHeating trueInternet trueMicrowave  trueBalcony trueGrill truePool trueParking  600 600 600 600        bjelovar-estate-1-en Bjelovar nekretnina empty apartment   Najam Stan Bjelovarska Bjelovar  Manje od 50m2 40 - 3 3 7 90,000.00   Agent - 70 20 263 Manitoba - Winnipeg -  FieldGate properties 2 265 1234567890 http:\\/\\/www.google.com http:\\/\\/www.facebook.com http:\\/\\/www.twitter.com 0-24  trueKlimatizacija trueRa\\u010dunalo trueGrijanje trueInternet trueMikrovalna  trueBalkon trueRo\\u0161tilj trueBazen trueParking  600 600 600 600        bjelovar-nekretnina\",\"is_activated\":\"1\",\"activation_paid_date\":null,\"featured_paid_date\":null,\"counter_views\":\"197\",\"image_filename\":\"431262903_9d77804a5b_o (1).jpg\",\"image_repository\":\"[\\\"431262903_9d77804a5b_o (1).jpg\\\",\\\"431267985_286ac5c8cd_o (1).jpg\\\"]\",\"option10_1\":\"Bjelovar estate\",\"option8_1\":\"Lorem ipsum dolor sit amet, consectetur adipiscing elit. Sed vulputate \\r\\nnec neque gravida rhoncus. Donec sit amet blandit mauris, sed bibendum \\r\\nrisus.\",\"option17_1\":\"<p>\\r\\nLorem ipsum dolor sit amet, consectetur adipiscing elit. Sed vulputate \\r\\nnec neque gravida rhoncus. Donec sit amet blandit mauris, sed bibendum \\r\\nrisus. Cras ut urna semper, facilisis augue sed, imperdiet nulla. Duis \\r\\ntristique tellus tortor, dapibus gravida sem sodales id. Nullam quis \\r\\nconvallis libero, vitae pulvinar nisi.<\\/p><p><span style=\\\"font-weight: bold;\\\">Nam eget est facilisis, porta mi \\r\\nac, ultricies enim. Proin nisi diam, eleifend ac eleifend in, dapibus in\\r\\n orci. Vestibulum elementum lectus non nisl venenatis, tempus molestie \\r\\nnisi tempus. Pellentesque facilisis nibh nec purus blandit, id aliquam \\r\\nlorem fermentum.\\r\\n<\\/span><\\/p>\\r\\n<p>\\r\\n<span style=\\\"font-style: italic;\\\">Ut erat lacus, sagittis ac leo eu, molestie mattis libero. Nam sit amet \\r\\nmassa et magna porttitor eleifend a aliquam nunc. Pellentesque a est a \\r\\naugue dignissim tristique eu nec augue. Integer pretium sollicitudin \\r\\ntellus, quis hendrerit nunc accumsan et. Fusce bibendum a neque vel \\r\\nfringilla. Vivamus viverra enim at purus gravida, in elementum neque \\r\\neleifend. Curabitur sodales dapibus urna, at mattis lacus eleifend non. \\r\\nDonec ultricies porta orci eu congue. Nulla sodales arcu a libero \\r\\naliquet, nec aliquam ante sagittis.<\\/span><\\/p>\",\"option38_1\":\"empty\",\"option6_1\":\"apartment\",\"option56_1\":\"\",\"option1_1\":\"0\",\"option4_1\":\"Rent\",\"option2_1\":\"Apartment\",\"option5_1\":\"Bjelovarska\",\"option7_1\":\"Bjelovar\",\"option40_1\":\"\",\"option3_1\":\"Less than 50m2\",\"option57_1\":\"40\",\"option39_1\":\"-\",\"option19_1\":\"3\",\"option20_1\":\"3\",\"option58_1\":\"7\",\"option36_1\":\"90,000.00\",\"option55_1\":\"\",\"option37_1\":\"\",\"option54_1\":\"Agent\",\"option53_1\":\"-\",\"option59_1\":\"70\",\"option60_1\":\"20\",\"option65_1\":\"262\",\"option64_1\":\"Manitoba - Winnipeg -\",\"option66_1\":\"0\",\"option67_1\":\"FieldGate properties\",\"option74_1\":\"264\",\"option68_1\":\"1234567890\",\"option69_1\":\"http:\\/\\/www.google.com\",\"option70_1\":\"http:\\/\\/www.facebook.com\",\"option71_1\":\"http:\\/\\/www.twitter.com\",\"option72_1\":\"345 Dixon Road\\r\\nToronto Ontario M9R 15G\\r\\n(Dixon &amp; Kipling)\",\"option73_1\":\"0-24\",\"option21_1\":\"0\",\"option22_1\":\"true\",\"option23_1\":\"0\",\"option24_1\":\"true\",\"option25_1\":\"0\",\"option28_1\":\"true\",\"option29_1\":\"true\",\"option31_1\":\"true\",\"option52_1\":\"0\",\"option11_1\":\"true\",\"option30_1\":\"0\",\"option27_1\":\"true\",\"option33_1\":\"true\",\"option32_1\":\"true\",\"option43_1\":\"0\",\"option44_1\":\"600\",\"option45_1\":\"600\",\"option46_1\":\"600\",\"option47_1\":\"600\",\"option48_1\":\"\",\"option49_1\":\"\",\"option50_1\":\"\",\"option51_1\":\"\",\"option9_1\":\"0\",\"option12_1\":\"\",\"option42_1\":\"0\",\"option10_2\":\"Bjelovar nekretnina\",\"option8_2\":\"Lorem ipsum dolor sit amet, consectetur adipiscing elit. Sed vulputate \\r\\nnec neque gravida rhoncus. Donec sit amet blandit mauris, sed bibendum \\r\\nrisus.\",\"option17_2\":\"<p>\\r\\nLorem ipsum dolor sit amet, consectetur adipiscing elit. Sed vulputate \\r\\nnec neque gravida rhoncus. Donec sit amet blandit mauris, sed bibendum \\r\\nrisus. Cras ut urna semper, facilisis augue sed, imperdiet nulla. Duis \\r\\ntristique tellus tortor, dapibus gravida sem sodales id. Nullam quis \\r\\nconvallis libero, vitae pulvinar nisi.<\\/p><p><span style=\\\"font-weight: bold;\\\">Nam eget est facilisis, porta mi \\r\\nac, ultricies enim. Proin nisi diam, eleifend ac eleifend in, dapibus in\\r\\n orci. Vestibulum elementum lectus non nisl venenatis, tempus molestie \\r\\nnisi tempus. Pellentesque facilisis nibh nec purus blandit, id aliquam \\r\\nlorem fermentum.\\r\\n<\\/span><\\/p>\\r\\n<p>\\r\\n<span style=\\\"font-style: italic;\\\">Ut erat lacus, sagittis ac leo eu, molestie mattis libero. Nam sit amet \\r\\nmassa et magna porttitor eleifend a aliquam nunc. Pellentesque a est a \\r\\naugue dignissim tristique eu nec augue. Integer pretium sollicitudin \\r\\ntellus, quis hendrerit nunc accumsan et. Fusce bibendum a neque vel \\r\\nfringilla. Vivamus viverra enim at purus gravida, in elementum neque \\r\\neleifend. Curabitur sodales dapibus urna, at mattis lacus eleifend non. \\r\\nDonec ultricies porta orci eu congue. Nulla sodales arcu a libero \\r\\naliquet, nec aliquam ante sagittis.<\\/span><\\/p>\",\"option38_2\":\"empty\",\"option6_2\":\"apartment\",\"option56_2\":\"\",\"option1_2\":\"0\",\"option4_2\":\"Najam\",\"option2_2\":\"Stan\",\"option5_2\":\"Bjelovarska\",\"option7_2\":\"Bjelovar\",\"option40_2\":\"\",\"option3_2\":\"Manje od 50m2\",\"option57_2\":\"40\",\"option39_2\":\"-\",\"option19_2\":\"3\",\"option20_2\":\"3\",\"option58_2\":\"7\",\"option36_2\":\"90,000.00\",\"option55_2\":\"\",\"option37_2\":\"\",\"option54_2\":\"Agent\",\"option53_2\":\"-\",\"option59_2\":\"70\",\"option60_2\":\"20\",\"option65_2\":\"263\",\"option64_2\":\"Manitoba - Winnipeg -\",\"option66_2\":\"0\",\"option67_2\":\"FieldGate properties 2\",\"option74_2\":\"265\",\"option68_2\":\"1234567890\",\"option69_2\":\"http:\\/\\/www.google.com\",\"option70_2\":\"http:\\/\\/www.facebook.com\",\"option71_2\":\"http:\\/\\/www.twitter.com\",\"option72_2\":\"My company description<br>\",\"option73_2\":\"0-24\",\"option21_2\":\"0\",\"option22_2\":\"true\",\"option23_2\":\"0\",\"option24_2\":\"true\",\"option25_2\":\"0\",\"option28_2\":\"true\",\"option29_2\":\"true\",\"option31_2\":\"true\",\"option52_2\":\"0\",\"option11_2\":\"true\",\"option30_2\":\"0\",\"option27_2\":\"true\",\"option33_2\":\"true\",\"option32_2\":\"true\",\"option43_2\":\"0\",\"option44_2\":\"600\",\"option45_2\":\"600\",\"option46_2\":\"600\",\"option47_2\":\"600\",\"option48_2\":\"\",\"option49_2\":\"\",\"option50_2\":\"\",\"option51_2\":\"\",\"option9_2\":\"0\",\"option12_2\":\"\",\"option42_2\":\"0\",\"agent\":\"18\",\"slug_1\":\"bjelovar-estate-1-en\",\"slug_2\":\"bjelovar-nekretnina\"}',NULL,NULL,NULL),(6,46.378570,16.079735,'Veliki lovrečan','SOLD',100,60,'2015-03-21 11:49:54','2014-03-07 20:12:14','Sale','House','{\"id\":\"29\",\"gps\":\"46.3785703, 16.0797348\",\"lat\":\"46.378570\",\"lng\":\"16.079735\",\"date\":\"2014-03-07 20:12:14\",\"date_modified\":\"2014-12-28 18:59:23\",\"address\":\"Veliki lovre\\u010dan\",\"type\":null,\"repository_id\":\"195\",\"is_featured\":\"0\",\"search_values\":\"id: 29Veliki lovre\\u010dan My property new house   Sale House Vara\\u017edinska Cestica   50-100m2 60 D 2 2 5    Agent  50 20 SKIP_ON_EMPTY   SKIP_ON_EMPTY       trueAir conditioning trueCable TV  trueBalcony        700 700    Moja nekretnina novo house   Prodaja Ku\\u0107a Vara\\u017edinska Cestica   50-100m2 60 D 2 2 5    Agent    SKIP_ON_EMPTY   SKIP_ON_EMPTY       trueKlimatizacija trueKabelska TV  trueBalkon        700 700   \",\"is_activated\":\"0\",\"activation_paid_date\":null,\"featured_paid_date\":null,\"counter_views\":\"0\",\"image_filename\":null,\"image_repository\":null,\"option10_1\":\"My property\",\"option8_1\":\"Lorem ipsum dolor sit amet, consectetur adipiscing elit. Sed vulputate \\r\\nnec neque gravida rhoncus. Donec sit amet blandit mauris, sed bibendum \\r\\nrisus.\",\"option17_1\":\"<p>\\r\\nLorem ipsum dolor sit amet, consectetur adipiscing elit. Sed vulputate \\r\\nnec neque gravida rhoncus. Donec sit amet blandit mauris, sed bibendum \\r\\nrisus. Cras ut urna semper, facilisis augue sed, imperdiet nulla. Duis \\r\\ntristique tellus tortor, dapibus gravida sem sodales id. Nullam quis \\r\\nconvallis libero, vitae pulvinar nisi.<\\/p><p><span style=\\\"font-weight: bold;\\\">Nam eget est facilisis, porta mi \\r\\nac, ultricies enim. Proin nisi diam, eleifend ac eleifend in, dapibus in\\r\\n orci. Vestibulum elementum lectus non nisl venenatis, tempus molestie \\r\\nnisi tempus. Pellentesque facilisis nibh nec purus blandit, id aliquam \\r\\nlorem fermentum.\\r\\n<\\/span><\\/p>\\r\\n<p>\\r\\n<span style=\\\"font-style: italic;\\\">Ut erat lacus, sagittis ac leo eu, molestie mattis libero. Nam sit amet \\r\\nmassa et magna porttitor eleifend a aliquam nunc. Pellentesque a est a \\r\\naugue dignissim tristique eu nec augue. Integer pretium sollicitudin \\r\\ntellus, quis hendrerit nunc accumsan et. Fusce bibendum a neque vel \\r\\nfringilla. Vivamus viverra enim at purus gravida, in elementum neque \\r\\neleifend. Curabitur sodales dapibus urna, at mattis lacus eleifend non. \\r\\nDonec ultricies porta orci eu congue. Nulla sodales arcu a libero \\r\\naliquet, nec aliquam ante sagittis.<\\/span><\\/p>\",\"option38_1\":\"new\",\"option6_1\":\"house\",\"option56_1\":\"\",\"option1_1\":\"0\",\"option4_1\":\"Sale\",\"option2_1\":\"House\",\"option5_1\":\"Vara\\u017edinska\",\"option7_1\":\"Cestica\",\"option40_1\":\"\",\"option64_1\":\"\",\"option3_1\":\"50-100m2\",\"option57_1\":\"60\",\"option39_1\":\"D\",\"option19_1\":\"2\",\"option20_1\":\"2\",\"option58_1\":\"5\",\"option36_1\":\"\",\"option55_1\":\"\",\"option37_1\":\"\",\"option54_1\":\"Agent\",\"option53_1\":\"\",\"option59_1\":\"50\",\"option60_1\":\"20\",\"option66_1\":\"0\",\"option67_1\":\"\",\"option68_1\":\"\",\"option69_1\":\"\",\"option70_1\":\"\",\"option71_1\":\"\",\"option72_1\":\"\",\"option73_1\":\"\",\"option21_1\":\"0\",\"option22_1\":\"true\",\"option23_1\":\"true\",\"option24_1\":\"0\",\"option25_1\":\"0\",\"option28_1\":\"0\",\"option29_1\":\"0\",\"option31_1\":\"0\",\"option52_1\":\"0\",\"option11_1\":\"true\",\"option30_1\":\"0\",\"option27_1\":\"0\",\"option33_1\":\"0\",\"option32_1\":\"0\",\"option43_1\":\"0\",\"option44_1\":\"\",\"option45_1\":\"\",\"option46_1\":\"\",\"option47_1\":\"\",\"option48_1\":\"\",\"option49_1\":\"\",\"option50_1\":\"700\",\"option51_1\":\"700\",\"option9_1\":\"0\",\"option12_1\":\"\",\"option42_1\":\"0\",\"option10_2\":\"Moja nekretnina\",\"option8_2\":\"Lorem ipsum dolor sit amet, consectetur adipiscing elit. Sed vulputate \\r\\nnec neque gravida rhoncus. Donec sit amet blandit mauris, sed bibendum \\r\\nrisus.\",\"option17_2\":\"<p>\\r\\nLorem ipsum dolor sit amet, consectetur adipiscing elit. Sed vulputate \\r\\nnec neque gravida rhoncus. Donec sit amet blandit mauris, sed bibendum \\r\\nrisus. Cras ut urna semper, facilisis augue sed, imperdiet nulla. Duis \\r\\ntristique tellus tortor, dapibus gravida sem sodales id. Nullam quis \\r\\nconvallis libero, vitae pulvinar nisi.<\\/p><p><span style=\\\"font-weight: bold;\\\">Nam eget est facilisis, porta mi \\r\\nac, ultricies enim. Proin nisi diam, eleifend ac eleifend in, dapibus in\\r\\n orci. Vestibulum elementum lectus non nisl venenatis, tempus molestie \\r\\nnisi tempus. Pellentesque facilisis nibh nec purus blandit, id aliquam \\r\\nlorem fermentum.\\r\\n<\\/span><\\/p>\\r\\n<p>\\r\\n<span style=\\\"font-style: italic;\\\">Ut erat lacus, sagittis ac leo eu, molestie mattis libero. Nam sit amet \\r\\nmassa et magna porttitor eleifend a aliquam nunc. Pellentesque a est a \\r\\naugue dignissim tristique eu nec augue. Integer pretium sollicitudin \\r\\ntellus, quis hendrerit nunc accumsan et. Fusce bibendum a neque vel \\r\\nfringilla. Vivamus viverra enim at purus gravida, in elementum neque \\r\\neleifend. Curabitur sodales dapibus urna, at mattis lacus eleifend non. \\r\\nDonec ultricies porta orci eu congue. Nulla sodales arcu a libero \\r\\naliquet, nec aliquam ante sagittis.<\\/span><\\/p>\",\"option38_2\":\"novo\",\"option6_2\":\"house\",\"option56_2\":\"\",\"option1_2\":\"0\",\"option4_2\":\"Prodaja\",\"option2_2\":\"Ku\\u0107a\",\"option5_2\":\"Vara\\u017edinska\",\"option7_2\":\"Cestica\",\"option40_2\":\"\",\"option64_2\":\"\",\"option3_2\":\"50-100m2\",\"option57_2\":\"60\",\"option39_2\":\"D\",\"option19_2\":\"2\",\"option20_2\":\"2\",\"option58_2\":\"5\",\"option36_2\":\"\",\"option55_2\":\"\",\"option37_2\":\"\",\"option54_2\":\"Agent\",\"option53_2\":\"\",\"option59_2\":\"\",\"option60_2\":\"\",\"option66_2\":\"0\",\"option67_2\":\"\",\"option68_2\":\"\",\"option69_2\":\"\",\"option70_2\":\"\",\"option71_2\":\"\",\"option72_2\":\"\",\"option73_2\":\"\",\"option21_2\":\"0\",\"option22_2\":\"true\",\"option23_2\":\"true\",\"option24_2\":\"0\",\"option25_2\":\"0\",\"option28_2\":\"0\",\"option29_2\":\"0\",\"option31_2\":\"0\",\"option52_2\":\"0\",\"option11_2\":\"true\",\"option30_2\":\"0\",\"option27_2\":\"0\",\"option33_2\":\"0\",\"option32_2\":\"0\",\"option43_2\":\"0\",\"option44_2\":\"\",\"option45_2\":\"\",\"option46_2\":\"\",\"option47_2\":\"\",\"option48_2\":\"\",\"option49_2\":\"\",\"option50_2\":\"700\",\"option51_2\":\"700\",\"option9_2\":\"0\",\"option12_2\":\"\",\"option42_2\":\"0\",\"agent\":\"18\",\"slug_1\":\"\",\"slug_2\":\"\"}',29,18,18);

--
-- Table structure for table `masking`
--

CREATE TABLE `masking` (
  `id` int(11) NOT NULL AUTO_INCREMENT,
  `date_submit` datetime DEFAULT NULL,
  `visitor_type` varchar(45) COLLATE utf8_unicode_ci DEFAULT NULL,
  `name` varchar(45) COLLATE utf8_unicode_ci DEFAULT NULL,
  `phone` varchar(45) COLLATE utf8_unicode_ci DEFAULT NULL,
  `email` varchar(45) COLLATE utf8_unicode_ci DEFAULT NULL,
  `allow_contact` tinyint(1) DEFAULT '0',
  `agent_id` int(11) DEFAULT NULL,
  `property_id` int(11) DEFAULT NULL,
  PRIMARY KEY (`id`)
) ENGINE=InnoDB AUTO_INCREMENT=2 DEFAULT CHARSET=utf8 COLLATE=utf8_unicode_ci;

--
-- Dumping data for table `masking`
--

INSERT INTO `masking` VALUES (1,'2016-01-22 18:30:28','Individual','test','1231','test@gmail.com',1,9,8);

--
-- Table structure for table `option`
--

CREATE TABLE `option` (
  `id` int(11) NOT NULL AUTO_INCREMENT,
  `parent_id` int(11) DEFAULT NULL,
  `order` int(11) DEFAULT NULL,
  `type` varchar(45) COLLATE utf8_unicode_ci DEFAULT NULL,
  `visible` tinyint(1) DEFAULT '0',
  `is_locked` tinyint(1) DEFAULT '0',
  `is_frontend` tinyint(1) DEFAULT '1',
  `is_hardlocked` tinyint(1) DEFAULT '0',
  `is_required` tinyint(1) DEFAULT '0',
  `is_not_translatable` tinyint(1) DEFAULT NULL,
  `columns_number` int(12) DEFAULT NULL,
  `is_quickvisible` tinyint(1) DEFAULT NULL,
  `max_length` int(11) DEFAULT NULL,
  `repository_id` int(11) DEFAULT NULL,
  `image_filename` varchar(160) COLLATE utf8_unicode_ci DEFAULT NULL,
  `image_gallery` text COLLATE utf8_unicode_ci,
  PRIMARY KEY (`id`)
) ENGINE=InnoDB AUTO_INCREMENT=80 DEFAULT CHARSET=utf8 COLLATE=utf8_unicode_ci;

--
-- Dumping data for table `option`
--

INSERT INTO `option` VALUES (1,0,11,'CATEGORY',0,0,1,1,0,NULL,NULL,NULL,NULL,302,NULL,NULL),(2,1,13,'DROPDOWN_MULTIPLE',1,1,1,1,0,NULL,NULL,1,NULL,293,NULL,''),(3,1,17,'DROPDOWN',0,1,1,0,0,NULL,NULL,NULL,NULL,325,NULL,NULL),(4,1,12,'DROPDOWN_MULTIPLE',1,1,1,1,0,0,0,1,NULL,306,NULL,''),(5,1,14,'INPUTBOX',0,1,1,1,0,NULL,NULL,NULL,NULL,307,NULL,NULL),(6,0,8,'DROPDOWN',0,1,1,1,0,NULL,NULL,1,NULL,322,NULL,''),(7,1,15,'INPUTBOX',1,1,1,1,0,NULL,NULL,1,NULL,327,NULL,''),(8,0,5,'TEXTAREA',0,1,1,1,0,NULL,NULL,1,NULL,328,NULL,''),(9,0,64,'CATEGORY',0,1,0,0,0,NULL,NULL,NULL,NULL,NULL,NULL,NULL),(10,0,1,'INPUTBOX',1,1,1,1,1,NULL,NULL,NULL,20,330,NULL,NULL),(11,52,50,'CHECKBOX',0,1,1,0,0,NULL,NULL,NULL,NULL,NULL,NULL,NULL),(12,9,65,'INPUTBOX',0,1,1,0,0,NULL,NULL,NULL,NULL,NULL,NULL,NULL),(17,0,6,'TEXTAREA',0,1,1,1,0,NULL,NULL,1,NULL,319,NULL,''),(19,1,20,'INPUTBOX',0,1,1,0,0,NULL,NULL,NULL,NULL,NULL,NULL,NULL),(20,1,21,'INPUTBOX',0,1,1,0,0,NULL,NULL,NULL,NULL,296,NULL,NULL),(21,0,41,'CATEGORY',0,1,1,1,0,NULL,NULL,NULL,NULL,497,NULL,NULL),(22,21,42,'CHECKBOX',0,1,1,0,0,NULL,NULL,1,NULL,320,NULL,''),(23,21,43,'CHECKBOX',0,0,1,0,0,NULL,NULL,NULL,NULL,NULL,NULL,NULL),(24,21,44,'CHECKBOX',0,0,1,0,0,NULL,NULL,NULL,NULL,NULL,NULL,NULL),(25,21,45,'CHECKBOX',0,1,1,0,0,NULL,NULL,NULL,NULL,323,NULL,NULL),(26,21,18,'CHECKBOX',0,1,1,0,0,NULL,NULL,NULL,NULL,NULL,NULL,NULL),(27,52,52,'CHECKBOX',0,1,1,0,0,NULL,NULL,NULL,NULL,NULL,NULL,NULL),(28,21,46,'CHECKBOX',0,1,1,0,0,NULL,NULL,NULL,NULL,NULL,NULL,NULL),(29,21,47,'CHECKBOX',0,1,1,0,0,NULL,NULL,NULL,NULL,NULL,NULL,NULL),(30,52,51,'CHECKBOX',0,1,1,0,0,NULL,NULL,NULL,NULL,NULL,NULL,NULL),(31,21,48,'CHECKBOX',0,0,1,0,0,NULL,NULL,NULL,NULL,305,NULL,NULL),(32,52,54,'CHECKBOX',0,1,1,0,0,NULL,NULL,NULL,NULL,NULL,NULL,NULL),(33,52,53,'CHECKBOX',0,1,1,0,0,NULL,NULL,NULL,0,NULL,NULL,NULL),(34,0,4,'INPUTBOX',0,1,1,0,0,NULL,NULL,NULL,NULL,NULL,NULL,NULL),(35,0,26,'INPUTBOX',0,1,1,0,0,NULL,NULL,NULL,NULL,NULL,NULL,NULL),(36,1,23,'INPUTBOX',0,1,1,1,0,NULL,NULL,1,NULL,313,NULL,''),(37,1,25,'INPUTBOX',0,1,1,1,0,NULL,NULL,1,NULL,331,NULL,''),(38,0,7,'DROPDOWN',0,1,0,1,0,NULL,NULL,NULL,NULL,318,NULL,''),(39,1,19,'DROPDOWN',0,0,1,0,0,NULL,NULL,NULL,NULL,NULL,NULL,NULL),(40,1,16,'INPUTBOX',0,1,1,1,0,1,NULL,0,NULL,425,NULL,''),(41,1,16,'CHECKBOX',0,0,0,0,0,NULL,NULL,NULL,NULL,NULL,NULL,NULL),(42,0,66,'CATEGORY',0,1,0,0,0,NULL,NULL,NULL,NULL,NULL,NULL,NULL),(43,0,55,'CATEGORY',0,1,1,1,0,NULL,NULL,NULL,NULL,NULL,NULL,NULL),(44,43,56,'INPUTBOX',0,1,1,0,0,NULL,NULL,NULL,NULL,321,NULL,''),(45,43,57,'INPUTBOX',0,1,1,0,0,NULL,NULL,NULL,NULL,NULL,NULL,NULL),(46,43,58,'INPUTBOX',0,1,1,0,0,NULL,NULL,NULL,NULL,NULL,NULL,NULL),(47,43,59,'INPUTBOX',0,1,1,0,0,NULL,NULL,NULL,NULL,NULL,NULL,NULL),(48,43,60,'INPUTBOX',0,1,1,0,0,NULL,NULL,NULL,NULL,NULL,NULL,NULL),(49,43,61,'INPUTBOX',0,1,1,0,0,NULL,NULL,NULL,NULL,NULL,NULL,NULL),(50,43,62,'INPUTBOX',0,1,1,0,0,NULL,NULL,NULL,NULL,NULL,NULL,NULL),(51,43,63,'INPUTBOX',0,1,1,0,0,NULL,NULL,NULL,NULL,NULL,NULL,NULL),(52,0,49,'CATEGORY',0,1,1,1,0,NULL,NULL,NULL,NULL,NULL,NULL,NULL),(53,1,27,'INPUTBOX',0,0,1,0,0,NULL,NULL,NULL,NULL,326,NULL,''),(54,1,26,'DROPDOWN',0,1,1,1,0,NULL,NULL,1,NULL,332,NULL,''),(55,1,24,'INPUTBOX',0,1,1,0,0,NULL,NULL,NULL,0,NULL,NULL,NULL),(56,0,9,'DROPDOWN',0,1,0,1,0,NULL,NULL,NULL,NULL,298,NULL,NULL),(57,1,18,'INPUTBOX',0,0,1,0,0,0,NULL,0,NULL,303,NULL,''),(58,1,22,'INPUTBOX',0,0,1,0,0,NULL,NULL,NULL,NULL,297,NULL,NULL),(59,1,28,'INPUTBOX',0,1,1,0,0,NULL,NULL,NULL,NULL,299,NULL,NULL),(60,1,29,'INPUTBOX',0,1,1,0,0,NULL,NULL,NULL,NULL,304,NULL,NULL),(64,0,3,'TREE',0,1,1,0,0,NULL,NULL,NULL,NULL,295,NULL,NULL),(65,0,31,'UPLOAD',0,1,1,0,0,NULL,NULL,NULL,NULL,NULL,NULL,NULL),(66,0,32,'CATEGORY',0,1,0,0,0,NULL,NULL,NULL,NULL,NULL,NULL,NULL),(67,66,33,'INPUTBOX',0,1,0,0,0,NULL,NULL,NULL,NULL,329,NULL,NULL),(68,66,35,'INPUTBOX',0,1,0,0,0,NULL,NULL,NULL,NULL,NULL,NULL,NULL),(69,66,36,'INPUTBOX',0,1,0,0,0,NULL,NULL,NULL,NULL,NULL,NULL,NULL),(70,66,37,'INPUTBOX',0,1,0,0,0,NULL,NULL,NULL,NULL,NULL,NULL,NULL),(71,66,38,'INPUTBOX',0,1,0,0,0,NULL,NULL,NULL,NULL,NULL,NULL,NULL),(72,66,39,'TEXTAREA',0,1,0,0,0,NULL,NULL,NULL,NULL,439,NULL,NULL),(73,66,40,'INPUTBOX',0,1,0,0,0,NULL,NULL,NULL,NULL,NULL,NULL,NULL),(74,66,34,'UPLOAD',0,1,0,0,0,NULL,NULL,NULL,NULL,NULL,NULL,NULL),(75,1,26,'INPUTBOX',0,0,1,0,0,NULL,NULL,NULL,NULL,NULL,NULL,NULL),(76,0,10,'HTMLTABLE',0,0,1,0,0,NULL,NULL,NULL,NULL,294,NULL,''),(77,1,30,'PEDIGREE',0,0,1,0,0,NULL,NULL,NULL,NULL,301,NULL,NULL),(78,0,4,'INPUTBOX',0,1,1,0,0,NULL,NULL,NULL,NULL,310,NULL,''),(79,0,2,'TREE',1,1,1,0,0,NULL,NULL,NULL,NULL,495,NULL,NULL);

--
-- Table structure for table `option_lang`
--

CREATE TABLE `option_lang` (
  `id_option_lang` int(11) NOT NULL AUTO_INCREMENT,
  `option_id` int(11) NOT NULL,
  `language_id` int(11) NOT NULL,
  `option` varchar(100) COLLATE utf8_unicode_ci DEFAULT NULL,
  `values` text COLLATE utf8_unicode_ci,
  `prefix` varchar(25) COLLATE utf8_unicode_ci DEFAULT NULL,
  `suffix` varchar(25) COLLATE utf8_unicode_ci DEFAULT NULL,
  `hint` varchar(100) COLLATE utf8_unicode_ci DEFAULT NULL,
  PRIMARY KEY (`id_option_lang`),
  UNIQUE KEY `id_UNIQUE` (`id_option_lang`),
  KEY `fk_option_lang_language1_idx` (`language_id`),
  KEY `fk_option_lang_option1_idx` (`option_id`),
  CONSTRAINT `fk_option_lang_language1` FOREIGN KEY (`language_id`) REFERENCES `language` (`id`) ON DELETE NO ACTION ON UPDATE NO ACTION,
  CONSTRAINT `fk_option_lang_option1` FOREIGN KEY (`option_id`) REFERENCES `option` (`id`) ON DELETE NO ACTION ON UPDATE NO ACTION
) ENGINE=InnoDB AUTO_INCREMENT=655 DEFAULT CHARSET=utf8 COLLATE=utf8_unicode_ci;

--
-- Dumping data for table `option_lang`
--

INSERT INTO `option_lang` VALUES (81,11,2,'Balkon','',NULL,NULL,NULL),(82,11,1,'Balcony','',NULL,NULL,NULL),(86,19,1,'Bathrooms','',NULL,NULL,NULL),(87,19,2,'Kupaonica','',NULL,NULL,NULL),(88,20,1,'Bedrooms','',NULL,NULL,NULL),(89,20,2,'Spavaonica','',NULL,NULL,NULL),(98,25,1,'Dishwasher','',NULL,NULL,NULL),(99,25,2,'Perilica suđa','',NULL,NULL,NULL),(102,27,1,'Grill','',NULL,NULL,NULL),(103,27,2,'Roštilj','',NULL,NULL,NULL),(104,28,1,'Heating','',NULL,NULL,NULL),(105,28,2,'Grijanje','',NULL,NULL,NULL),(106,29,1,'Internet','',NULL,NULL,NULL),(107,29,2,'Internet','',NULL,NULL,NULL),(112,32,1,'Parking','',NULL,NULL,NULL),(113,32,2,'Parking','',NULL,NULL,NULL),(160,23,1,'Cable TV','',NULL,'',NULL),(161,23,2,'Kabelska TV','',NULL,'',NULL),(162,31,1,'Microwave','',NULL,'',NULL),(163,31,2,'Mikrovalna','',NULL,'',NULL),(164,24,1,'Computer','',NULL,'',NULL),(165,24,2,'Računalo','',NULL,'',NULL),(180,1,1,'Overview','',NULL,'',NULL),(181,1,2,'Osnovni podaci','',NULL,'',NULL),(228,42,1,'Hidden amenities','',NULL,'',NULL),(229,42,2,'Sakrivene značajke','',NULL,'',NULL),(255,9,1,'Multimedia','',NULL,'',NULL),(256,9,2,'Multimedia','',NULL,'',NULL),(267,12,1,'Embed video code','',NULL,'',NULL),(268,12,2,'Integrirani video kod','',NULL,'',NULL),(275,43,1,'Distances','','','',NULL),(276,43,2,'Udaljenosti','','','',NULL),(279,45,1,'Train','','','m',NULL),(280,45,2,'Vlak','','','m',NULL),(281,46,1,'Metro','','','m',NULL),(282,46,2,'Podzemna','','','m',NULL),(283,47,1,'Bus','','','m',NULL),(284,47,2,'autobus','','','m',NULL),(285,48,1,'Pharmacies','','','m',NULL),(286,48,2,'Ljekarna','','','m',NULL),(287,49,1,'Bakery','','','m',NULL),(288,49,2,'Pekara','','','m',NULL),(291,51,1,'Coffee shop','','','m',NULL),(292,51,2,'kafić','','','m',NULL),(293,21,1,'Indoor amenities','','','',NULL),(294,21,2,'Pogodnosti unutrašnjosti','','','',NULL),(295,52,1,'Outdoor amenities','','','',NULL),(296,52,2,'Vanjske pogodnosti','','','',NULL),(299,39,1,'Energy efficiency','-,A++,A+,A,B,C,D,E,F,G,H','','',NULL),(300,39,2,'Energetski razred','-,A++,A+,A,B,C,D,E,F,G,H','','',NULL),(323,56,1,'Pro rating',',1,2,3,4,5','','',NULL),(324,56,2,'Pro ocjena',',1,2,3,4,5','','',NULL),(333,58,1,'Rooms','','','',NULL),(334,58,2,'Soba','','','',NULL),(355,59,1,'Energy efficient','','','kWh EP / m2, year',NULL),(356,59,2,'Energetska efikasnost','','','kWh EP / m2, year',NULL),(357,60,1,'Gas emissions','','','kg CO2 / m², year',NULL),(358,60,2,'Emisije plinova','','','kg CO2 / m², year',NULL),(379,64,1,'Location','','','',NULL),(380,64,2,'Location','','','',NULL),(381,65,1,'Plan image','','','',NULL),(382,65,2,'Slika plana','','','',NULL),(403,66,1,'Company','','','',NULL),(404,66,2,'Tvrtka','','','',NULL),(405,73,1,'Office hours','','','',NULL),(406,73,2,'Radno vrijeme','','','',NULL),(407,72,1,'Company description','','','',NULL),(408,72,2,'Opis tvrtke','','','',NULL),(409,71,1,'Twitter link','','','',NULL),(410,71,2,'Twitter link','','','',NULL),(411,70,1,'Facebook link','','','',NULL),(412,70,2,'Facebook link','','','',NULL),(413,69,1,'Website','','','',NULL),(414,69,2,'Web stranice','','','',NULL),(415,68,1,'Phone number','','','',NULL),(416,68,2,'Telefon','','','',NULL),(417,74,1,'Company logo 60x60px','','','',NULL),(418,74,2,'Logo tvrtke','','','',NULL),(419,67,1,'Company name','','','',NULL),(420,67,2,'Naziv tvrtke','','','',NULL),(439,30,1,'Lift','','','',NULL),(440,30,2,'Dizalo','','','',NULL),(485,10,1,'Property name','','','',NULL),(486,10,2,'Naziv nekretnine','','','',NULL),(491,33,1,'Pool','','','',NULL),(492,33,2,'Bazen','','','',NULL),(495,55,1,'Rent price (incl.)','','$','',NULL),(496,55,2,'Cijena najma (režije)','','','€',NULL),(527,5,1,'County','','','',NULL),(528,5,2,'Županija','','','',NULL),(531,3,1,'Area','Less than 50m2,50-100m2,More than 100m2','','',NULL),(532,3,2,'Površina','Manje od 50m2,50-100m2,Više od 100m2','','',NULL),(533,50,1,'Restaurant','','','m',NULL),(534,50,2,'Restoran','','','m',NULL),(545,77,1,'Pedigree tree','','','',NULL),(546,77,2,'Stablo porijekla','','','',NULL),(555,76,1,'Prices table','Property type[A1|A2|A3],01.05-31.05.[B1|B2|B3],01.06-30.06.[C1|C2|C3],01.07-30.07.,01.08-31.08.','','',NULL),(556,76,2,'Popis cijena','Vrsta nekretnine[A1c|A2c|A3c],01.05-31.05.[B1c|B2c|B3c],01.06-30.06.[C1c|C2c|C3c],01.07-30.07.,01.08-31.08.','','',NULL),(559,78,1,'Keywords','','','',NULL),(560,78,2,'Ključne riječi','','','',NULL),(585,44,1,'Beach','','','m',NULL),(586,44,2,'Plaže','','','m',NULL),(603,38,1,'Badge','empty,new,sold,action','','',''),(604,38,2,'Oznaka','empty,novo,prodano,akcija','','',''),(611,53,1,'Floor','','','',''),(612,53,2,'Kat','','','',''),(625,17,1,'Description long','','','',''),(626,17,2,'Sadržaj dulji','','','',''),(627,8,1,'Description short','','','',''),(628,8,2,'Opis ukratko','','','',''),(629,6,1,'Marker','empty,commercial,house,land,apartment','','','Pin/Marker/Icon for location on map'),(630,6,2,'Marker','empty,commercial,house,land,apartment','','','Pin/Marker/Icon za lokaciju na karti'),(633,2,1,'Type','Apartment,House,Land,Commercial property','','',''),(634,2,2,'Vrsta','Stan,Kuća,Zemljište,Poslovni prostor','','',''),(635,7,1,'City','','','',''),(636,7,2,'Grad','','','',''),(637,36,1,'Sale price','2000,3000,5000,10000,20000|3000,5000,10000,20000,100000','$','',''),(638,36,2,'Prodajna cijena','2000,3000,5000,10000,20000|3000,5000,10000,20000,100000','','€',''),(639,37,1,'Rent price (excl.)','','$','',''),(640,37,2,'Cijena najma','','','€',''),(641,54,1,'Ownership','Agent,Owner,Builder','','',''),(642,54,2,'Vlasništvo','Agent,Vlasnik,Izvođač','','',''),(643,22,1,'Air conditioning','','','',''),(644,22,2,'Klimatizacija','','','',''),(645,40,1,'Zip code','','','',''),(646,40,2,'Poštanski broj','','','',''),(649,79,1,'Categories','','','',NULL),(650,79,2,'Categories','','','',NULL),(651,57,1,'Size','','','m2',''),(652,57,2,'Veličina precizno','','','m2',''),(653,4,1,'Purpose','Sale,Rent,Sale and Rent','','',''),(654,4,2,'Namjena','Prodaja,Najam,Prodaja i najam','','','');

--
-- Table structure for table `packages`
--

CREATE TABLE `packages` (
  `id` int(11) NOT NULL AUTO_INCREMENT,
  `date_created` datetime DEFAULT NULL,
  `date_modified` datetime DEFAULT NULL,
  `package_name` varchar(60) COLLATE utf8_unicode_ci DEFAULT NULL COMMENT 'FREE\nBASIC\nPREMIUM\n',
  `package_price` decimal(10,2) DEFAULT NULL,
  `package_days` int(11) DEFAULT '0',
  `num_listing_limit` int(11) DEFAULT '0',
  `currency_code` varchar(45) COLLATE utf8_unicode_ci DEFAULT 'USD',
  `show_private_listings` tinyint(1) DEFAULT '1',
  `user_type` varchar(45) COLLATE utf8_unicode_ci DEFAULT '' COMMENT 'USER|AGENT',
  `auto_activation` tinyint(1) DEFAULT '0',
  `num_images_limit` int(11) DEFAULT '1000',
  `num_amenities_limit` int(11) DEFAULT '1000',
  `num_featured_limit` int(11) DEFAULT '0',
  PRIMARY KEY (`id`)
) ENGINE=InnoDB AUTO_INCREMENT=4 DEFAULT CHARSET=utf8 COLLATE=utf8_unicode_ci;

--
-- Dumping data for table `packages`
--

INSERT INTO `packages` VALUES (1,'2014-06-05 21:19:57','2015-04-15 15:17:41','Free',0.00,10,1,'USD',1,'',0,5,5,0),(2,'2014-06-05 21:19:57','2015-10-19 19:42:07','Basic',10.00,30,10,'USD',1,'',1,1000,1000,0),(3,'2014-06-05 21:19:57','2016-04-26 10:22:13','Premium',20.00,30,40,'USD',1,'',1,1000,1000,1);

--
-- Table structure for table `page`
--

CREATE TABLE `page` (
  `id` int(11) NOT NULL AUTO_INCREMENT,
  `parent_id` int(11) DEFAULT NULL,
  `order` int(11) DEFAULT NULL,
  `type` varchar(45) COLLATE utf8_unicode_ci NOT NULL DEFAULT '',
  `date` datetime DEFAULT NULL,
  `date_publish` datetime DEFAULT NULL,
  `template` varchar(100) COLLATE utf8_unicode_ci DEFAULT NULL,
  `template_header` varchar(100) COLLATE utf8_unicode_ci DEFAULT NULL,
  `template_footer` varchar(100) COLLATE utf8_unicode_ci DEFAULT NULL,
  `slug` varchar(160) COLLATE utf8_unicode_ci DEFAULT NULL,
  `repository_id` int(11) DEFAULT NULL,
  `is_visible` tinyint(1) DEFAULT '1',
  `is_private` tinyint(1) DEFAULT '0',
  `image_filename` varchar(200) COLLATE utf8_unicode_ci DEFAULT NULL,
  PRIMARY KEY (`id`)
) ENGINE=InnoDB AUTO_INCREMENT=176 DEFAULT CHARSET=utf8 COLLATE=utf8_unicode_ci;

--
-- Dumping data for table `page`
--

INSERT INTO `page` VALUES (1,0,1,'PAGE',NULL,NULL,'custom_10','','',NULL,40,1,0,NULL),(2,5,12,'PAGE',NULL,NULL,'page_homepage-filters',NULL,NULL,NULL,187,1,0,NULL),(3,5,11,'PAGE',NULL,NULL,'page_homepage-filters','','',NULL,26,1,0,NULL),(4,0,23,'PAGE',NULL,NULL,'page_contact','','',NULL,25,1,0,NULL),(5,0,7,'PAGE','2013-12-12 16:01:35',NULL,'page_agents','','',NULL,24,1,0,'413539183_cc8e400d9d_o.jpg'),(6,175,3,'PAGE','2013-12-29 12:06:05',NULL,'page_homepage','0','',NULL,182,1,0,NULL),(142,5,8,'PAGE','2014-01-04 22:19:49',NULL,'page_news','','',NULL,183,1,0,NULL),(143,5,10,'PAGE','2014-02-10 10:54:19',NULL,'page_customsearch','','',NULL,199,1,0,'162803672_8244db2362_o (1).jpg'),(144,5,13,'PAGE','2014-02-20 16:16:30',NULL,'page_homepage-filters',NULL,NULL,NULL,200,1,0,NULL),(145,5,9,'PAGE','2014-03-02 11:55:40',NULL,'page_fullscreen',NULL,NULL,NULL,201,1,0,NULL),(146,5,14,'PAGE','2014-03-15 18:18:13',NULL,'page_page','','',NULL,202,1,0,NULL),(147,0,6,'PAGE','2014-04-05 10:33:02',NULL,'page_featured',NULL,NULL,NULL,203,1,0,NULL),(151,0,2,'MODULE_NEWS_CATEGORY','2014-04-06 16:07:03',NULL,NULL,NULL,NULL,NULL,NULL,1,0,NULL),(152,0,1,'MODULE_NEWS_CATEGORY','2014-04-06 16:21:32',NULL,NULL,NULL,NULL,NULL,NULL,1,0,NULL),(154,152,13,'MODULE_NEWS_POST','2014-04-06 20:01:32','2014-04-09 19:57:33','page_page',NULL,NULL,NULL,207,1,0,'5388658660_975a93b2ae_b (1).jpg'),(155,151,1,'MODULE_NEWS_POST','2014-04-06 20:13:51','2014-03-08 20:13:05','page_news',NULL,NULL,NULL,208,1,0,'5388050721_b84cf3a0a3_b (1).jpg'),(156,157,17,'ARTICLE','2014-04-08 17:59:20','2014-04-08 17:59:20','page_page',NULL,NULL,NULL,209,1,0,'5388050419_e3ef95b8eb_b (1).jpg'),(157,5,15,'PAGE','2014-04-08 22:08:34',NULL,'page_articles',NULL,NULL,NULL,210,1,0,NULL),(158,157,16,'ARTICLE','2014-04-08 22:30:56','2014-04-08 22:30:56','page_page',NULL,NULL,NULL,211,1,0,'5388051239_00764065f2_b (1).jpg'),(159,151,1,'MODULE_NEWS_POST','2014-04-15 18:37:33','2014-04-15 18:36:57','page_page',NULL,NULL,NULL,240,1,0,'5388057701_5a618e8a9e_b (1).jpg'),(160,5,18,'PAGE','2014-04-27 20:45:54',NULL,'page_showroom',NULL,NULL,NULL,242,1,0,NULL),(161,5,19,'PAGE','2014-05-10 13:27:50',NULL,'page_expert',NULL,NULL,NULL,245,1,0,NULL),(162,5,20,'PAGE','2014-05-20 19:05:57',NULL,'page_page',NULL,NULL,NULL,246,0,0,NULL),(163,5,21,'PAGE','2014-06-30 18:24:25',NULL,'page_page',NULL,NULL,NULL,248,1,1,NULL),(169,0,5,'PAGE','2014-08-01 19:02:31','2014-08-01 19:02:31','page_agents-list','','',NULL,255,1,0,NULL),(173,5,22,'PAGE','2015-01-20 18:56:43','2015-01-20 18:56:43','page_sitemap',NULL,NULL,NULL,279,1,0,NULL),(174,175,4,'PAGE','2020-04-07 10:49:25','2020-04-07 10:49:25','page_homepage-filters','0','',NULL,492,1,0,NULL),(175,0,2,'PAGE','2020-04-07 10:50:12','2020-04-07 10:50:12','custom_10','0','',NULL,493,1,0,NULL);

--
-- Table structure for table `page_lang`
--

CREATE TABLE `page_lang` (
  `id_page_lang` int(11) NOT NULL AUTO_INCREMENT,
  `page_id` int(11) NOT NULL,
  `language_id` int(11) NOT NULL,
  `title` varchar(160) COLLATE utf8_unicode_ci DEFAULT NULL,
  `navigation_title` varchar(160) COLLATE utf8_unicode_ci DEFAULT NULL,
  `body` text COLLATE utf8_unicode_ci,
  `description` text COLLATE utf8_unicode_ci,
  `keywords` varchar(200) COLLATE utf8_unicode_ci DEFAULT NULL,
  `slug` varchar(100) COLLATE utf8_unicode_ci DEFAULT NULL,
  PRIMARY KEY (`id_page_lang`),
  KEY `fk_page_language1` (`language_id`),
  KEY `fk_page_lang_page1_idx` (`page_id`),
  CONSTRAINT `fk_page_lang_page1` FOREIGN KEY (`page_id`) REFERENCES `page` (`id`) ON DELETE NO ACTION ON UPDATE NO ACTION,
  CONSTRAINT `fk_page_language10` FOREIGN KEY (`language_id`) REFERENCES `language` (`id`) ON DELETE NO ACTION ON UPDATE NO ACTION
) ENGINE=InnoDB AUTO_INCREMENT=839 DEFAULT CHARSET=utf8 COLLATE=utf8_unicode_ci;

--
-- Dumping data for table `page_lang`
--

INSERT INTO `page_lang` VALUES (285,152,1,'My blog',NULL,NULL,NULL,NULL,NULL),(286,152,2,'Moj blog',NULL,NULL,NULL,NULL,NULL),(301,151,1,'Top news',NULL,NULL,NULL,NULL,NULL),(302,151,2,'Top vijesti',NULL,NULL,NULL,NULL,NULL),(311,157,1,'Articles','Articles','','','',NULL),(312,157,2,'Članci','Članci','','','',NULL),(319,156,1,'Article test','Article test','<p>\r\nLorem ipsum dolor sit amet, consectetur adipiscing elit. Suspendisse \r\nsollicitudin commodo cursus. Nunc varius accumsan ultrices. Quisque \r\nhendrerit mi id ullamcorper pretium. Lorem ipsum dolor sit amet, \r\nconsectetur adipiscing elit. Nam ac metus vitae nibh aliquet adipiscing \r\nquis at nibh. Nullam lacinia magna sed enim ullamcorper rutrum. Proin \r\nquis vulputate est. Duis vitae purus vel mauris rutrum bibendum eu sit \r\namet erat. Vestibulum accumsan dapibus mauris, faucibus vehicula ipsum \r\ntempor pharetra. Sed porta, purus sit amet sollicitudin vestibulum, leo \r\nneque fringilla mauris, quis semper odio ante non arcu. Suspendisse \r\nporttitor mollis nisi, eu imperdiet eros condimentum at. Nunc tempor \r\nsodales suscipit.\r\n</p>\r\n<p>\r\n<span style=\"font-weight: bold;\">Sed sed mollis nunc. Interdum et malesuada fames ac ante ipsum primis in\r\n faucibus. Proin luctus semper eros, quis egestas leo. Pellentesque \r\nrisus felis, vulputate eu massa et, rhoncus molestie dui. Vivamus \r\nmalesuada dui nec cursus lobortis. Donec augue tortor, accumsan id lacus\r\n quis, suscipit ullamcorper dolor. Nunc ullamcorper elit suscipit, \r\nmollis tortor in, pharetra purus. Sed dapibus dolor mauris, quis \r\nelementum arcu auctor id. Maecenas eget orci in lacus vestibulum \r\nvehicula. Pellentesque et felis eget diam hendrerit ultricies. Quisque \r\nsit amet tellus odio. Nulla pharetra turpis non turpis molestie, \r\nsuscipit tincidunt nisl lobortis. In eget porttitor libero. Proin non \r\nbibendum nisi, vitae volutpat nisl. Vivamus pretium scelerisque risus, \r\nnon tristique arcu cursus eu. Cras velit lacus, venenatis ut mi \r\nmalesuada, dapibus viverra nisi.\r\n</span></p>\r\n<p>\r\n<span style=\"font-style: italic;\">Aliquam dapibus lorem vitae leo euismod commodo. Cras porttitor leo \r\neleifend velit malesuada pretium. Praesent ac auctor purus. Mauris \r\nligula ligula, hendrerit at justo in, molestie viverra sapien. In \r\nplacerat sem risus, a convallis massa viverra nec. Vestibulum ante ipsum\r\n primis in faucibus orci luctus et ultrices posuere cubilia Curae; \r\nPraesent ac justo in orci aliquet lacinia ut vitae nibh. Quisque pretium\r\n quam nibh, imperdiet pulvinar ligula dictum id. In a auctor arcu. Fusce\r\n feugiat purus eget odio congue, mollis iaculis nulla tincidunt. Sed nec\r\n massa vulputate, pretium nisi malesuada, lacinia ligula.\r\n</span></p>\r\n<p>\r\nVestibulum eget tempor mauris. Praesent tincidunt enim eu massa \r\ntristique, pellentesque faucibus ipsum pharetra. Sed pulvinar convallis \r\ntortor eget placerat. Duis mattis tempus sollicitudin. Praesent eu porta\r\n libero, sed consectetur risus. Cum sociis natoque penatibus et magnis \r\ndis parturient montes, nascetur ridiculus mus. Duis vulputate, arcu nec \r\ntincidunt lacinia, mi velit malesuada sapien, a commodo lacus lacus sit \r\namet nisl. Donec rhoncus lectus sit amet sem dictum interdum. Vivamus \r\nlobortis tortor fringilla est gravida ultricies. Integer ut mauris quam.\r\n</p>','Lorem ipsum dolor sit amet, consectetur adipiscing elit. Suspendisse sollicitudin commodo cursus. Nunc varius accumsan ultrices. Quisque hendrerit mi id ullamcorper pretium. Lorem ipsum dolor sit amet, consectetur adipiscing elit.','Article test',NULL),(320,156,2,'Test članak','Test članak','<p>\r\nLorem ipsum dolor sit amet, consectetur adipiscing elit. Suspendisse \r\nsollicitudin commodo cursus. Nunc varius accumsan ultrices. Quisque \r\nhendrerit mi id ullamcorper pretium. Lorem ipsum dolor sit amet, \r\nconsectetur adipiscing elit. Nam ac metus vitae nibh aliquet adipiscing \r\nquis at nibh. Nullam lacinia magna sed enim ullamcorper rutrum. Proin \r\nquis vulputate est. Duis vitae purus vel mauris rutrum bibendum eu sit \r\namet erat. Vestibulum accumsan dapibus mauris, faucibus vehicula ipsum \r\ntempor pharetra. Sed porta, purus sit amet sollicitudin vestibulum, leo \r\nneque fringilla mauris, quis semper odio ante non arcu. Suspendisse \r\nporttitor mollis nisi, eu imperdiet eros condimentum at. Nunc tempor \r\nsodales suscipit.\r\n</p>\r\n<p>\r\n<span style=\"font-weight: bold;\">Sed sed mollis nunc. Interdum et malesuada fames ac ante ipsum primis in\r\n faucibus. Proin luctus semper eros, quis egestas leo. Pellentesque \r\nrisus felis, vulputate eu massa et, rhoncus molestie dui. Vivamus \r\nmalesuada dui nec cursus lobortis. Donec augue tortor, accumsan id lacus\r\n quis, suscipit ullamcorper dolor. Nunc ullamcorper elit suscipit, \r\nmollis tortor in, pharetra purus. Sed dapibus dolor mauris, quis \r\nelementum arcu auctor id. Maecenas eget orci in lacus vestibulum \r\nvehicula. Pellentesque et felis eget diam hendrerit ultricies. Quisque \r\nsit amet tellus odio. Nulla pharetra turpis non turpis molestie, \r\nsuscipit tincidunt nisl lobortis. In eget porttitor libero. Proin non \r\nbibendum nisi, vitae volutpat nisl. Vivamus pretium scelerisque risus, \r\nnon tristique arcu cursus eu. Cras velit lacus, venenatis ut mi \r\nmalesuada, dapibus viverra nisi.\r\n</span></p>\r\n<p>\r\n<span style=\"font-style: italic;\">Aliquam dapibus lorem vitae leo euismod commodo. Cras porttitor leo \r\neleifend velit malesuada pretium. Praesent ac auctor purus. Mauris \r\nligula ligula, hendrerit at justo in, molestie viverra sapien. In \r\nplacerat sem risus, a convallis massa viverra nec. Vestibulum ante ipsum\r\n primis in faucibus orci luctus et ultrices posuere cubilia Curae; \r\nPraesent ac justo in orci aliquet lacinia ut vitae nibh. Quisque pretium\r\n quam nibh, imperdiet pulvinar ligula dictum id. In a auctor arcu. Fusce\r\n feugiat purus eget odio congue, mollis iaculis nulla tincidunt. Sed nec\r\n massa vulputate, pretium nisi malesuada, lacinia ligula.\r\n</span></p>\r\n<p>\r\nVestibulum eget tempor mauris. Praesent tincidunt enim eu massa \r\ntristique, pellentesque faucibus ipsum pharetra. Sed pulvinar convallis \r\ntortor eget placerat. Duis mattis tempus sollicitudin. Praesent eu porta\r\n libero, sed consectetur risus. Cum sociis natoque penatibus et magnis \r\ndis parturient montes, nascetur ridiculus mus. Duis vulputate, arcu nec \r\ntincidunt lacinia, mi velit malesuada sapien, a commodo lacus lacus sit \r\namet nisl. Donec rhoncus lectus sit amet sem dictum interdum. Vivamus \r\nlobortis tortor fringilla est gravida ultricies. Integer ut mauris quam.\r\n</p>','Lorem ipsum dolor sit amet, consectetur adipiscing elit. Suspendisse sollicitudin commodo cursus. Nunc varius accumsan ultrices. Quisque hendrerit mi id ullamcorper pretium. Lorem ipsum dolor sit amet, consectetur adipiscing elit.','Test članak',NULL),(321,158,1,'Test article 2','Test article 2','<p>\r\nLorem ipsum dolor sit amet, consectetur adipiscing elit. Suspendisse \r\nsollicitudin commodo cursus. Nunc varius accumsan ultrices. Quisque \r\nhendrerit mi id ullamcorper pretium. Lorem ipsum dolor sit amet, \r\nconsectetur adipiscing elit. Nam ac metus vitae nibh aliquet adipiscing \r\nquis at nibh. Nullam lacinia magna sed enim ullamcorper rutrum. Proin \r\nquis vulputate est. Duis vitae purus vel mauris rutrum bibendum eu sit \r\namet erat. Vestibulum accumsan dapibus mauris, faucibus vehicula ipsum \r\ntempor pharetra. Sed porta, purus sit amet sollicitudin vestibulum, leo \r\nneque fringilla mauris, quis semper odio ante non arcu. Suspendisse \r\nporttitor mollis nisi, eu imperdiet eros condimentum at. Nunc tempor \r\nsodales suscipit.\r\n</p>\r\n<p>\r\n<span style=\"font-weight: bold;\">Sed sed mollis nunc. Interdum et malesuada fames ac ante ipsum primis in\r\n faucibus. Proin luctus semper eros, quis egestas leo. Pellentesque \r\nrisus felis, vulputate eu massa et, rhoncus molestie dui. Vivamus \r\nmalesuada dui nec cursus lobortis. Donec augue tortor, accumsan id lacus\r\n quis, suscipit ullamcorper dolor. Nunc ullamcorper elit suscipit, \r\nmollis tortor in, pharetra purus. Sed dapibus dolor mauris, quis \r\nelementum arcu auctor id. Maecenas eget orci in lacus vestibulum \r\nvehicula. Pellentesque et felis eget diam hendrerit ultricies. Quisque \r\nsit amet tellus odio. Nulla pharetra turpis non turpis molestie, \r\nsuscipit tincidunt nisl lobortis. In eget porttitor libero. Proin non \r\nbibendum nisi, vitae volutpat nisl. Vivamus pretium scelerisque risus, \r\nnon tristique arcu cursus eu. Cras velit lacus, venenatis ut mi \r\nmalesuada, dapibus viverra nisi.\r\n</span></p>\r\n<p>\r\n<span style=\"font-style: italic;\">Aliquam dapibus lorem vitae leo euismod commodo. Cras porttitor leo \r\neleifend velit malesuada pretium. Praesent ac auctor purus. Mauris \r\nligula ligula, hendrerit at justo in, molestie viverra sapien. In \r\nplacerat sem risus, a convallis massa viverra nec. Vestibulum ante ipsum\r\n primis in faucibus orci luctus et ultrices posuere cubilia Curae; \r\nPraesent ac justo in orci aliquet lacinia ut vitae nibh. Quisque pretium\r\n quam nibh, imperdiet pulvinar ligula dictum id. In a auctor arcu. Fusce\r\n feugiat purus eget odio congue, mollis iaculis nulla tincidunt. Sed nec\r\n massa vulputate, pretium nisi malesuada, lacinia ligula.\r\n</span></p>\r\n<p>\r\nVestibulum eget tempor mauris. Praesent tincidunt enim eu massa \r\ntristique, pellentesque faucibus ipsum pharetra. Sed pulvinar convallis \r\ntortor eget placerat. Duis mattis tempus sollicitudin. Praesent eu porta\r\n libero, sed consectetur risus. Cum sociis natoque penatibus et magnis \r\ndis parturient montes, nascetur ridiculus mus. Duis vulputate, arcu nec \r\ntincidunt lacinia, mi velit malesuada sapien, a commodo lacus lacus sit \r\namet nisl. Donec rhoncus lectus sit amet sem dictum interdum. Vivamus \r\nlobortis tortor fringilla est gravida ultricies. Integer ut mauris quam.\r\n</p>','Lorem ipsum dolor sit amet, consectetur adipiscing elit. Suspendisse sollicitudin commodo cursus. Nunc varius accumsan ultrices. Quisque hendrerit mi id ullamcorper pretium. Lorem ipsum dolor sit amet, consectetur adipiscing elit.','Test article 2',NULL),(322,158,2,'Test članak 2','Test članak 2','<p>\r\nLorem ipsum dolor sit amet, consectetur adipiscing elit. Suspendisse \r\nsollicitudin commodo cursus. Nunc varius accumsan ultrices. Quisque \r\nhendrerit mi id ullamcorper pretium. Lorem ipsum dolor sit amet, \r\nconsectetur adipiscing elit. Nam ac metus vitae nibh aliquet adipiscing \r\nquis at nibh. Nullam lacinia magna sed enim ullamcorper rutrum. Proin \r\nquis vulputate est. Duis vitae purus vel mauris rutrum bibendum eu sit \r\namet erat. Vestibulum accumsan dapibus mauris, faucibus vehicula ipsum \r\ntempor pharetra. Sed porta, purus sit amet sollicitudin vestibulum, leo \r\nneque fringilla mauris, quis semper odio ante non arcu. Suspendisse \r\nporttitor mollis nisi, eu imperdiet eros condimentum at. Nunc tempor \r\nsodales suscipit.\r\n</p>\r\n<p>\r\n<span style=\"font-weight: bold;\">Sed sed mollis nunc. Interdum et malesuada fames ac ante ipsum primis in\r\n faucibus. Proin luctus semper eros, quis egestas leo. Pellentesque \r\nrisus felis, vulputate eu massa et, rhoncus molestie dui. Vivamus \r\nmalesuada dui nec cursus lobortis. Donec augue tortor, accumsan id lacus\r\n quis, suscipit ullamcorper dolor. Nunc ullamcorper elit suscipit, \r\nmollis tortor in, pharetra purus. Sed dapibus dolor mauris, quis \r\nelementum arcu auctor id. Maecenas eget orci in lacus vestibulum \r\nvehicula. Pellentesque et felis eget diam hendrerit ultricies. Quisque \r\nsit amet tellus odio. Nulla pharetra turpis non turpis molestie, \r\nsuscipit tincidunt nisl lobortis. In eget porttitor libero. Proin non \r\nbibendum nisi, vitae volutpat nisl. Vivamus pretium scelerisque risus, \r\nnon tristique arcu cursus eu. Cras velit lacus, venenatis ut mi \r\nmalesuada, dapibus viverra nisi.\r\n</span></p>\r\n<p>\r\n<span style=\"font-style: italic;\">Aliquam dapibus lorem vitae leo euismod commodo. Cras porttitor leo \r\neleifend velit malesuada pretium. Praesent ac auctor purus. Mauris \r\nligula ligula, hendrerit at justo in, molestie viverra sapien. In \r\nplacerat sem risus, a convallis massa viverra nec. Vestibulum ante ipsum\r\n primis in faucibus orci luctus et ultrices posuere cubilia Curae; \r\nPraesent ac justo in orci aliquet lacinia ut vitae nibh. Quisque pretium\r\n quam nibh, imperdiet pulvinar ligula dictum id. In a auctor arcu. Fusce\r\n feugiat purus eget odio congue, mollis iaculis nulla tincidunt. Sed nec\r\n massa vulputate, pretium nisi malesuada, lacinia ligula.\r\n</span></p>\r\n<p>\r\nVestibulum eget tempor mauris. Praesent tincidunt enim eu massa \r\ntristique, pellentesque faucibus ipsum pharetra. Sed pulvinar convallis \r\ntortor eget placerat. Duis mattis tempus sollicitudin. Praesent eu porta\r\n libero, sed consectetur risus. Cum sociis natoque penatibus et magnis \r\ndis parturient montes, nascetur ridiculus mus. Duis vulputate, arcu nec \r\ntincidunt lacinia, mi velit malesuada sapien, a commodo lacus lacus sit \r\namet nisl. Donec rhoncus lectus sit amet sem dictum interdum. Vivamus \r\nlobortis tortor fringilla est gravida ultricies. Integer ut mauris quam.\r\n</p>','Lorem ipsum dolor sit amet, consectetur adipiscing elit. Suspendisse sollicitudin commodo cursus. Nunc varius accumsan ultrices. Quisque hendrerit mi id ullamcorper pretium. Lorem ipsum dolor sit amet, consectetur adipiscing elit.','Test članak 2',NULL),(325,159,1,'Test news category 2','Test news category 2','<p>\r\nLorem ipsum dolor sit amet, consectetur adipiscing elit. Suspendisse \r\nsollicitudin commodo cursus. Nunc varius accumsan ultrices. Quisque \r\nhendrerit mi id ullamcorper pretium. Lorem ipsum dolor sit amet, \r\nconsectetur adipiscing elit. Nam ac metus vitae nibh aliquet adipiscing \r\nquis at nibh. Nullam lacinia magna sed enim ullamcorper rutrum. Proin \r\nquis vulputate est. Duis vitae purus vel mauris rutrum bibendum eu sit \r\namet erat. Vestibulum accumsan dapibus mauris, faucibus vehicula ipsum \r\ntempor pharetra. Sed porta, purus sit amet sollicitudin vestibulum, leo \r\nneque fringilla mauris, quis semper odio ante non arcu. Suspendisse \r\nporttitor mollis nisi, eu imperdiet eros condimentum at. Nunc tempor \r\nsodales suscipit.\r\n</p>\r\n<p>\r\n<span style=\"font-weight: bold;\">Sed sed mollis nunc. Interdum et malesuada fames ac ante ipsum primis in\r\n faucibus. Proin luctus semper eros, quis egestas leo. Pellentesque \r\nrisus felis, vulputate eu massa et, rhoncus molestie dui. Vivamus \r\nmalesuada dui nec cursus lobortis. Donec augue tortor, accumsan id lacus\r\n quis, suscipit ullamcorper dolor. Nunc ullamcorper elit suscipit, \r\nmollis tortor in, pharetra purus. Sed dapibus dolor mauris, quis \r\nelementum arcu auctor id. Maecenas eget orci in lacus vestibulum \r\nvehicula. Pellentesque et felis eget diam hendrerit ultricies. Quisque \r\nsit amet tellus odio. Nulla pharetra turpis non turpis molestie, \r\nsuscipit tincidunt nisl lobortis. In eget porttitor libero. Proin non \r\nbibendum nisi, vitae volutpat nisl. Vivamus pretium scelerisque risus, \r\nnon tristique arcu cursus eu. Cras velit lacus, venenatis ut mi \r\nmalesuada, dapibus viverra nisi.\r\n</span></p>\r\n<p>\r\n<span style=\"font-style: italic;\">Aliquam dapibus lorem vitae leo euismod commodo. Cras porttitor leo \r\neleifend velit malesuada pretium. Praesent ac auctor purus. Mauris \r\nligula ligula, hendrerit at justo in, molestie viverra sapien. In \r\nplacerat sem risus, a convallis massa viverra nec. Vestibulum ante ipsum\r\n primis in faucibus orci luctus et ultrices posuere cubilia Curae; \r\nPraesent ac justo in orci aliquet lacinia ut vitae nibh. Quisque pretium\r\n quam nibh, imperdiet pulvinar ligula dictum id. In a auctor arcu. Fusce\r\n feugiat purus eget odio congue, mollis iaculis nulla tincidunt. Sed nec\r\n massa vulputate, pretium nisi malesuada, lacinia ligula.\r\n</span></p>\r\n<p>\r\nVestibulum eget tempor mauris. Praesent tincidunt enim eu massa \r\ntristique, pellentesque faucibus ipsum pharetra. Sed pulvinar convallis \r\ntortor eget placerat. Duis mattis tempus sollicitudin. Praesent eu porta\r\n libero, sed consectetur risus. Cum sociis natoque penatibus et magnis \r\ndis parturient montes, nascetur ridiculus mus. Duis vulputate, arcu nec \r\ntincidunt lacinia, mi velit malesuada sapien, a commodo lacus lacus sit \r\namet nisl. Donec rhoncus lectus sit amet sem dictum interdum. Vivamus \r\nlobortis tortor fringilla est gravida ultricies. Integer ut mauris quam.\r\n</p>','Lorem ipsum dolor sit amet, consectetur adipiscing elit. Suspendisse sollicitudin commodo cursus. Nunc varius accumsan ultrices. Quisque hendrerit mi id ullamcorper pretium. Lorem ipsum dolor sit amet, consectetur adipiscing elit.','Test news category 2',NULL),(326,159,2,'Test news category 2','Test news category 2','<p>\r\nLorem ipsum dolor sit amet, consectetur adipiscing elit. Suspendisse \r\nsollicitudin commodo cursus. Nunc varius accumsan ultrices. Quisque \r\nhendrerit mi id ullamcorper pretium. Lorem ipsum dolor sit amet, \r\nconsectetur adipiscing elit. Nam ac metus vitae nibh aliquet adipiscing \r\nquis at nibh. Nullam lacinia magna sed enim ullamcorper rutrum. Proin \r\nquis vulputate est. Duis vitae purus vel mauris rutrum bibendum eu sit \r\namet erat. Vestibulum accumsan dapibus mauris, faucibus vehicula ipsum \r\ntempor pharetra. Sed porta, purus sit amet sollicitudin vestibulum, leo \r\nneque fringilla mauris, quis semper odio ante non arcu. Suspendisse \r\nporttitor mollis nisi, eu imperdiet eros condimentum at. Nunc tempor \r\nsodales suscipit.\r\n</p>\r\n<p>\r\n<span style=\"font-weight: bold;\">Sed sed mollis nunc. Interdum et malesuada fames ac ante ipsum primis in\r\n faucibus. Proin luctus semper eros, quis egestas leo. Pellentesque \r\nrisus felis, vulputate eu massa et, rhoncus molestie dui. Vivamus \r\nmalesuada dui nec cursus lobortis. Donec augue tortor, accumsan id lacus\r\n quis, suscipit ullamcorper dolor. Nunc ullamcorper elit suscipit, \r\nmollis tortor in, pharetra purus. Sed dapibus dolor mauris, quis \r\nelementum arcu auctor id. Maecenas eget orci in lacus vestibulum \r\nvehicula. Pellentesque et felis eget diam hendrerit ultricies. Quisque \r\nsit amet tellus odio. Nulla pharetra turpis non turpis molestie, \r\nsuscipit tincidunt nisl lobortis. In eget porttitor libero. Proin non \r\nbibendum nisi, vitae volutpat nisl. Vivamus pretium scelerisque risus, \r\nnon tristique arcu cursus eu. Cras velit lacus, venenatis ut mi \r\nmalesuada, dapibus viverra nisi.\r\n</span></p>\r\n<p>\r\n<span style=\"font-style: italic;\">Aliquam dapibus lorem vitae leo euismod commodo. Cras porttitor leo \r\neleifend velit malesuada pretium. Praesent ac auctor purus. Mauris \r\nligula ligula, hendrerit at justo in, molestie viverra sapien. In \r\nplacerat sem risus, a convallis massa viverra nec. Vestibulum ante ipsum\r\n primis in faucibus orci luctus et ultrices posuere cubilia Curae; \r\nPraesent ac justo in orci aliquet lacinia ut vitae nibh. Quisque pretium\r\n quam nibh, imperdiet pulvinar ligula dictum id. In a auctor arcu. Fusce\r\n feugiat purus eget odio congue, mollis iaculis nulla tincidunt. Sed nec\r\n massa vulputate, pretium nisi malesuada, lacinia ligula.\r\n</span></p>\r\n<p>\r\nVestibulum eget tempor mauris. Praesent tincidunt enim eu massa \r\ntristique, pellentesque faucibus ipsum pharetra. Sed pulvinar convallis \r\ntortor eget placerat. Duis mattis tempus sollicitudin. Praesent eu porta\r\n libero, sed consectetur risus. Cum sociis natoque penatibus et magnis \r\ndis parturient montes, nascetur ridiculus mus. Duis vulputate, arcu nec \r\ntincidunt lacinia, mi velit malesuada sapien, a commodo lacus lacus sit \r\namet nisl. Donec rhoncus lectus sit amet sem dictum interdum. Vivamus \r\nlobortis tortor fringilla est gravida ultricies. Integer ut mauris quam.\r\n</p>','Lorem ipsum dolor sit amet, consectetur adipiscing elit. Suspendisse sollicitudin commodo cursus. Nunc varius accumsan ultrices. Quisque hendrerit mi id ullamcorper pretium. Lorem ipsum dolor sit amet, consectetur adipiscing elit.','Test news category 2',NULL),(327,160,1,'Showroom','Showroom','Showroom','Showroom','Showroom',NULL),(328,160,2,'Showroom','Showroom','Showroom','Showroom','Showroom',NULL),(331,161,1,'Ask Expert','Ask Expert','Lorem ipsum dolor sit amet, consectetur adipiscing elit. Suspendisse \r\nsollicitudin commodo cursus. Nunc varius accumsan ultrices. Quisque \r\nhendrerit mi id ullamcorper pretium. Lorem ipsum dolor sit amet, \r\nconsectetur adipiscing elit. Nam ac metus vitae nibh aliquet adipiscing \r\nquis at nibh. Nullam lacinia magna sed enim ullamcorper rutrum.','Ask Expert','Ask Expert',NULL),(332,161,2,'Pitaj eksperta','Pitaj eksperta','Lorem ipsum dolor sit amet, consectetur adipiscing elit. Suspendisse \r\nsollicitudin commodo cursus. Nunc varius accumsan ultrices. Quisque \r\nhendrerit mi id ullamcorper pretium. Lorem ipsum dolor sit amet, \r\nconsectetur adipiscing elit. Nam ac metus vitae nibh aliquet adipiscing \r\nquis at nibh. Nullam lacinia magna sed enim ullamcorper rutrum.','Pitaj eksperta','Pitaj eksperta',NULL),(337,162,1,'Hidden page example','Hidden page example','Hidden page example','Hidden page example','Hidden page example',NULL),(338,162,2,'Primjer skrivene stranice','Primjer skrivene stranice','Primjer skrivene stranice','Primjer skrivene stranice','Primjer skrivene stranice',NULL),(345,163,1,'Private page','Private page','Private page, only visible for logged users.<br>','Private page','Private page',NULL),(346,163,2,'Privatna stranica','Privatna stranica','Privatna stranica, vidljiva samo prijavljenim posjetiteljima.<br>','Privatna stranica','Privatna stranica',NULL),(459,147,1,'Featured','Featured','Featured properties example','Featured properties example','Featured','featured'),(460,147,2,'Izdvojene','Izdvojene','Izdvojene nekretnine','Izdvojene nekretnine','Izdvojene','izdvojene'),(465,145,1,'Fullscreen','Full','Fullscreen<br>','Fullscreen','Fullscreen','fullscreen'),(466,145,2,'Puni zaslon','Full','Puni zaslon','Puni zaslon','Puni zaslon','puni-zaslon'),(475,2,1,'Sale','Sale','','','','sale'),(476,2,2,'Prodaja','Prodaja','','','','prodaja'),(477,144,1,'Sale and Rent','Sale and Rent','<br>','Sale and Rent','Sale and Rent','sale-and-rent'),(478,144,2,'Prodaja i najam','Prodaja i najam','<br>','Prodaja i najam','Prodaja i najam','prodaja-i-najam'),(503,173,1,'Treefield sitemap','Treefield sitemap','<h3>Neighborhood Sitemap</h3>','Sitemap','Sitemap','sitemap'),(504,173,2,'Treefield sitemap','Treefield sitemap','<h3>Neighborhood Sitemap</h3>','Sitemap','Sitemap','sitemap1'),(571,3,1,'Rent','Rent','','','','0'),(572,3,2,'Najam','Najam','','','najam,apartman','0'),(613,146,1,'Google link','Google link','http://www.google.com','This is just a link example, so you need enter your link to keywords with \'http\'','http://www.google.com','0'),(614,146,2,'Google link','Google link','http://www.google.com','This is just a link example, so you need enter your link to keywords with \'http\'','http://www.google.com','0'),(629,4,1,'Contact','Contact','<span style=\"font-weight: bold;\">Real estate point</span><br><span style=\"font-style: italic;\"><span style=\"font-weight: bold;\"><span><span>Real Estate Agency</span></span></span></span><br>Ilica 345<br>HR-10000 Zagreb<br><br><span style=\"font-weight: bold;\"><span>Tel:</span></span> +385 (0)1 123 321<br><span style=\"font-weight: bold;\"><span>Fax:</span></span> +385 (0)1 123 322<br><span style=\"font-weight: bold;\"><span>Mail:</span></span> info@info.info<br>','Short description','Contact','0'),(630,4,2,'Kontakt','Kontakt','<span style=\"font-weight: bold;\">Real estate point</span><br><span style=\"font-style: italic;\"><span style=\"font-weight: bold;\"><span><span>Real Estate Agency</span></span></span></span><br>Ilica 345<br>HR-10000 Zagreb<br><br><span style=\"font-weight: bold;\"><span bold;\"=\"\">Tel:</span></span> +385 (0)1 123 321<br><span style=\"font-weight: bold;\"><span bold;\"=\"\">Fax:</span></span> +385 (0)1 123 322<br><span style=\"font-weight: bold;\"><span bold;\"=\"\">Mail:</span></span> info@info.info','Kratki opis','Kontakt','0'),(639,5,1,'About us','About us','<p>\r\nLorem ipsum dolor sit amet, consectetur adipiscing elit. Suspendisse \r\nsollicitudin commodo cursus. Nunc varius accumsan ultrices. Quisque \r\nhendrerit mi id ullamcorper pretium. Lorem ipsum dolor sit amet, \r\nconsectetur adipiscing elit. Nam ac metus vitae nibh aliquet adipiscing \r\nquis at nibh. Nullam lacinia magna sed enim ullamcorper rutrum. Proin \r\nquis vulputate est. Duis vitae purus vel mauris rutrum bibendum eu sit \r\namet erat. Vestibulum accumsan dapibus mauris, faucibus vehicula ipsum \r\ntempor pharetra. Sed porta, purus sit amet sollicitudin vestibulum, leo \r\nneque fringilla mauris, quis semper odio ante non arcu. Suspendisse \r\nporttitor mollis nisi, eu imperdiet eros condimentum at. Nunc tempor \r\nsodales suscipit.\r\n</p>\r\n<p>\r\n<span style=\"font-weight: bold;\">Sed sed mollis nunc. Interdum et malesuada fames ac ante ipsum primis in\r\n faucibus. Proin luctus semper eros, quis egestas leo. Pellentesque \r\nrisus felis, vulputate eu massa et, rhoncus molestie dui. Vivamus \r\nmalesuada dui nec cursus lobortis. Donec augue tortor, accumsan id lacus\r\n quis, suscipit ullamcorper dolor. Nunc ullamcorper elit suscipit, \r\nmollis tortor in, pharetra purus. Sed dapibus dolor mauris, quis \r\nelementum arcu auctor id. Maecenas eget orci in lacus vestibulum \r\nvehicula. Pellentesque et felis eget diam hendrerit ultricies. Quisque \r\nsit amet tellus odio. Nulla pharetra turpis non turpis molestie, \r\nsuscipit tincidunt nisl lobortis. In eget porttitor libero. Proin non \r\nbibendum nisi, vitae volutpat nisl. Vivamus pretium scelerisque risus, \r\nnon tristique arcu cursus eu. Cras velit lacus, venenatis ut mi \r\nmalesuada, dapibus viverra nisi.\r\n</span></p>\r\n<p>\r\n<span style=\"font-style: italic;\">Aliquam dapibus lorem vitae leo euismod commodo. Cras porttitor leo \r\neleifend velit malesuada pretium. Praesent ac auctor purus. Mauris \r\nligula ligula, hendrerit at justo in, molestie viverra sapien. In \r\nplacerat sem risus, a convallis massa viverra nec. Vestibulum ante ipsum\r\n primis in faucibus orci luctus et ultrices posuere cubilia Curae; \r\nPraesent ac justo in orci aliquet lacinia ut vitae nibh. Quisque pretium\r\n quam nibh, imperdiet pulvinar ligula dictum id. In a auctor arcu. Fusce\r\n feugiat purus eget odio congue, mollis iaculis nulla tincidunt. Sed nec\r\n massa vulputate, pretium nisi malesuada, lacinia ligula.\r\n</span></p>\r\n<p>\r\nVestibulum eget tempor mauris. Praesent tincidunt enim eu massa \r\ntristique, pellentesque faucibus ipsum pharetra. Sed pulvinar convallis \r\ntortor eget placerat. Duis mattis tempus sollicitudin. Praesent eu porta\r\n libero, sed consectetur risus. Cum sociis natoque penatibus et magnis \r\ndis parturient montes, nascetur ridiculus mus. Duis vulputate, arcu nec \r\ntincidunt lacinia, mi velit malesuada sapien, a commodo lacus lacus sit \r\namet nisl. Donec rhoncus lectus sit amet sem dictum interdum. Vivamus \r\nlobortis tortor fringilla est gravida ultricies. Integer ut mauris quam.\r\n</p><p><br></p><p>Test</p>','Lorem ipsum dolor sit amet, consectetur adipiscing elit. Suspendisse sollicitudin commodo cursus. Nunc varius accumsan ultrices.','About us','0'),(640,5,2,'O nama','O nama','<p>\r\nLorem ipsum dolor sit amet, consectetur adipiscing elit. Suspendisse \r\nsollicitudin commodo cursus. Nunc varius accumsan ultrices. Quisque \r\nhendrerit mi id ullamcorper pretium. Lorem ipsum dolor sit amet, \r\nconsectetur adipiscing elit. Nam ac metus vitae nibh aliquet adipiscing \r\nquis at nibh. Nullam lacinia magna sed enim ullamcorper rutrum. Proin \r\nquis vulputate est. Duis vitae purus vel mauris rutrum bibendum eu sit \r\namet erat. Vestibulum accumsan dapibus mauris, faucibus vehicula ipsum \r\ntempor pharetra. Sed porta, purus sit amet sollicitudin vestibulum, leo \r\nneque fringilla mauris, quis semper odio ante non arcu. Suspendisse \r\nporttitor mollis nisi, eu imperdiet eros condimentum at. Nunc tempor \r\nsodales suscipit.\r\n</p>\r\n<p>\r\n<span style=\"font-weight: bold;\">Sed sed mollis nunc. Interdum et malesuada fames ac ante ipsum primis in\r\n faucibus. Proin luctus semper eros, quis egestas leo. Pellentesque \r\nrisus felis, vulputate eu massa et, rhoncus molestie dui. Vivamus \r\nmalesuada dui nec cursus lobortis. Donec augue tortor, accumsan id lacus\r\n quis, suscipit ullamcorper dolor. Nunc ullamcorper elit suscipit, \r\nmollis tortor in, pharetra purus. Sed dapibus dolor mauris, quis \r\nelementum arcu auctor id. Maecenas eget orci in lacus vestibulum \r\nvehicula. Pellentesque et felis eget diam hendrerit ultricies. Quisque \r\nsit amet tellus odio. Nulla pharetra turpis non turpis molestie, \r\nsuscipit tincidunt nisl lobortis. In eget porttitor libero. Proin non \r\nbibendum nisi, vitae volutpat nisl. Vivamus pretium scelerisque risus, \r\nnon tristique arcu cursus eu. Cras velit lacus, venenatis ut mi \r\nmalesuada, dapibus viverra nisi.\r\n</span></p>\r\n<p>\r\n<span style=\"font-style: italic;\">Aliquam dapibus lorem vitae leo euismod commodo. Cras porttitor leo \r\neleifend velit malesuada pretium. Praesent ac auctor purus. Mauris \r\nligula ligula, hendrerit at justo in, molestie viverra sapien. In \r\nplacerat sem risus, a convallis massa viverra nec. Vestibulum ante ipsum\r\n primis in faucibus orci luctus et ultrices posuere cubilia Curae; \r\nPraesent ac justo in orci aliquet lacinia ut vitae nibh. Quisque pretium\r\n quam nibh, imperdiet pulvinar ligula dictum id. In a auctor arcu. Fusce\r\n feugiat purus eget odio congue, mollis iaculis nulla tincidunt. Sed nec\r\n massa vulputate, pretium nisi malesuada, lacinia ligula.\r\n</span></p>\r\n<p>\r\nVestibulum eget tempor mauris. Praesent tincidunt enim eu massa \r\ntristique, pellentesque faucibus ipsum pharetra. Sed pulvinar convallis \r\ntortor eget placerat. Duis mattis tempus sollicitudin. Praesent eu porta\r\n libero, sed consectetur risus. Cum sociis natoque penatibus et magnis \r\ndis parturient montes, nascetur ridiculus mus. Duis vulputate, arcu nec \r\ntincidunt lacinia, mi velit malesuada sapien, a commodo lacus lacus sit \r\namet nisl. Donec rhoncus lectus sit amet sem dictum interdum. Vivamus \r\nlobortis tortor fringilla est gravida ultricies. Integer ut mauris quam.\r\n</p>','Lorem ipsum dolor sit amet, consectetur adipiscing elit. Suspendisse sollicitudin commodo cursus. Nunc varius accumsan ultrices.','O nama','0'),(683,143,1,'Custom search','Custom search','Custom search example page.<br>','Custom search example page','Custom search',NULL),(684,143,2,'Prilagođeni pretraživač','Prilagođeni pretraživač','Primjer stranice s prilagođenim pretraživačem.<br>','Prilagođeni pretraživač','Prilagođeni pretraživač',NULL),(737,169,1,'Agents','Agents','<p>Agents listing with search and pagination support example...<br>\r\n</p>','Lorem ipsum dolor sit amet, consectetur adipiscing elit. Suspendisse sollicitudin commodo cursus. Nunc varius accumsan ultrices. Quisque hendrerit mi id ullamcorper pretium. Lorem ipsum dolor sit amet, consectetur adipiscing elit. Nam ac metus vitae nibh aliquet adipiscing quis at nibh. Nullam lacinia magna sed enim ullamcorper rutrum. Proin quis vulputate est. Duis vitae purus vel mauris rutrum bibendum eu sit amet erat. Vestibulum accumsan dapibus mauris, faucibus vehicula ipsum tempor pharetra. Sed porta, purus sit amet sollicitudin vestibulum, leo neque fringilla mauris, quis semper odio ante non arcu. Suspendisse porttitor mollis nisi, eu imperdiet eros condimentum at. Nunc tempor sodales suscipit.\r\n\r\nSed sed mollis nunc. Interdum et malesuada fames ac ante ipsum primis in faucibus. Proin luctus semper eros, quis egestas leo. Pellentesque risus felis, vulputate eu massa et, rhoncus molestie dui. Vivamus malesuada dui nec cursus lobortis. Donec augue tortor, accumsan id lacus quis, suscipit ullamcorper dolor. Nunc ullamcorper elit suscipit, mollis tortor in, pharetra purus. Sed dapibus dolor mauris, quis elementum arcu auctor id. Maecenas eget orci in lacus vestibulum vehicula. Pellentesque et felis eget diam hendrerit ultricies. Quisque sit amet tellus odio. Nulla pharetra turpis non turpis molestie, suscipit tincidunt nisl lobortis. In eget porttitor libero. Proin non bibendum nisi, vitae volutpat nisl. Vivamus pretium scelerisque risus, non tristique arcu cursus eu. Cras velit lacus, venenatis ut mi malesuada, dapibus viverra nisi.','',NULL),(738,169,2,'Agenti','Agenti','<p>\r\nLorem ipsum dolor sit amet, consectetur adipiscing elit. Suspendisse \r\nsollicitudin commodo cursus. Nunc varius accumsan ultrices. Quisque \r\nhendrerit mi id ullamcorper pretium. Lorem ipsum dolor sit amet, \r\nconsectetur adipiscing elit. Nam ac metus vitae nibh aliquet adipiscing \r\nquis at nibh. Nullam lacinia magna sed enim ullamcorper rutrum. Proin \r\nquis vulputate est. Duis vitae purus vel mauris rutrum bibendum eu sit \r\namet erat. Vestibulum accumsan dapibus mauris, faucibus vehicula ipsum \r\ntempor pharetra. Sed porta, purus sit amet sollicitudin vestibulum, leo \r\nneque fringilla mauris, quis semper odio ante non arcu. Suspendisse \r\nporttitor mollis nisi, eu imperdiet eros condimentum at. Nunc tempor \r\nsodales suscipit.\r\n</p>\r\n<p>\r\n<span style=\"font-weight: bold;\">Sed sed mollis nunc. Interdum et malesuada fames ac ante ipsum primis in\r\n faucibus. Proin luctus semper eros, quis egestas leo. Pellentesque \r\nrisus felis, vulputate eu massa et, rhoncus molestie dui. Vivamus \r\nmalesuada dui nec cursus lobortis. Donec augue tortor, accumsan id lacus\r\n quis, suscipit ullamcorper dolor. Nunc ullamcorper elit suscipit, \r\nmollis tortor in, pharetra purus. Sed dapibus dolor mauris, quis \r\nelementum arcu auctor id. Maecenas eget orci in lacus vestibulum \r\nvehicula. Pellentesque et felis eget diam hendrerit ultricies. Quisque \r\nsit amet tellus odio. Nulla pharetra turpis non turpis molestie, \r\nsuscipit tincidunt nisl lobortis. In eget porttitor libero. Proin non \r\nbibendum nisi, vitae volutpat nisl. Vivamus pretium scelerisque risus, \r\nnon tristique arcu cursus eu. Cras velit lacus, venenatis ut mi \r\nmalesuada, dapibus viverra nisi.\r\n</span></p>','Lorem ipsum dolor sit amet, consectetur adipiscing elit. Suspendisse sollicitudin commodo cursus. Nunc varius accumsan ultrices. Quisque hendrerit mi id ullamcorper pretium. Lorem ipsum dolor sit amet, consectetur adipiscing elit. Nam ac metus vitae nibh aliquet adipiscing quis at nibh. Nullam lacinia magna sed enim ullamcorper rutrum. Proin quis vulputate est. Duis vitae purus vel mauris rutrum bibendum eu sit amet erat. Vestibulum accumsan dapibus mauris, faucibus vehicula ipsum tempor pharetra. Sed porta, purus sit amet sollicitudin vestibulum, leo neque fringilla mauris, quis semper odio ante non arcu. Suspendisse porttitor mollis nisi, eu imperdiet eros condimentum at. Nunc tempor sodales suscipit.\r\n\r\nSed sed mollis nunc. Interdum et malesuada fames ac ante ipsum primis in faucibus. Proin luctus semper eros, quis egestas leo. Pellentesque risus felis, vulputate eu massa et, rhoncus molestie dui. Vivamus malesuada dui nec cursus lobortis. Donec augue tortor, accumsan id lacus quis, suscipit ullamcorper dolor. Nunc ullamcorper elit suscipit, mollis tortor in, pharetra purus. Sed dapibus dolor mauris, quis elementum arcu auctor id. Maecenas eget orci in lacus vestibulum vehicula. Pellentesque et felis eget diam hendrerit ultricies. Quisque sit amet tellus odio. Nulla pharetra turpis non turpis molestie, suscipit tincidunt nisl lobortis. In eget porttitor libero. Proin non bibendum nisi, vitae volutpat nisl. Vivamus pretium scelerisque risus, non tristique arcu cursus eu. Cras velit lacus, venenatis ut mi malesuada, dapibus viverra nisi.','',NULL),(795,155,1,'Test news category','Test news category','<p>\r\nLorem ipsum dolor sit amet, consectetur adipiscing elit. Suspendisse \r\nsollicitudin commodo cursus. Nunc varius accumsan ultrices. Quisque \r\nhendrerit mi id ullamcorper pretium. Lorem ipsum dolor sit amet, \r\nconsectetur adipiscing elit. Nam ac metus vitae nibh aliquet adipiscing \r\nquis at nibh. Nullam lacinia magna sed enim ullamcorper rutrum. Proin \r\nquis vulputate est. Duis vitae purus vel mauris rutrum bibendum eu sit \r\namet erat. Vestibulum accumsan dapibus mauris, faucibus vehicula ipsum \r\ntempor pharetra. Sed porta, purus sit amet sollicitudin vestibulum, leo \r\nneque fringilla mauris, quis semper odio ante non arcu. Suspendisse \r\nporttitor mollis nisi, eu imperdiet eros condimentum at. Nunc tempor \r\nsodales suscipit.\r\n</p>\r\n<p>\r\n<span style=\"font-weight: bold;\">Sed sed mollis nunc. Interdum et malesuada fames ac ante ipsum primis in\r\n faucibus. Proin luctus semper eros, quis egestas leo. Pellentesque \r\nrisus felis, vulputate eu massa et, rhoncus molestie dui. Vivamus \r\nmalesuada dui nec cursus lobortis. Donec augue tortor, accumsan id lacus\r\n quis, suscipit ullamcorper dolor. Nunc ullamcorper elit suscipit, \r\nmollis tortor in, pharetra purus. Sed dapibus dolor mauris, quis \r\nelementum arcu auctor id. Maecenas eget orci in lacus vestibulum \r\nvehicula. Pellentesque et felis eget diam hendrerit ultricies. Quisque \r\nsit amet tellus odio. Nulla pharetra turpis non turpis molestie, \r\nsuscipit tincidunt nisl lobortis. In eget porttitor libero. Proin non \r\nbibendum nisi, vitae volutpat nisl. Vivamus pretium scelerisque risus, \r\nnon tristique arcu cursus eu. Cras velit lacus, venenatis ut mi \r\nmalesuada, dapibus viverra nisi.\r\n</span></p>\r\n<p>\r\n<span style=\"font-style: italic;\">Aliquam dapibus lorem vitae leo euismod commodo. Cras porttitor leo \r\neleifend velit malesuada pretium. Praesent ac auctor purus. Mauris \r\nligula ligula, hendrerit at justo in, molestie viverra sapien. In \r\nplacerat sem risus, a convallis massa viverra nec. Vestibulum ante ipsum\r\n primis in faucibus orci luctus et ultrices posuere cubilia Curae; \r\nPraesent ac justo in orci aliquet lacinia ut vitae nibh. Quisque pretium\r\n quam nibh, imperdiet pulvinar ligula dictum id. In a auctor arcu. Fusce\r\n feugiat purus eget odio congue, mollis iaculis nulla tincidunt. Sed nec\r\n massa vulputate, pretium nisi malesuada, lacinia ligula.\r\n</span></p>\r\n<p>\r\nVestibulum eget tempor mauris. Praesent tincidunt enim eu massa \r\ntristique, pellentesque faucibus ipsum pharetra. Sed pulvinar convallis \r\ntortor eget placerat. Duis mattis tempus sollicitudin. Praesent eu porta\r\n libero, sed consectetur risus. Cum sociis natoque penatibus et magnis \r\ndis parturient montes, nascetur ridiculus mus. Duis vulputate, arcu nec \r\ntincidunt lacinia, mi velit malesuada sapien, a commodo lacus lacus sit \r\namet nisl. Donec rhoncus lectus sit amet sem dictum interdum. Vivamus \r\nlobortis tortor fringilla est gravida ultricies. Integer ut mauris quam.\r\n</p>','Lorem ipsum dolor sit amet, consectetur adipiscing elit. Suspendisse sollicitudin commodo cursus. Nunc varius accumsan ultrices. Quisque hendrerit mi id ullamcorper pretium. Lorem ipsum dolor sit amet, consectetur adipiscing elit.','Test news category',NULL),(796,155,2,'Test novost kategorija','Test novost kategorija','<p>\r\nLorem ipsum dolor sit amet, consectetur adipiscing elit. Suspendisse \r\nsollicitudin commodo cursus. Nunc varius accumsan ultrices. Quisque \r\nhendrerit mi id ullamcorper pretium. Lorem ipsum dolor sit amet, \r\nconsectetur adipiscing elit. Nam ac metus vitae nibh aliquet adipiscing \r\nquis at nibh. Nullam lacinia magna sed enim ullamcorper rutrum. Proin \r\nquis vulputate est. Duis vitae purus vel mauris rutrum bibendum eu sit \r\namet erat. Vestibulum accumsan dapibus mauris, faucibus vehicula ipsum \r\ntempor pharetra. Sed porta, purus sit amet sollicitudin vestibulum, leo \r\nneque fringilla mauris, quis semper odio ante non arcu. Suspendisse \r\nporttitor mollis nisi, eu imperdiet eros condimentum at. Nunc tempor \r\nsodales suscipit.\r\n</p>\r\n<p>\r\n<span style=\"font-weight: bold;\">Sed sed mollis nunc. Interdum et malesuada fames ac ante ipsum primis in\r\n faucibus. Proin luctus semper eros, quis egestas leo. Pellentesque \r\nrisus felis, vulputate eu massa et, rhoncus molestie dui. Vivamus \r\nmalesuada dui nec cursus lobortis. Donec augue tortor, accumsan id lacus\r\n quis, suscipit ullamcorper dolor. Nunc ullamcorper elit suscipit, \r\nmollis tortor in, pharetra purus. Sed dapibus dolor mauris, quis \r\nelementum arcu auctor id. Maecenas eget orci in lacus vestibulum \r\nvehicula. Pellentesque et felis eget diam hendrerit ultricies. Quisque \r\nsit amet tellus odio. Nulla pharetra turpis non turpis molestie, \r\nsuscipit tincidunt nisl lobortis. In eget porttitor libero. Proin non \r\nbibendum nisi, vitae volutpat nisl. Vivamus pretium scelerisque risus, \r\nnon tristique arcu cursus eu. Cras velit lacus, venenatis ut mi \r\nmalesuada, dapibus viverra nisi.\r\n</span></p>\r\n<p>\r\n<span style=\"font-style: italic;\">Aliquam dapibus lorem vitae leo euismod commodo. Cras porttitor leo \r\neleifend velit malesuada pretium. Praesent ac auctor purus. Mauris \r\nligula ligula, hendrerit at justo in, molestie viverra sapien. In \r\nplacerat sem risus, a convallis massa viverra nec. Vestibulum ante ipsum\r\n primis in faucibus orci luctus et ultrices posuere cubilia Curae; \r\nPraesent ac justo in orci aliquet lacinia ut vitae nibh. Quisque pretium\r\n quam nibh, imperdiet pulvinar ligula dictum id. In a auctor arcu. Fusce\r\n feugiat purus eget odio congue, mollis iaculis nulla tincidunt. Sed nec\r\n massa vulputate, pretium nisi malesuada, lacinia ligula.\r\n</span></p>\r\n<p>\r\nVestibulum eget tempor mauris. Praesent tincidunt enim eu massa \r\ntristique, pellentesque faucibus ipsum pharetra. Sed pulvinar convallis \r\ntortor eget placerat. Duis mattis tempus sollicitudin. Praesent eu porta\r\n libero, sed consectetur risus. Cum sociis natoque penatibus et magnis \r\ndis parturient montes, nascetur ridiculus mus. Duis vulputate, arcu nec \r\ntincidunt lacinia, mi velit malesuada sapien, a commodo lacus lacus sit \r\namet nisl. Donec rhoncus lectus sit amet sem dictum interdum. Vivamus \r\nlobortis tortor fringilla est gravida ultricies. Integer ut mauris quam.\r\n</p>','Lorem ipsum dolor sit amet, consectetur adipiscing elit. Suspendisse sollicitudin commodo cursus. Nunc varius accumsan ultrices. Quisque hendrerit mi id ullamcorper pretium. Lorem ipsum dolor sit amet, consectetur adipiscing elit.','Test novost kategorija',NULL),(819,154,1,'My blog test','Test news','<p>\r\nLorem ipsum dolor sit amet, consectetur adipiscing elit. Suspendisse \r\nsollicitudin commodo cursus. Nunc varius accumsan ultrices. Quisque \r\nhendrerit mi id ullamcorper pretium. Lorem ipsum dolor sit amet, \r\nconsectetur adipiscing elit. Nam ac metus vitae nibh aliquet adipiscing \r\nquis at nibh. Nullam lacinia magna sed enim ullamcorper rutrum. Proin \r\nquis vulputate est. Duis vitae purus vel mauris rutrum bibendum eu sit \r\namet erat. Vestibulum accumsan dapibus mauris, faucibus vehicula ipsum \r\ntempor pharetra. Sed porta, purus sit amet sollicitudin vestibulum, leo \r\nneque fringilla mauris, quis semper odio ante non arcu. Suspendisse \r\nporttitor mollis nisi, eu imperdiet eros condimentum at. Nunc tempor \r\nsodales suscipit.\r\n</p>\r\n<p>\r\n<span style=\"font-weight: bold;\">Sed sed mollis nunc. Interdum et malesuada fames ac ante ipsum primis in\r\n faucibus. Proin luctus semper eros, quis egestas leo. Pellentesque \r\nrisus felis, vulputate eu massa et, rhoncus molestie dui. Vivamus \r\nmalesuada dui nec cursus lobortis. Donec augue tortor, accumsan id lacus\r\n quis, suscipit ullamcorper dolor. Nunc ullamcorper elit suscipit, \r\nmollis tortor in, pharetra purus. Sed dapibus dolor mauris, quis \r\nelementum arcu auctor id. Maecenas eget orci in lacus vestibulum \r\nvehicula. Pellentesque et felis eget diam hendrerit ultricies. Quisque \r\nsit amet tellus odio. Nulla pharetra turpis non turpis molestie, \r\nsuscipit tincidunt nisl lobortis. In eget porttitor libero. Proin non \r\nbibendum nisi, vitae volutpat nisl. Vivamus pretium scelerisque risus, \r\nnon tristique arcu cursus eu. Cras velit lacus, venenatis ut mi \r\nmalesuada, dapibus viverra nisi.\r\n</span></p>\r\n<p>\r\n<span style=\"font-style: italic;\">Aliquam dapibus lorem vitae leo euismod commodo. Cras porttitor leo \r\neleifend velit malesuada pretium. Praesent ac auctor purus. Mauris \r\nligula ligula, hendrerit at justo in, molestie viverra sapien. In \r\nplacerat sem risus, a convallis massa viverra nec. Vestibulum ante ipsum\r\n primis in faucibus orci luctus et ultrices posuere cubilia Curae; \r\nPraesent ac justo in orci aliquet lacinia ut vitae nibh. Quisque pretium\r\n quam nibh, imperdiet pulvinar ligula dictum id. In a auctor arcu. Fusce\r\n feugiat purus eget odio congue, mollis iaculis nulla tincidunt. Sed nec\r\n massa vulputate, pretium nisi malesuada, lacinia ligula.\r\n</span></p>\r\n<p>\r\nVestibulum eget tempor mauris. Praesent tincidunt enim eu massa \r\ntristique, pellentesque faucibus ipsum pharetra. Sed pulvinar convallis \r\ntortor eget placerat. Duis mattis tempus sollicitudin. Praesent eu porta\r\n libero, sed consectetur risus. Cum sociis natoque penatibus et magnis \r\ndis parturient montes, nascetur ridiculus mus. Duis vulputate, arcu nec \r\ntincidunt lacinia, mi velit malesuada sapien, a commodo lacus lacus sit \r\namet nisl. Donec rhoncus lectus sit amet sem dictum interdum. Vivamus \r\nlobortis tortor fringilla est gravida ultricies. Integer ut mauris quam.\r\n</p>','Lorem ipsum dolor sit amet, consectetur adipiscing elit. Suspendisse sollicitudin commodo cursus. Nunc varius accumsan ultrices. Quisque hendrerit mi id ullamcorper pretium. Lorem ipsum dolor sit amet, consectetur adipiscing elit.','Test news','my-blog-test'),(820,154,2,'Moj blog test','Test novost','<p>\r\nLorem ipsum dolor sit amet, consectetur adipiscing elit. Suspendisse \r\nsollicitudin commodo cursus. Nunc varius accumsan ultrices. Quisque \r\nhendrerit mi id ullamcorper pretium. Lorem ipsum dolor sit amet, \r\nconsectetur adipiscing elit. Nam ac metus vitae nibh aliquet adipiscing \r\nquis at nibh. Nullam lacinia magna sed enim ullamcorper rutrum. Proin \r\nquis vulputate est. Duis vitae purus vel mauris rutrum bibendum eu sit \r\namet erat. Vestibulum accumsan dapibus mauris, faucibus vehicula ipsum \r\ntempor pharetra. Sed porta, purus sit amet sollicitudin vestibulum, leo \r\nneque fringilla mauris, quis semper odio ante non arcu. Suspendisse \r\nporttitor mollis nisi, eu imperdiet eros condimentum at. Nunc tempor \r\nsodales suscipit.\r\n</p>\r\n<p>\r\n<span style=\"font-weight: bold;\">Sed sed mollis nunc. Interdum et malesuada fames ac ante ipsum primis in\r\n faucibus. Proin luctus semper eros, quis egestas leo. Pellentesque \r\nrisus felis, vulputate eu massa et, rhoncus molestie dui. Vivamus \r\nmalesuada dui nec cursus lobortis. Donec augue tortor, accumsan id lacus\r\n quis, suscipit ullamcorper dolor. Nunc ullamcorper elit suscipit, \r\nmollis tortor in, pharetra purus. Sed dapibus dolor mauris, quis \r\nelementum arcu auctor id. Maecenas eget orci in lacus vestibulum \r\nvehicula. Pellentesque et felis eget diam hendrerit ultricies. Quisque \r\nsit amet tellus odio. Nulla pharetra turpis non turpis molestie, \r\nsuscipit tincidunt nisl lobortis. In eget porttitor libero. Proin non \r\nbibendum nisi, vitae volutpat nisl. Vivamus pretium scelerisque risus, \r\nnon tristique arcu cursus eu. Cras velit lacus, venenatis ut mi \r\nmalesuada, dapibus viverra nisi.\r\n</span></p>\r\n<p>\r\n<span style=\"font-style: italic;\">Aliquam dapibus lorem vitae leo euismod commodo. Cras porttitor leo \r\neleifend velit malesuada pretium. Praesent ac auctor purus. Mauris \r\nligula ligula, hendrerit at justo in, molestie viverra sapien. In \r\nplacerat sem risus, a convallis massa viverra nec. Vestibulum ante ipsum\r\n primis in faucibus orci luctus et ultrices posuere cubilia Curae; \r\nPraesent ac justo in orci aliquet lacinia ut vitae nibh. Quisque pretium\r\n quam nibh, imperdiet pulvinar ligula dictum id. In a auctor arcu. Fusce\r\n feugiat purus eget odio congue, mollis iaculis nulla tincidunt. Sed nec\r\n massa vulputate, pretium nisi malesuada, lacinia ligula.\r\n</span></p>\r\n<p>\r\nVestibulum eget tempor mauris. Praesent tincidunt enim eu massa \r\ntristique, pellentesque faucibus ipsum pharetra. Sed pulvinar convallis \r\ntortor eget placerat. Duis mattis tempus sollicitudin. Praesent eu porta\r\n libero, sed consectetur risus. Cum sociis natoque penatibus et magnis \r\ndis parturient montes, nascetur ridiculus mus. Duis vulputate, arcu nec \r\ntincidunt lacinia, mi velit malesuada sapien, a commodo lacus lacus sit \r\namet nisl. Donec rhoncus lectus sit amet sem dictum interdum. Vivamus \r\nlobortis tortor fringilla est gravida ultricies. Integer ut mauris quam.\r\n</p>','Lorem ipsum dolor sit amet, consectetur adipiscing elit. Suspendisse sollicitudin commodo cursus. Nunc varius accumsan ultrices. Quisque hendrerit mi id ullamcorper pretium. Lorem ipsum dolor sit amet, consectetur adipiscing elit.','Test novost','my-blog-test1'),(823,142,1,'Test page','Blog page','<p><span style=\"font-weight: bold;\">Nam eget est facilisis, porta mi ac, ultricies enim. Proin nisi diam, eleifend ac eleifend in, dapibus in orci. Vestibulum elementum lectus non nisl venenatis, tempus molestie nisi tempus. Pellentesque facilisis nibh nec purus blandit, id aliquam lorem fermentum. </span></p>','Nam eget est facilisis, porta mi ac, ultricies enim. Proin nisi diam, eleifend ac eleifend in, dapibus in orci. Vestibulum elementum lectus non nisl venenatis, tempus molestie nisi tempus. Pellentesque facilisis nibh nec purus blandit, id aliquam lorem fermentum.','test',NULL),(824,142,2,'Test stranica','Blog stranica','<p><span style=\"font-weight: bold;\">Nam eget est facilisis, porta mi ac, ultricies enim. Proin nisi diam, eleifend ac eleifend in, dapibus in orci. Vestibulum elementum lectus non nisl venenatis, tempus molestie nisi tempus. Pellentesque facilisis nibh nec purus blandit, id aliquam lorem fermentum. </span></p>','Nam eget est facilisis, porta mi ac, ultricies enim. Proin nisi diam, eleifend ac eleifend in, dapibus in orci. Vestibulum elementum lectus non nisl venenatis, tempus molestie nisi tempus. Pellentesque facilisis nibh nec purus blandit, id aliquam lorem fermentum.','test',NULL),(829,1,1,'Homepage','Homepage','<div class=\"row\">\r\n<div class=\"span1\"><img src=\"assets/img/multilangual.png\" /></div>\r\n\r\n<div class=\"span3\">\r\n<h4>Native Multilangual</h4>\r\nNatively multilingual, no need to install any addon. Every element can be translated and you can add as many languages as you want.</div>\r\n\r\n<div class=\"span1\"><img src=\"assets/img/easy_customize.png\" /></div>\r\n\r\n<div class=\"span3\">\r\n<h4>Easy to customize</h4>\r\nApplication is based on CodeIgniter PHP framework, if you know CodeIgniter you can easily customize the system.</div>\r\n\r\n<div class=\"span1\"><img src=\"assets/img/bootstrap.png\" /></div>\r\n\r\n<div class=\"span3\">\r\n<h4>Bootstrap ready</h4>\r\nBackend and Frontend based on Bootstrap and are easy to customize.</div>\r\n</div>\r\n\r\n<div class=\"row\">\r\n<div class=\"span1\"><img src=\"assets/img/drag-drop.png\" /></div>\r\n\r\n<div class=\"span3\">\r\n<h4>User friendly</h4>\r\nWebsite structure is logical. Managing elements such as pages, estates or images is easily done by drag&#39;n&#39;drop!</div>\r\n\r\n<div class=\"span1\"><img src=\"assets/img/template.png\" /></div>\r\n\r\n<div class=\"span3\">\r\n<h4>Template System</h4>\r\nEasy to use CodeIgniter Template Parser Class or alternative PHP syntax available.</div>\r\n\r\n<div class=\"span1\"><img src=\"assets/img/robust.png\" /></div>\r\n\r\n<div class=\"span3\">\r\n<h4>Robust</h4>\r\nBuild as easy to use and robust Metro style Admin user interface</div>\r\n</div>\r\n\r\n<p>&nbsp;</p>\r\n\r\n<p>&nbsp;</p>\r\n\r\n<p>&nbsp;</p>\r\n\r\n<p>&nbsp;</p>','','',NULL),(830,1,2,'Naslovnica','Naslovnica','<div class=\"row\">\r\n<div class=\"span1\"><img src=\"assets/img/multilangual.png\" /></div>\r\n\r\n<div class=\"span3\">\r\n<h4>Prirodna višejezičnost</h4>\r\nPrirodno podržana višejezičnost, bez potrebe za dodacima. Svaki element može biti preveden i moguće je dodavati jezike po želji.</div>\r\n\r\n<div class=\"span1\"><img src=\"assets/img/easy_customize.png\" /></div>\r\n\r\n<div class=\"span3\">\r\n<h4>Prilagodljiv</h4>\r\nAplikacija bazirana na CodeIgniter PHP frameworku, ako ste upoznati s CodeIgniterom lako ćete modificirati sustav.</div>\r\n\r\n<div class=\"span1\"><img src=\"assets/img/bootstrap.png\" /></div>\r\n\r\n<div class=\"span3\">\r\n<h4>Bootstrap ugrađen</h4>\r\nAdministracija i klijentska stranica bazirana na Boostrtapu i jednostavna za prilagodbu.</div>\r\n</div>\r\n\r\n<div class=\"row\">\r\n<div class=\"span1\"><img src=\"assets/img/drag-drop.png\" /></div>\r\n\r\n<div class=\"span3\">\r\n<h4>Jednostavan</h4>\r\nStruktura webstranice jasna. Upravljanje elementima poput stranica, nekretninama ili slikama jednostavna pomoću drag&#39;n&#39;drop!</div>\r\n\r\n<div class=\"span1\"><img src=\"assets/img/template.png\" /></div>\r\n\r\n<div class=\"span3\">\r\n<h4>Sustav predložaka</h4>\r\nJednostavan CodeIgniter Template Parser Class ili alternativna PHP syntax-a podržana.</div>\r\n\r\n<div class=\"span1\"><img src=\"assets/img/robust.png\" /></div>\r\n\r\n<div class=\"span3\">\r\n<h4>Robustan</h4>\r\nRazvijen da buje jednostavan i izgledom robustan, ugrađeno Metro style Admin sučelje</div>\r\n</div>\r\n\r\n<p>&nbsp;</p>\r\n\r\n<p>&nbsp;</p>\r\n\r\n<p>&nbsp;</p>\r\n\r\n<p>&nbsp;</p>','','',NULL),(833,6,1,'Map','Map','<div class=\"row\">\r\n<div class=\"span1\"><img src=\"assets/img/multilangual.png\" /></div>\r\n\r\n<div class=\"span3\">\r\n<h4>Native Multilangual</h4>\r\nNatively multilingual, no need to install any addon. Every element can be translated and you can add as many languages as you want.</div>\r\n\r\n<div class=\"span1\"><img src=\"assets/img/easy_customize.png\" /></div>\r\n\r\n<div class=\"span3\">\r\n<h4>Easy to customize</h4>\r\nApplication is based on CodeIgniter PHP framework, if you know CodeIgniter you can easily customize the system.</div>\r\n\r\n<div class=\"span1\"><img src=\"assets/img/bootstrap.png\" /></div>\r\n\r\n<div class=\"span3\">\r\n<h4>Bootstrap ready</h4>\r\nBackend and Frontend based on Bootstrap and are easy to customize.</div>\r\n</div>\r\n\r\n<div class=\"row\">\r\n<div class=\"span1\"><img src=\"assets/img/drag-drop.png\" /></div>\r\n\r\n<div class=\"span3\">\r\n<h4>User friendly</h4>\r\nWebsite structure is logical. Managing elements such as pages, estates or images is easily done by drag&#39;n&#39;drop!</div>\r\n\r\n<div class=\"span1\"><img src=\"assets/img/template.png\" /></div>\r\n\r\n<div class=\"span3\">\r\n<h4>Template System</h4>\r\nEasy to use CodeIgniter Template Parser Class or alternative PHP syntax available.</div>\r\n\r\n<div class=\"span1\"><img src=\"assets/img/robust.png\" /></div>\r\n\r\n<div class=\"span3\">\r\n<h4>Robust</h4>\r\nBuild as easy to use and robust Metro style Admin user interface</div>\r\n</div>\r\n\r\n<p>&nbsp;</p>\r\n\r\n<p>&nbsp;</p>\r\n\r\n<p>&nbsp;</p>\r\n\r\n<p>&nbsp;</p>','','Map',NULL),(834,6,2,'Karta','Karta','<div class=\"row\">\r\n<div class=\"span1\"><img src=\"assets/img/multilangual.png\" /></div>\r\n\r\n<div class=\"span3\">\r\n<h4>Prirodna višejezičnost</h4>\r\nPrirodno podržana višejezičnost, bez potrebe za dodacima. Svaki element može biti preveden i moguće je dodavati jezike po želji.</div>\r\n\r\n<div class=\"span1\"><img src=\"assets/img/easy_customize.png\" /></div>\r\n\r\n<div class=\"span3\">\r\n<h4>Prilagodljiv</h4>\r\nAplikacija bazirana na CodeIgniter PHP frameworku, ako ste upoznati s CodeIgniterom lako ćete modificirati sustav.</div>\r\n\r\n<div class=\"span1\"><img src=\"assets/img/bootstrap.png\" /></div>\r\n\r\n<div class=\"span3\">\r\n<h4>Bootstrap ugrađen</h4>\r\nAdministracija i klijentska stranica bazirana na Boostrtapu i jednostavna za prilagodbu.</div>\r\n</div>\r\n\r\n<div class=\"row\">\r\n<div class=\"span1\"><img src=\"assets/img/drag-drop.png\" /></div>\r\n\r\n<div class=\"span3\">\r\n<h4>Jednostavan</h4>\r\nStruktura webstranice jasna. Upravljanje elementima poput stranica, nekretninama ili slikama jednostavna pomoću drag&#39;n&#39;drop!</div>\r\n\r\n<div class=\"span1\"><img src=\"assets/img/template.png\" /></div>\r\n\r\n<div class=\"span3\">\r\n<h4>Sustav predložaka</h4>\r\nJednostavan CodeIgniter Template Parser Class ili alternativna PHP syntax-a podržana.</div>\r\n\r\n<div class=\"span1\"><img src=\"assets/img/robust.png\" /></div>\r\n\r\n<div class=\"span3\">\r\n<h4>Robustan</h4>\r\nRazvijen da buje jednostavan i izgledom robustan, ugrađeno Metro style Admin sučelje</div>\r\n</div>\r\n\r\n<p>&nbsp;</p>\r\n\r\n<p>&nbsp;</p>\r\n\r\n<p>&nbsp;</p>\r\n\r\n<p>&nbsp;</p>','','Karta',NULL),(835,174,1,'No Map Version','No Map Version','','','',NULL),(836,174,2,'No Map Version','No Map Version','','','',NULL),(837,175,1,'Results','Results','','','',NULL),(838,175,2,'Results','Results','','','',NULL);

--
-- Table structure for table `payments`
--

CREATE TABLE `payments` (
  `id` int(11) NOT NULL AUTO_INCREMENT,
  `date_paid` datetime DEFAULT NULL,
  `invoice_num` varchar(45) COLLATE utf8_unicode_ci DEFAULT NULL,
  `data_post` text COLLATE utf8_unicode_ci,
  `payer_id` varchar(100) COLLATE utf8_unicode_ci DEFAULT NULL,
  `txn_id` varchar(100) COLLATE utf8_unicode_ci DEFAULT NULL,
  `paid` varchar(45) COLLATE utf8_unicode_ci DEFAULT NULL,
  `currency_code` varchar(45) COLLATE utf8_unicode_ci DEFAULT NULL,
  `payer_email` varchar(100) COLLATE utf8_unicode_ci DEFAULT NULL,
  `listing_id` int(11) DEFAULT NULL,
  `payment_gateway` varchar(45) COLLATE utf8_unicode_ci DEFAULT NULL,
  `user_id` int(11) DEFAULT NULL,
  `package_id` int(11) DEFAULT NULL,
  `reservation_id` int(11) DEFAULT NULL,
  `saller_id` int(11) DEFAULT NULL,
  `property_id` int(11) DEFAULT NULL,
  PRIMARY KEY (`id`)
) ENGINE=InnoDB AUTO_INCREMENT=11 DEFAULT CHARSET=utf8 COLLATE=utf8_unicode_ci;

--
-- Dumping data for table `payments`
--

INSERT INTO `payments` VALUES (1,'2014-06-03 21:30:22','','',NULL,NULL,NULL,NULL,NULL,NULL,NULL,NULL,NULL,NULL,NULL,NULL),(2,'2014-06-03 21:56:45','','Array\n(\n    [mc_gross] => 2.99\n    [invoice] => 12373469\n    [protection_eligibility] => Eligible\n    [address_status] => confirmed\n    [item_number1] => \n    [payer_id] => ER2LXCHKVY38Q\n    [tax] => 0.00\n    [address_street] => 1 Main St\n    [payment_date] => 12:56:41 Jun 03, 2014 PDT\n    [payment_status] => Completed\n    [charset] => windows-1252\n    [address_zip] => 95131\n    [mc_shipping] => 0.00\n    [mc_handling] => 0.00\n    [first_name] => Info\n    [mc_fee] => 0.39\n    [address_country_code] => US\n    [address_name] => Info Winter\n    [notify_version] => 3.8\n    [custom] => \n    [payer_status] => verified\n    [business] => sandi@iwinter.com.hr\n    [address_country] => United States\n    [num_cart_items] => 1\n    [mc_handling1] => 0.00\n    [address_city] => San Jose\n    [verify_sign] => AI36sk2Aln3iC.t.mla1wMizPRcQA8RKkhVgDKLdhbV.2hZelzrKnqbO\n    [payer_email] => info@iwinter.com.hr\n    [mc_shipping1] => 0.00\n    [tax1] => 0.00\n    [txn_id] => 5NJ254081K680701C\n    [payment_type] => instant\n    [last_name] => Winter\n    [address_state] => CA\n    [item_name1] => T-shirt\n    [receiver_email] => sandi@iwinter.com.hr\n    [payment_fee] => 0.39\n    [quantity1] => 1\n    [receiver_id] => S63XQYGHM4X8N\n    [txn_type] => cart\n    [mc_gross_1] => 2.99\n    [mc_currency] => USD\n    [residence_country] => US\n    [test_ipn] => 1\n    [transaction_subject] => \n    [payment_gross] => 2.99\n    [ipn_track_id] => 9d77baf4e8f10\n)\n',NULL,NULL,NULL,NULL,NULL,NULL,NULL,NULL,NULL,NULL,NULL,NULL),(3,'2014-06-03 22:39:44','7','a:47:{s:8:\"mc_gross\";s:5:\"20.00\";s:7:\"invoice\";s:1:\"7\";s:22:\"protection_eligibility\";s:8:\"Eligible\";s:14:\"address_status\";s:9:\"confirmed\";s:12:\"item_number1\";s:0:\"\";s:8:\"payer_id\";s:13:\"ER2LXCHKVY38Q\";s:3:\"tax\";s:4:\"0.00\";s:14:\"address_street\";s:9:\"1 Main St\";s:12:\"payment_date\";s:25:\"13:34:39 Jun 03, 2014 PDT\";s:14:\"payment_status\";s:9:\"Completed\";s:7:\"charset\";s:12:\"windows-1252\";s:11:\"address_zip\";s:5:\"95131\";s:11:\"mc_shipping\";s:4:\"0.00\";s:11:\"mc_handling\";s:4:\"0.00\";s:10:\"first_name\";s:4:\"Info\";s:6:\"mc_fee\";s:4:\"0.88\";s:20:\"address_country_code\";s:2:\"US\";s:12:\"address_name\";s:11:\"Info Winter\";s:14:\"notify_version\";s:3:\"3.8\";s:6:\"custom\";s:0:\"\";s:12:\"payer_status\";s:8:\"verified\";s:8:\"business\";s:20:\"sandi@iwinter.com.hr\";s:15:\"address_country\";s:13:\"United States\";s:14:\"num_cart_items\";s:1:\"1\";s:12:\"mc_handling1\";s:4:\"0.00\";s:12:\"address_city\";s:8:\"San Jose\";s:11:\"verify_sign\";s:56:\"A9LC3Qajo-H2V8mPq4eIktgPvG2RAQNl0qNtJ0agOtDs9xL3UMse9O06\";s:11:\"payer_email\";s:19:\"info@iwinter.com.hr\";s:12:\"mc_shipping1\";s:4:\"0.00\";s:4:\"tax1\";s:4:\"0.00\";s:6:\"txn_id\";s:17:\"38791587ML480703S\";s:12:\"payment_type\";s:7:\"instant\";s:9:\"last_name\";s:6:\"Winter\";s:13:\"address_state\";s:2:\"CA\";s:10:\"item_name1\";s:14:\"Reservation #7\";s:14:\"receiver_email\";s:20:\"sandi@iwinter.com.hr\";s:11:\"payment_fee\";s:4:\"0.88\";s:9:\"quantity1\";s:1:\"1\";s:11:\"receiver_id\";s:13:\"S63XQYGHM4X8N\";s:8:\"txn_type\";s:4:\"cart\";s:10:\"mc_gross_1\";s:5:\"20.00\";s:11:\"mc_currency\";s:3:\"USD\";s:17:\"residence_country\";s:2:\"US\";s:8:\"test_ipn\";s:1:\"1\";s:19:\"transaction_subject\";s:0:\"\";s:13:\"payment_gross\";s:5:\"20.00\";s:12:\"ipn_track_id\";s:13:\"631f1117659b2\";}','ER2LXCHKVY38Q','38791587ML480703S','20.00','USD','info@iwinter.com.hr',NULL,NULL,NULL,NULL,NULL,NULL,NULL),(4,'2014-06-03 22:42:41','7_RES_20.00','a:47:{s:8:\"mc_gross\";s:5:\"20.00\";s:7:\"invoice\";s:7:\"7_20.00\";s:22:\"protection_eligibility\";s:8:\"Eligible\";s:14:\"address_status\";s:9:\"confirmed\";s:12:\"item_number1\";s:0:\"\";s:8:\"payer_id\";s:13:\"ER2LXCHKVY38Q\";s:3:\"tax\";s:4:\"0.00\";s:14:\"address_street\";s:9:\"1 Main St\";s:12:\"payment_date\";s:25:\"13:42:39 Jun 03, 2014 PDT\";s:14:\"payment_status\";s:9:\"Completed\";s:7:\"charset\";s:12:\"windows-1252\";s:11:\"address_zip\";s:5:\"95131\";s:11:\"mc_shipping\";s:4:\"0.00\";s:11:\"mc_handling\";s:4:\"0.00\";s:10:\"first_name\";s:4:\"Info\";s:6:\"mc_fee\";s:4:\"0.88\";s:20:\"address_country_code\";s:2:\"US\";s:12:\"address_name\";s:11:\"Info Winter\";s:14:\"notify_version\";s:3:\"3.8\";s:6:\"custom\";s:0:\"\";s:12:\"payer_status\";s:8:\"verified\";s:8:\"business\";s:20:\"sandi@iwinter.com.hr\";s:15:\"address_country\";s:13:\"United States\";s:14:\"num_cart_items\";s:1:\"1\";s:12:\"mc_handling1\";s:4:\"0.00\";s:12:\"address_city\";s:8:\"San Jose\";s:11:\"verify_sign\";s:56:\"AwD4sJJmdrzDKNGw7KMAMuZSx1AHAeHkTMI1NDF3NgxE8tGDW8SfkKVk\";s:11:\"payer_email\";s:19:\"info@iwinter.com.hr\";s:12:\"mc_shipping1\";s:4:\"0.00\";s:4:\"tax1\";s:4:\"0.00\";s:6:\"txn_id\";s:17:\"70D58185F3775394K\";s:12:\"payment_type\";s:7:\"instant\";s:9:\"last_name\";s:6:\"Winter\";s:13:\"address_state\";s:2:\"CA\";s:10:\"item_name1\";s:14:\"Reservation #7\";s:14:\"receiver_email\";s:20:\"sandi@iwinter.com.hr\";s:11:\"payment_fee\";s:4:\"0.88\";s:9:\"quantity1\";s:1:\"1\";s:11:\"receiver_id\";s:13:\"S63XQYGHM4X8N\";s:8:\"txn_type\";s:4:\"cart\";s:10:\"mc_gross_1\";s:5:\"20.00\";s:11:\"mc_currency\";s:3:\"USD\";s:17:\"residence_country\";s:2:\"US\";s:8:\"test_ipn\";s:1:\"1\";s:19:\"transaction_subject\";s:0:\"\";s:13:\"payment_gross\";s:5:\"20.00\";s:12:\"ipn_track_id\";s:13:\"416b011ce481b\";}','ER2LXCHKVY38Q','70D58185F3775394K','20.00','USD','info@iwinter.com.hr',NULL,NULL,NULL,NULL,NULL,NULL,NULL),(5,'2014-06-03 22:48:52','7_RES_20.001977','a:47:{s:8:\"mc_gross\";s:5:\"20.00\";s:7:\"invoice\";s:11:\"7_20.001977\";s:22:\"protection_eligibility\";s:8:\"Eligible\";s:14:\"address_status\";s:9:\"confirmed\";s:12:\"item_number1\";s:0:\"\";s:8:\"payer_id\";s:13:\"ER2LXCHKVY38Q\";s:3:\"tax\";s:4:\"0.00\";s:14:\"address_street\";s:9:\"1 Main St\";s:12:\"payment_date\";s:25:\"13:48:48 Jun 03, 2014 PDT\";s:14:\"payment_status\";s:9:\"Completed\";s:7:\"charset\";s:12:\"windows-1252\";s:11:\"address_zip\";s:5:\"95131\";s:11:\"mc_shipping\";s:4:\"0.00\";s:11:\"mc_handling\";s:4:\"0.00\";s:10:\"first_name\";s:4:\"Info\";s:6:\"mc_fee\";s:4:\"0.88\";s:20:\"address_country_code\";s:2:\"US\";s:12:\"address_name\";s:11:\"Info Winter\";s:14:\"notify_version\";s:3:\"3.8\";s:6:\"custom\";s:0:\"\";s:12:\"payer_status\";s:8:\"verified\";s:8:\"business\";s:20:\"sandi@iwinter.com.hr\";s:15:\"address_country\";s:13:\"United States\";s:14:\"num_cart_items\";s:1:\"1\";s:12:\"mc_handling1\";s:4:\"0.00\";s:12:\"address_city\";s:8:\"San Jose\";s:11:\"verify_sign\";s:56:\"AfQuzaSFrGvt6rtvRwD4hrYb.JzkABhsZbG6RzQEHrWRVQMU4alyRccb\";s:11:\"payer_email\";s:19:\"info@iwinter.com.hr\";s:12:\"mc_shipping1\";s:4:\"0.00\";s:4:\"tax1\";s:4:\"0.00\";s:6:\"txn_id\";s:17:\"4WD08916J6958874J\";s:12:\"payment_type\";s:7:\"instant\";s:9:\"last_name\";s:6:\"Winter\";s:13:\"address_state\";s:2:\"CA\";s:10:\"item_name1\";s:14:\"Reservation #7\";s:14:\"receiver_email\";s:20:\"sandi@iwinter.com.hr\";s:11:\"payment_fee\";s:4:\"0.88\";s:9:\"quantity1\";s:1:\"1\";s:11:\"receiver_id\";s:13:\"S63XQYGHM4X8N\";s:8:\"txn_type\";s:4:\"cart\";s:10:\"mc_gross_1\";s:5:\"20.00\";s:11:\"mc_currency\";s:3:\"USD\";s:17:\"residence_country\";s:2:\"US\";s:8:\"test_ipn\";s:1:\"1\";s:19:\"transaction_subject\";s:0:\"\";s:13:\"payment_gross\";s:5:\"20.00\";s:12:\"ipn_track_id\";s:13:\"e5522708d8525\";}','ER2LXCHKVY38Q','4WD08916J6958874J','20.00','USD','info@iwinter.com.hr',NULL,NULL,NULL,NULL,NULL,NULL,NULL),(6,'2014-06-03 22:52:59','7_RES_80.006907','a:47:{s:8:\"mc_gross\";s:5:\"80.00\";s:7:\"invoice\";s:11:\"7_80.006907\";s:22:\"protection_eligibility\";s:8:\"Eligible\";s:14:\"address_status\";s:9:\"confirmed\";s:12:\"item_number1\";s:0:\"\";s:8:\"payer_id\";s:13:\"ER2LXCHKVY38Q\";s:3:\"tax\";s:4:\"0.00\";s:14:\"address_street\";s:9:\"1 Main St\";s:12:\"payment_date\";s:25:\"13:52:57 Jun 03, 2014 PDT\";s:14:\"payment_status\";s:9:\"Completed\";s:7:\"charset\";s:12:\"windows-1252\";s:11:\"address_zip\";s:5:\"95131\";s:11:\"mc_shipping\";s:4:\"0.00\";s:11:\"mc_handling\";s:4:\"0.00\";s:10:\"first_name\";s:4:\"Info\";s:6:\"mc_fee\";s:4:\"2.62\";s:20:\"address_country_code\";s:2:\"US\";s:12:\"address_name\";s:11:\"Info Winter\";s:14:\"notify_version\";s:3:\"3.8\";s:6:\"custom\";s:0:\"\";s:12:\"payer_status\";s:8:\"verified\";s:8:\"business\";s:20:\"sandi@iwinter.com.hr\";s:15:\"address_country\";s:13:\"United States\";s:14:\"num_cart_items\";s:1:\"1\";s:12:\"mc_handling1\";s:4:\"0.00\";s:12:\"address_city\";s:8:\"San Jose\";s:11:\"verify_sign\";s:56:\"AqJ-WZNVutuNierV3LZLs1Y1IawwAeAS8108YGtXxNytUpVrTq49CqhV\";s:11:\"payer_email\";s:19:\"info@iwinter.com.hr\";s:12:\"mc_shipping1\";s:4:\"0.00\";s:4:\"tax1\";s:4:\"0.00\";s:6:\"txn_id\";s:17:\"64V66530TY4484937\";s:12:\"payment_type\";s:7:\"instant\";s:9:\"last_name\";s:6:\"Winter\";s:13:\"address_state\";s:2:\"CA\";s:10:\"item_name1\";s:14:\"Reservation #7\";s:14:\"receiver_email\";s:20:\"sandi@iwinter.com.hr\";s:11:\"payment_fee\";s:4:\"2.62\";s:9:\"quantity1\";s:1:\"1\";s:11:\"receiver_id\";s:13:\"S63XQYGHM4X8N\";s:8:\"txn_type\";s:4:\"cart\";s:10:\"mc_gross_1\";s:5:\"80.00\";s:11:\"mc_currency\";s:3:\"USD\";s:17:\"residence_country\";s:2:\"US\";s:8:\"test_ipn\";s:1:\"1\";s:19:\"transaction_subject\";s:0:\"\";s:13:\"payment_gross\";s:5:\"80.00\";s:12:\"ipn_track_id\";s:13:\"35c5c566e12d4\";}','ER2LXCHKVY38Q','64V66530TY4484937','80.00','USD','info@iwinter.com.hr',NULL,NULL,NULL,NULL,NULL,NULL,NULL),(7,'2016-10-08 12:19:33',NULL,'a:8:{s:11:\"invoice_num\";s:15:\"3_PAC_9_20.00_6\";s:9:\"date_paid\";s:19:\"2016-10-08 12:19:33\";s:8:\"payer_id\";s:5:\"e020a\";s:6:\"txn_id\";s:32:\"3d50736e06e3936a1147f0942ac26835\";s:4:\"paid\";s:5:\"20.00\";s:13:\"currency_code\";s:3:\"USD\";s:11:\"payer_email\";s:20:\"kety@estatepoint.com\";s:9:\"data_post\";s:272:\"a:7:{s:11:\"invoice_num\";s:15:\"3_PAC_9_20.00_6\";s:9:\"date_paid\";s:19:\"2016-10-08 12:19:33\";s:8:\"payer_id\";s:5:\"e020a\";s:6:\"txn_id\";s:32:\"3d50736e06e3936a1147f0942ac26835\";s:4:\"paid\";s:5:\"20.00\";s:13:\"currency_code\";s:3:\"USD\";s:11:\"payer_email\";s:20:\"kety@estatepoint.com\";}\";}','e020a','3d50736e06e3936a1147f0942ac26835',NULL,NULL,'kety@estatepoint.com',NULL,NULL,NULL,NULL,NULL,NULL,NULL),(8,'2016-10-08 13:05:40','3_PAC_9_20.00_6','a:6:{s:7:\"invoice\";s:15:\"3_PAC_9_20.00_6\";s:8:\"payer_id\";s:5:\"af064\";s:6:\"txn_id\";s:32:\"453b4feb4dcaf6fc1fc212e76e0483e9\";s:8:\"mc_gross\";s:5:\"20.00\";s:11:\"mc_currency\";s:3:\"USD\";s:11:\"payer_email\";s:20:\"kety@estatepoint.com\";}','af064','453b4feb4dcaf6fc1fc212e76e0483e9','20.00','USD','kety@estatepoint.com',NULL,NULL,NULL,NULL,NULL,NULL,NULL),(9,'2016-10-08 13:06:47','3_PAC_9_20.00_6','a:6:{s:7:\"invoice\";s:15:\"3_PAC_9_20.00_6\";s:8:\"payer_id\";s:5:\"42708\";s:6:\"txn_id\";s:32:\"9c28229b8b26050b313c909844b7a984\";s:8:\"mc_gross\";s:5:\"20.00\";s:11:\"mc_currency\";s:3:\"USD\";s:11:\"payer_email\";s:20:\"kety@estatepoint.com\";}','42708','9c28229b8b26050b313c909844b7a984','20.00','USD','kety@estatepoint.com',NULL,NULL,NULL,NULL,NULL,NULL,NULL),(10,'2017-01-15 11:11:03','3_PAC_9_20.00_0','a:6:{s:7:\"invoice\";s:15:\"3_PAC_9_20.00_0\";s:8:\"payer_id\";s:5:\"fdf8c\";s:6:\"txn_id\";s:32:\"894a814dfa892174a3493658d82054a8\";s:8:\"mc_gross\";s:5:\"20.00\";s:11:\"mc_currency\";s:3:\"USD\";s:11:\"payer_email\";s:20:\"kety@estatepoint.com\";}','fdf8c','894a814dfa892174a3493658d82054a8','20.00','USD','kety@estatepoint.com',NULL,NULL,NULL,NULL,NULL,NULL,NULL);

--
-- Table structure for table `promocode`
--

CREATE TABLE `promocode` (
  `id` int(11) NOT NULL AUTO_INCREMENT,
  `code_name` varchar(64) DEFAULT '',
  `value` float DEFAULT NULL,
  `quantity` int(11) DEFAULT NULL,
  `usage` varchar(128) DEFAULT '',
  `packages` varchar(128) DEFAULT '',
  `date_start` datetime DEFAULT NULL,
  `date_end` datetime DEFAULT NULL,
  `used` int(11) DEFAULT NULL,
  `promocode` varchar(128) DEFAULT '',
  `date_created` datetime DEFAULT CURRENT_TIMESTAMP,
  PRIMARY KEY (`id`)
) ENGINE=InnoDB DEFAULT CHARSET=utf8;

--
-- Dumping data for table `promocode`
--


--
-- Table structure for table `property`
--

CREATE TABLE `property` (
  `id` int(11) NOT NULL AUTO_INCREMENT,
  `id_transitions` int(11) DEFAULT NULL,
  `id_trans_text` varchar(60) COLLATE utf8_unicode_ci DEFAULT NULL,
  `gps` varchar(100) COLLATE utf8_unicode_ci DEFAULT NULL,
  `lat` decimal(9,6) DEFAULT NULL,
  `lng` decimal(9,6) DEFAULT NULL,
  `date` datetime DEFAULT NULL,
  `date_modified` datetime DEFAULT NULL,
  `date_activated` datetime DEFAULT NULL COMMENT 'Activated even if not paid for activation (by admin for example)',
  `address` varchar(200) COLLATE utf8_unicode_ci DEFAULT NULL,
  `type` varchar(45) COLLATE utf8_unicode_ci DEFAULT NULL COMMENT 'housing\nhouse\nland\nbusiness premises',
  `repository_id` int(11) DEFAULT NULL,
  `planimages_repository_id` int(11) DEFAULT NULL,
  `is_featured` tinyint(1) DEFAULT '0',
  `search_values` text COLLATE utf8_unicode_ci,
  `is_activated` tinyint(1) DEFAULT '1',
  `is_visible` tinyint(4) DEFAULT '1',
  `activation_paid_date` datetime DEFAULT NULL,
  `featured_paid_date` datetime DEFAULT NULL,
  `counter_views` int(11) DEFAULT '0',
  `avarage_rating` int(11) DEFAULT NULL,
  `image_filename` varchar(200) COLLATE utf8_unicode_ci DEFAULT NULL,
  `image_repository` text COLLATE utf8_unicode_ci,
  `sent_to_affiliate` tinyint(1) DEFAULT '0',
  `date_notify` datetime DEFAULT NULL,
  `status` varchar(45) COLLATE utf8_unicode_ci DEFAULT NULL,
  `date_status` datetime DEFAULT NULL,
  `affilate_id` int(11) DEFAULT NULL,
  `date_repost` datetime DEFAULT NULL,
  `date_renew` datetime DEFAULT NULL,
  `date_alert` datetime DEFAULT NULL,
  `last_edit_ip` varchar(64) COLLATE utf8_unicode_ci DEFAULT NULL,
  `date_notify_expired` datetime DEFAULT NULL,
  PRIMARY KEY (`id`),
  KEY `is_featured` (`is_featured`),
  KEY `is_featured_2` (`is_featured`),
  KEY `is_featured_3` (`is_featured`),
  KEY `is_featured_4` (`is_featured`)
) ENGINE=InnoDB AUTO_INCREMENT=31 DEFAULT CHARSET=utf8 COLLATE=utf8_unicode_ci;

--
-- Dumping data for table `property`
--

INSERT INTO `property` VALUES (7,NULL,NULL,'45.8642778, 15.985132953442',45.864278,15.985133,'2013-12-30 17:41:01','2014-12-28 19:01:06',NULL,'Bliznec 34z, Zagreb',NULL,27,NULL,0,'id: 7Bliznec 34z, Zagreb Spa Bliznec  new commercial    Sale and Rent Commercial property Zagreb Zagreb  Less than 50m2 33 B 5 5 12 50000  500 Agent  80 30 <li><span style=\"margin-left: 20px; left: 20px;\" class=\"vertical\"></span><span style=\"width: 0px; margin-left: 20px; left: 20px;\" class=\"horizontal\"></span><div id=\"1\"><span class=\"add_action\" title=\"Click for Add\"></span><span class=\"delete_action\" title=\"Click for Delete\"></span><span class=\"edit_action\" title=\"Click for Edit\"></span><span class=\"first_name\">1</span></div></li> SKIP_ON_EMPTY    SKIP_ON_EMPTY       trueAir conditioning trueHeating trueInternet  trueBalcony trueLift trueGrill truePool trueParking  1500 1500          Toplice Bliznec  novo commercial    Prodaja i najam Poslovni prostor Zagreb Zagreb  Više od 100m2 33 B 5 5 12 40000  400 Agent    <li><span style=\"margin-left: 0px; left: 0px;\" class=\"vertical\"></span><span style=\"width: 0px; margin-left: 0px; left: 0px;\" class=\"horizontal\"></span><div id=\"2\"><span class=\"add_action\" title=\"Click for Add\"></span><span class=\"delete_action\" title=\"Click for Delete\"></span><span class=\"edit_action\" title=\"Click for Edit\"></span><span class=\"first_name\">1</span></div></li> SKIP_ON_EMPTY    SKIP_ON_EMPTY       trueKlimatizacija trueGrijanje trueInternet  trueBalkon trueDizalo trueRoštilj trueBazen trueParking  1500 1500         ',1,1,NULL,NULL,143,NULL,'386182116_5e4c8542ab_b.jpg','[\"386182116_5e4c8542ab_b.jpg\",\"386178827_b3f160ebbf_b.jpg\",\"386178836_d28b943063_b.jpg\",\"386178822_3fef9a2f07_b.jpg\"]',0,'2015-11-11 18:58:41',NULL,NULL,NULL,NULL,NULL,NULL,NULL,NULL),(8,NULL,NULL,'45.6147652, 15.4831556',45.614765,15.483156,'2013-12-30 17:47:51','2016-02-10 19:01:06',NULL,'Trška Cesta, Ozalj',NULL,28,NULL,1,'id: 8Trška Cesta, Ozalj Ozalj apartment Apartment,Test sold apartment    Rent Apartment Gorski Kotar Ozalj  Less than 50m2 48 - 1 1 4    Agent  300 30 <li><span style=\"margin-left: 20px; left: 20.8333px;\" class=\"vertical\"></span><span style=\"width: 0px; margin-left: 20px; left: 20.8333px;\" class=\"horizontal\"></span><span style=\"margin-left: 20px; left: 20.8333px;\" class=\"vertical\"></span><span style=\"width: 0px; margin-left: 20px; left: 20.8333px;\" class=\"horizontal\"></span><div id=\"1\"><span class=\"add_action\" title=\"Click for Add\"></span><span class=\"delete_action\" title=\"Click for Delete\"></span><span class=\"edit_action\" title=\"Click for Edit\"></span><span class=\"add_action\" title=\"Click for Add\"></span><span class=\"delete_action\" title=\"Click for Delete\"></span><span class=\"edit_action\" title=\"Click for Edit\"></span><span class=\"first_name\">1</span></div></li> SKIP_ON_EMPTY Ontario - Toronto - Downtown - City place -   SKIP_ON_EMPTY       trueAir conditioning trueComputer trueHeating trueInternet trueMicrowave  trueBalcony trueGrill trueParking       1200 1500 1500  <iframe width=\"560\" height=\"315\" src=\"//www.youtube.com/embed/FvMCKrwo8Hc\" frameborder=\"0\" allowfullscreen></iframe>  ozalj-apartment Ozalj apartman  prodano apartment    Najam Stan Gorski Kotar Ozalj  Manje od 50m2 48 - 1 1 4    Agent    <li><span style=\"margin-left: 0px; left: 0px;\" class=\"vertical\"></span><span style=\"width: 0px; margin-left: 0px; left: 0px;\" class=\"horizontal\"></span><span style=\"margin-left: 0px; left: 0px;\" class=\"vertical\"></span><span style=\"width: 0px; margin-left: 0px; left: 0px;\" class=\"horizontal\"></span><div id=\"2\"><span class=\"add_action\" title=\"Click for Add\"></span><span class=\"delete_action\" title=\"Click for Delete\"></span><span class=\"edit_action\" title=\"Click for Edit\"></span><span class=\"add_action\" title=\"Click for Add\"></span><span class=\"delete_action\" title=\"Click for Delete\"></span><span class=\"edit_action\" title=\"Click for Edit\"></span><span class=\"first_name\">1</span></div></li> SKIP_ON_EMPTY    SKIP_ON_EMPTY       trueKlimatizacija trueRačunalo trueGrijanje trueInternet trueMikrovalna  trueBalkon trueParking       1200 1500 1500  <iframe width=\"560\" height=\"315\" src=\"//www.youtube.com/embed/FvMCKrwo8Hc\" frameborder=\"0\" allowfullscreen></iframe>  ozalj-apartman',1,1,NULL,NULL,402,NULL,'431262909_a009e2897b_o.jpg','[\"431262909_a009e2897b_o.jpg\",\"431262907_bf66c3cd6f_o.jpg\",\"431262903_9d77804a5b_o.jpg\",\"431267985_286ac5c8cd_o.jpg\",\"431262910_33356f1671_o.jpg\"]',0,'2015-11-11 18:58:41',NULL,NULL,NULL,NULL,NULL,NULL,NULL,NULL),(9,NULL,NULL,'45.565727390202, 15.841627716797',45.565727,15.841628,'2013-12-30 17:53:59','2015-12-01 19:37:22',NULL,'Pisarovina bb, Croatia',NULL,29,NULL,0,'id: 9Pisarovina bb, Croatia Jezero restaurant sold commercial    Sale Commercial property Karlovac Pisarovina  50-100m2 77 - 1 0 7    Agent  200 40 <li><span style=\"margin-left: 20px; left: 20.3333px;\" class=\"vertical\"></span><span style=\"width: 0px; margin-left: 20px; left: 20.3333px;\" class=\"horizontal\"></span><div id=\"1\"><span class=\"add_action\" title=\"Click for Add\"></span><span class=\"delete_action\" title=\"Click for Delete\"></span><span class=\"edit_action\" title=\"Click for Edit\"></span><span class=\"first_name\">1</span></div></li> SKIP_ON_EMPTY    SKIP_ON_EMPTY       trueAir conditioning trueComputer trueDishwasher trueHeating trueInternet trueMicrowave  trueBalcony trueGrill truePool trueParking     1500 1500 1500      Restoran jezero prodano commercial    Prodaja Poslovni prostor Karlovac Pisarovina  50-100m2 77 - 1 0 7    Agent    <li><span style=\"margin-left: 0px; left: 0px;\" class=\"vertical\"></span><span style=\"width: 0px; margin-left: 0px; left: 0px;\" class=\"horizontal\"></span><div id=\"2\"><span class=\"add_action\" title=\"Click for Add\"></span><span class=\"delete_action\" title=\"Click for Delete\"></span><span class=\"edit_action\" title=\"Click for Edit\"></span><span class=\"first_name\">1</span></div></li> SKIP_ON_EMPTY    SKIP_ON_EMPTY       trueKlimatizacija trueRačunalo truePerilica suđa trueGrijanje trueInternet trueMikrovalna  trueBalkon trueRoštilj trueBazen trueParking     1500 1500 1500     ',1,1,NULL,NULL,29,NULL,'389936596_72d6cba1b9_b.jpg','[\"389936596_72d6cba1b9_b.jpg\",\"389938915_e18683c4f4_b.jpg\",\"389936590_6bcb246b9b_b.jpg\",\"389928265_ce3b505a52_b.jpg\"]',0,'2015-11-11 18:58:41',NULL,NULL,NULL,NULL,NULL,NULL,NULL,NULL),(10,NULL,NULL,'45.984899065493, 16.557105105371',45.984899,16.557105,'2013-12-30 19:43:29','2014-12-28 19:00:41',NULL,'Cubinec 11, Croatia',NULL,30,NULL,0,'id: 10Cubinec 11, Croatia Lux apartment action apartment   Sale Apartment Križevci Cubinec   Less than 50m2 44 - 1 1 4    Agent  500 200 SKIP_ON_EMPTY   SKIP_ON_EMPTY       trueAir conditioning trueCable TV trueComputer trueDishwasher trueHeating trueInternet trueMicrowave  trueLift trueParking   1200          Lux apartman akcija apartment   Prodaja Stan Križevci Cubinec   Manje od 50m2 44 - 1 1 4    Agent    SKIP_ON_EMPTY   SKIP_ON_EMPTY       trueKlimatizacija trueKabelska TV trueRačunalo truePerilica suđa trueGrijanje trueInternet trueMikrovalna  trueDizalo trueParking   1200         ',1,1,NULL,NULL,6,NULL,'5388047921_efc5b357c8_b.jpg','[\"5388047921_efc5b357c8_b.jpg\",\"5388652594_ce85c25084_b.jpg\",\"5388046113_48d973bd16_b.jpg\",\"5388046911_533d2bcdec_b.jpg\",\"5388653730_73ea27ca08_b.jpg\"]',0,'2015-11-11 18:58:41',NULL,NULL,NULL,NULL,NULL,NULL,NULL,NULL),(11,NULL,NULL,'46.2359981, 16.1004514',46.235998,16.100451,'2013-12-30 22:39:03','2014-12-28 19:00:31',NULL,'Jerovec 16, Croatia',NULL,31,NULL,0,'id: 11Jerovec 16, Croatia Sky apartment empty apartment   Sale Apartment Varaždinska Ivanec   50-100m2 70 - 1 2 7    Agent  200 30 SKIP_ON_EMPTY   SKIP_ON_EMPTY       trueHeating  trueBalcony trueGrill truePool    1200 1200        Sky apartman empty apartment   Prodaja Stan Varaždinska Ivanec   50-100m2 70 - 1 2 7    Agent    SKIP_ON_EMPTY   SKIP_ON_EMPTY       trueGrijanje  trueBalkon trueRoštilj trueBazen    1200 1200       ',1,1,NULL,NULL,81,NULL,'5388050721_b84cf3a0a3_b.jpg','[\"5388050721_b84cf3a0a3_b.jpg\",\"5388050983_0bf177bb8a_b.jpg\",\"5388658660_975a93b2ae_b.jpg\",\"5388053637_ba77c0b486_b.jpg\",\"5388053335_81ea378b09_b.jpg\"]',0,'2015-11-11 18:58:41',NULL,NULL,NULL,NULL,NULL,NULL,NULL,NULL),(12,NULL,NULL,'46.2971252, 16.4072529',46.297125,16.407253,'2013-12-30 22:44:07','2015-10-23 20:36:26',NULL,'Zeleni put 21, Croatia',NULL,32,NULL,1,'id: 12Zeleni put 21, Croatia Retro House  new house   0  Sale Apartment Varaždinska Trnovec Bartolovečki  50-100m2 60 - 1 1 6 60000   Agent  300 100 <li><span class=\"vertical\" style=\"margin-left: 20px; left: 20.6667px;\"></span><span class=\"horizontal\" style=\"width: 0px; margin-left: 20px; left: 20.6667px;\"></span><div id=\"1\"><span class=\"add_action\" title=\"Click for Add\"></span><span class=\"delete_action\" title=\"Click for Delete\"></span><span class=\"edit_action\" title=\"Click for Edit\"></span><span class=\"first_name\">1</span></div></li> SKIP_ON_EMPTY   SKIP_ON_EMPTY       trueAir conditioning trueCable TV trueComputer trueDishwasher trueMicrowave  trueBalcony trueGrill       1200 1200 1200    Retro kuća  empty house   0  Prodaja Stan Varaždinska Trnovec Bartolovečki  Manje od 50m2 60 - 1 1 6 50000   Agent    <li><span class=\"vertical\" style=\"margin-left: 0px; left: 0px;\"></span><span class=\"horizontal\" style=\"width: 0px; margin-left: 0px; left: 0px;\"></span><div id=\"2\"><span class=\"add_action\" title=\"Click for Add\"></span><span class=\"delete_action\" title=\"Click for Delete\"></span><span class=\"edit_action\" title=\"Click for Edit\"></span><span class=\"first_name\">1</span></div></li> SKIP_ON_EMPTY   SKIP_ON_EMPTY       trueKlimatizacija trueKabelska TV trueRačunalo truePerilica suđa  trueBalkon trueRoštilj       1200 1200 1200   ',1,1,NULL,NULL,366,NULL,'5388057701_5a618e8a9e_b.jpg','[\"5388057701_5a618e8a9e_b.jpg\",\"5388056665_86a3de4d36_b.jpg\",\"5388663918_f6767e53d0_b.jpg\",\"5388058111_cbf80b7902_b.jpg\",\"5388056843_bdbfb5499a_b.jpg\"]',0,'2015-11-11 18:58:41',NULL,NULL,NULL,NULL,NULL,NULL,'::1',NULL),(13,NULL,NULL,'45.8248723, 16.1044795',45.824872,16.104480,'2014-01-02 12:45:52','2014-12-28 19:01:39',NULL,'Sesvete, Slatinska 23',NULL,33,NULL,0,'id: 13Sesvete, Slatinska 23 Yellow wood empty house   Sale House Zagrebačka Sesvete   50-100m2 90 - 1 1 9    Agent  200 50 SKIP_ON_EMPTY   SKIP_ON_EMPTY       trueAir conditioning trueCable TV trueComputer trueDishwasher  trueBalcony       300 300 300    Žuto drvo empty house   Prodaja Kuća Zagrebačka Sesvete   50-100m2 90 - 1 1 9    Agent  200 50 SKIP_ON_EMPTY   SKIP_ON_EMPTY       trueKlimatizacija trueKabelska TV trueRačunalo truePerilica suđa  trueBalkon       300 300 300   ',1,1,NULL,NULL,16,NULL,'5388050419_e3ef95b8eb_b.jpg','[\"5388050419_e3ef95b8eb_b.jpg\",\"576752732_a5c79cbb1f_o.jpg\"]',0,'2015-11-11 18:58:41',NULL,NULL,NULL,NULL,NULL,NULL,NULL,NULL),(14,NULL,NULL,'45.7687561, 15.9999749',45.768756,15.999975,'2014-01-02 13:49:32','2015-11-18 16:03:37',NULL,'Vatikanska 11, Zagreb, Croatia',NULL,34,NULL,1,'id: 14Vatikanska 11, Zagreb, Croatia Black glass house  action house 5    Sale House Zagreb Zagreb  More than 100m2 200 - 2 2 20    Owner 3 80 30 <li><span class=\"vertical\" style=\"margin-left: 20px; left: 20.8333px;\"></span><span class=\"horizontal\" style=\"width: 0px; margin-left: 20px; left: 20.8333px;\"></span><div id=\"1\"><span class=\"add_action\" title=\"Click for Add\"></span><span class=\"delete_action\" title=\"Click for Delete\"></span><span class=\"edit_action\" title=\"Click for Edit\"></span><span class=\"first_name\">1</span></div></li> 290   SKIP_ON_EMPTY       trueAir conditioning trueCable TV trueComputer trueMicrowave  trueBalcony trueLift truePool trueParking  500 500 500 500 500 500 500 600     Kuća crno staklo  empty house 5    Prodaja Kuća Zagreb Zagreb  Više od 100m2 200 - 2 2 20    Vlasnik 3 80 30 <li><span class=\"vertical\" style=\"margin-left: 0px; left: 0px;\"></span><span class=\"horizontal\" style=\"width: 0px; margin-left: 0px; left: 0px;\"></span><div id=\"2\"><span class=\"add_action\" title=\"Click for Add\"></span><span class=\"delete_action\" title=\"Click for Delete\"></span><span class=\"edit_action\" title=\"Click for Edit\"></span><span class=\"first_name\">1</span></div></li> SKIP_ON_EMPTY   SKIP_ON_EMPTY       trueKlimatizacija trueKabelska TV trueRačunalo trueMikrovalna  trueBalkon trueDizalo trueBazen trueParking  500 500 500 500 500 500 500 600    ',1,1,NULL,NULL,2037,NULL,'147822442_014fc68a36_o.jpg','[\"147822442_014fc68a36_o.jpg\",\"5388654584_6c1d0f8475_b.jpg\",\"5388658984_edb1fcd5a4_b.jpg\"]',0,'2015-11-11 18:58:41',NULL,NULL,NULL,NULL,NULL,NULL,'::1',NULL),(15,NULL,NULL,'45.8971627, 16.4291229',45.897163,16.429123,'2014-01-02 14:00:24','2015-02-17 14:47:57',NULL,'Cerje 1, Vrbovec, Croatia',NULL,35,NULL,0,'id: 15Cerje 1, Vrbovec, Croatia Round towers  empty house     Sale House Zagrebačka Vrbovec  Less than 50m2 49 - 2 2 5    Agent  30 10 <li><span style=\"margin-left: 0px; left: 0px;\" class=\"vertical\"></span><span style=\"width: 0px; margin-left: 0px; left: 0px;\" class=\"horizontal\"></span><span style=\"margin-left: 0px; left: 0px;\" class=\"vertical\"></span><span style=\"width: 0px; margin-left: 0px; left: 0px;\" class=\"horizontal\"></span><span style=\"margin-left: 0px; left: 0px;\" class=\"vertical\"></span><span style=\"width: 0px; margin-left: 0px; left: 0px;\" class=\"horizontal\"></span><span style=\"margin-left: 0px; left: 0px;\" class=\"vertical\"></span><span style=\"width: 0px; margin-left: 0px; left: 0px;\" class=\"horizontal\"></span><span style=\"margin-left: 0px; left: 0px;\" class=\"vertical\"></span><span style=\"width: 0px; margin-left: 0px; left: 0px;\" class=\"horizontal\"></span><div class=\"ui-droppable ui-draggable\" id=\"1\"><span class=\"add_action\" title=\"Click for Add\"></span><span class=\"delete_action\" title=\"Click for Delete\"></span><span class=\"edit_action\" title=\"Click for Edit\"></span><span class=\"add_action\" title=\"Click for Add\"></span><span class=\"delete_action\" title=\"Click for Delete\"></span><span class=\"edit_action\" title=\"Click for Edit\"></span><span class=\"add_action\" title=\"Click for Add\"></span><span class=\"delete_action\" title=\"Click for Delete\"></span><span class=\"edit_action\" title=\"Click for Edit\"></span><span class=\"add_action\" title=\"Click for Add\"></span><span class=\"delete_action\" title=\"Click for Delete\"></span><span class=\"edit_action\" title=\"Click for Edit\"></span><span class=\"add_action\" title=\"Click for Add\"></span><span class=\"delete_action\" title=\"Click for Delete\"></span><span class=\"edit_action\" title=\"Click for Edit\"></span><span class=\"first_name\">1</span></div></li> SKIP_ON_EMPTY   SKIP_ON_EMPTY       trueAir conditioning trueCable TV trueComputer  trueBalcony truePool trueParking  200 200 200         round-towers Okrugle kule  empty house     Prodaja Stan Zagrebačka Vrbovec  Više od 100m2 49 - 2 2 5    Agent    <li><span style=\"margin-left: 20px; left: 20.8333px;\" class=\"vertical\"></span><span style=\"width: 0px; margin-left: 20px; left: 20.8333px;\" class=\"horizontal\"></span><span style=\"margin-left: 20px; left: 20.8333px;\" class=\"vertical\"></span><span style=\"width: 0px; margin-left: 20px; left: 20.8333px;\" class=\"horizontal\"></span><span style=\"margin-left: 20px; left: 20.8333px;\" class=\"vertical\"></span><span style=\"width: 0px; margin-left: 20px; left: 20.8333px;\" class=\"horizontal\"></span><span style=\"margin-left: 20px; left: 20.8333px;\" class=\"vertical\"></span><span style=\"width: 0px; margin-left: 20px; left: 20.8333px;\" class=\"horizontal\"></span><span style=\"margin-left: 20px; left: 20.8333px;\" class=\"vertical\"></span><span style=\"width: 0px; margin-left: 20px; left: 20.8333px;\" class=\"horizontal\"></span><div class=\"ui-droppable ui-draggable\" id=\"2\"><span class=\"add_action\" title=\"Click for Add\"></span><span class=\"delete_action\" title=\"Click for Delete\"></span><span class=\"edit_action\" title=\"Click for Edit\"></span><span class=\"add_action\" title=\"Click for Add\"></span><span class=\"delete_action\" title=\"Click for Delete\"></span><span class=\"edit_action\" title=\"Click for Edit\"></span><span class=\"add_action\" title=\"Click for Add\"></span><span class=\"delete_action\" title=\"Click for Delete\"></span><span class=\"edit_action\" title=\"Click for Edit\"></span><span class=\"add_action\" title=\"Click for Add\"></span><span class=\"delete_action\" title=\"Click for Delete\"></span><span class=\"edit_action\" title=\"Click for Edit\"></span><span class=\"add_action\" title=\"Click for Add\"></span><span class=\"delete_action\" title=\"Click for Delete\"></span><span class=\"edit_action\" title=\"Click for Edit\"></span><span class=\"first_name\">1</span></div></li> SKIP_ON_EMPTY   SKIP_ON_EMPTY       trueKlimatizacija trueKabelska TV trueRačunalo  trueBalkon trueBazen trueParking  200 200 200         okrugle-kule',1,1,NULL,NULL,7,NULL,'148583306_cad8fc948c_o.jpg','[\"148583306_cad8fc948c_o.jpg\",\"5388054365_288cf72f15_b.jpg\",\"5388655270_fbbf78a1f9_b.jpg\"]',0,'2015-11-11 18:58:41',NULL,NULL,NULL,NULL,NULL,NULL,'::1',NULL),(16,NULL,NULL,'46.02695, 16.0639472',46.026950,16.063947,'2014-01-02 14:03:29','2016-02-10 19:51:06',NULL,'Selnica 43, Zlatar Bistrica, Croatia',NULL,36,NULL,0,'id: 16Selnica 43, Zlatar Bistrica, Croatia Fear wood House - McMaster University -  empty land    Sale Land Zagorje Zlatar Bistrica  50-100m2 80 -       Agent    <li><span class=\"vertical\" style=\"margin-left: 0px; left: 0px;\"></span><span class=\"horizontal\" style=\"width: 0px; margin-left: 0px; left: 0px;\"></span><span style=\"margin-left: 0px; left: 0px;\" class=\"vertical\"></span><span style=\"width: 0px; margin-left: 0px; left: 0px;\" class=\"horizontal\"></span><span style=\"margin-left: 0px; left: 0px;\" class=\"vertical\"></span><span style=\"width: 0px; margin-left: 0px; left: 0px;\" class=\"horizontal\"></span><div class=\"ui-droppable ui-draggable\" id=\"1\"><span class=\"add_action\" title=\"Click for Add\"></span><span class=\"delete_action\" title=\"Click for Delete\"></span><span class=\"edit_action\" title=\"Click for Edit\"></span><span class=\"add_action\" title=\"Click for Add\"></span><span class=\"delete_action\" title=\"Click for Delete\"></span><span class=\"edit_action\" title=\"Click for Edit\"></span><span class=\"add_action\" title=\"Click for Add\"></span><span class=\"delete_action\" title=\"Click for Delete\"></span><span class=\"edit_action\" title=\"Click for Edit\"></span><span class=\"first_name\">1</span></div></li> SKIP_ON_EMPTY   SKIP_ON_EMPTY            100        Drvo straha House - McMaster University -  empty land    Prodaja Zemljište Zagorje Zlatar Bistrica  50-100m2 80 -       Agent    <li><span class=\"vertical\" style=\"margin-left: 20px; left: 20.1667px;\"></span><span class=\"horizontal\" style=\"width: 0px; margin-left: 20px; left: 20.1667px;\"></span><span style=\"margin-left: 20px; left: 20.1667px;\" class=\"vertical\"></span><span style=\"width: 0px; margin-left: 20px; left: 20.1667px;\" class=\"horizontal\"></span><span style=\"margin-left: 20px; left: 20.1667px;\" class=\"vertical\"></span><span style=\"width: 0px; margin-left: 20px; left: 20.1667px;\" class=\"horizontal\"></span><div class=\"ui-droppable ui-draggable\" id=\"2\"><span class=\"add_action\" title=\"Click for Add\"></span><span class=\"delete_action\" title=\"Click for Delete\"></span><span class=\"edit_action\" title=\"Click for Edit\"></span><span class=\"add_action\" title=\"Click for Add\"></span><span class=\"delete_action\" title=\"Click for Delete\"></span><span class=\"edit_action\" title=\"Click for Edit\"></span><span class=\"add_action\" title=\"Click for Add\"></span><span class=\"delete_action\" title=\"Click for Delete\"></span><span class=\"edit_action\" title=\"Click for Edit\"></span><span class=\"first_name\">1</span></div></li> SKIP_ON_EMPTY   SKIP_ON_EMPTY            100       ',1,1,NULL,NULL,9,NULL,'227963176_2a296e7f0d_o.jpg','[\"227963176_2a296e7f0d_o.jpg\",\"5388055503_bdfec0a3d5_b.jpg\",\"5388661724_e92356d456_b.jpg\"]',0,'2015-11-11 18:58:41',NULL,NULL,NULL,NULL,NULL,NULL,'::1',NULL),(17,NULL,NULL,'45.733079713277, 16.302902710937',45.733080,16.302903,'2014-01-02 14:07:41','2014-12-28 18:59:42',NULL,'Ježevo 32, Ivanić Grad, Croatia',NULL,37,NULL,0,'id: 17Ježevo 32, Ivanić Grad, Croatia Classic American Apartment - McMaster University -  empty house    Sale House Zagrebačka Ivanić Grad  Less than 50m2 50        Agent    <li><span class=\"vertical\" style=\"margin-left: 0px; left: 0px;\"></span><span class=\"horizontal\" style=\"width: 0px; margin-left: 0px; left: 0px;\"></span><span class=\"vertical\" style=\"margin-left: 0px; left: 0px;\"></span><span class=\"horizontal\" style=\"width: 0px; margin-left: 0px; left: 0px;\"></span><div id=\"1\" class=\"ui-droppable ui-draggable\"><span class=\"add_action\" title=\"Click for Add\"></span><span class=\"delete_action\" title=\"Click for Delete\"></span><span class=\"edit_action\" title=\"Click for Edit\"></span><span class=\"add_action\" title=\"Click for Add\"></span><span class=\"delete_action\" title=\"Click for Delete\"></span><span class=\"edit_action\" title=\"Click for Edit\"></span><span class=\"first_name\">1</span></div></li> SKIP_ON_EMPTY   SKIP_ON_EMPTY         400           Američka kuća Apartment - McMaster University -  empty house    Prodaja Kuća zagrebačka Ivanić Grad  Manje od 50m2 50        Agent    <li><span class=\"vertical\" style=\"margin-left: 20px; left: 20.1667px;\"></span><span class=\"horizontal\" style=\"width: 0px; margin-left: 20px; left: 20.1667px;\"></span><span class=\"vertical\" style=\"margin-left: 20px; left: 20.1667px;\"></span><span class=\"horizontal\" style=\"width: 0px; margin-left: 20px; left: 20.1667px;\"></span><div id=\"2\" class=\"ui-droppable ui-draggable\"><span class=\"add_action\" title=\"Click for Add\"></span><span class=\"delete_action\" title=\"Click for Delete\"></span><span class=\"edit_action\" title=\"Click for Edit\"></span><span class=\"add_action\" title=\"Click for Add\"></span><span class=\"delete_action\" title=\"Click for Delete\"></span><span class=\"edit_action\" title=\"Click for Edit\"></span><span class=\"first_name\">1</span></div></li> SKIP_ON_EMPTY   SKIP_ON_EMPTY         400          ',1,1,NULL,NULL,6,NULL,'5388052993_efdcb497f3_b.jpg','[\"5388052993_efdcb497f3_b.jpg\",\"2407030202_445d617c69_o.jpg\",\"5388054707_9e5cd581fe_b.jpg\"]',0,'2015-11-11 18:58:41',NULL,NULL,NULL,NULL,NULL,NULL,'::1',NULL),(18,NULL,NULL,'46.1689005, 16.3342306',46.168901,16.334231,'2014-01-02 14:12:36','2016-04-10 12:21:05',NULL,'Remetinec 23, Novi Marof, Croatia',NULL,38,NULL,0,'id: 18Remetinec 23, Novi Marof, Croatia Small beauty Apartment - McMaster University -  empty house    Sale House Varaždinska Novi Marof  50-100m2 90        Agent    <li><span class=\"vertical\" style=\"margin-left: 0px; left: 0px;\"></span><span class=\"horizontal\" style=\"width: 0px; margin-left: 0px; left: 0px;\"></span><span class=\"vertical\" style=\"margin-left: 0px; left: 0px;\"></span><span class=\"horizontal\" style=\"width: 0px; margin-left: 0px; left: 0px;\"></span><span class=\"vertical\" style=\"margin-left: 0px; left: 0px;\"></span><span class=\"horizontal\" style=\"width: 0px; margin-left: 0px; left: 0px;\"></span><span style=\"margin-left: 0px; left: 0px;\" class=\"vertical\"></span><span style=\"width: 0px; margin-left: 0px; left: 0px;\" class=\"horizontal\"></span><span style=\"margin-left: 0px; left: 0px;\" class=\"vertical\"></span><span style=\"width: 0px; margin-left: 0px; left: 0px;\" class=\"horizontal\"></span><span style=\"margin-left: 0px; left: 0px;\" class=\"vertical\"></span><span style=\"width: 0px; margin-left: 0px; left: 0px;\" class=\"horizontal\"></span><span style=\"margin-left: 0px; left: 0px;\" class=\"vertical\"></span><span style=\"width: 0px; margin-left: 0px; left: 0px;\" class=\"horizontal\"></span><div id=\"1\" class=\"ui-droppable ui-draggable\"><span class=\"add_action\" title=\"Click for Add\"></span><span class=\"delete_action\" title=\"Click for Delete\"></span><span class=\"edit_action\" title=\"Click for Edit\"></span><span class=\"add_action\" title=\"Click for Add\"></span><span class=\"delete_action\" title=\"Click for Delete\"></span><span class=\"edit_action\" title=\"Click for Edit\"></span><span class=\"add_action\" title=\"Click for Add\"></span><span class=\"delete_action\" title=\"Click for Delete\"></span><span class=\"edit_action\" title=\"Click for Edit\"></span><span class=\"add_action\" title=\"Click for Add\"></span><span class=\"delete_action\" title=\"Click for Delete\"></span><span class=\"edit_action\" title=\"Click for Edit\"></span><span class=\"add_action\" title=\"Click for Add\"></span><span class=\"delete_action\" title=\"Click for Delete\"></span><span class=\"edit_action\" title=\"Click for Edit\"></span><span class=\"add_action\" title=\"Click for Add\"></span><span class=\"delete_action\" title=\"Click for Delete\"></span><span class=\"edit_action\" title=\"Click for Edit\"></span><span class=\"add_action\" title=\"Click for Add\"></span><span class=\"delete_action\" title=\"Click for Delete\"></span><span class=\"edit_action\" title=\"Click for Edit\"></span><span class=\"first_name\">1</span></div></li> 324   SKIP_ON_EMPTY           50         Malena ljepotica Apartment - McMaster University -  empty house    Prodaja Kuća Varaždinska Novi Marof  50-100m2 90        Agent    <li><span class=\"vertical\" style=\"margin-left: 20px; left: 20.1667px;\"></span><span class=\"horizontal\" style=\"width: 0px; margin-left: 20px; left: 20.1667px;\"></span><span class=\"vertical\" style=\"margin-left: 20px; left: 20.1667px;\"></span><span class=\"horizontal\" style=\"width: 0px; margin-left: 20px; left: 20.1667px;\"></span><span class=\"vertical\" style=\"margin-left: 20px; left: 20.1667px;\"></span><span class=\"horizontal\" style=\"width: 0px; margin-left: 20px; left: 20.1667px;\"></span><span style=\"margin-left: 20px; left: 20.1667px;\" class=\"vertical\"></span><span style=\"width: 0px; margin-left: 20px; left: 20.1667px;\" class=\"horizontal\"></span><span style=\"margin-left: 20px; left: 20.1667px;\" class=\"vertical\"></span><span style=\"width: 0px; margin-left: 20px; left: 20.1667px;\" class=\"horizontal\"></span><span style=\"margin-left: 20px; left: 20.1667px;\" class=\"vertical\"></span><span style=\"width: 0px; margin-left: 20px; left: 20.1667px;\" class=\"horizontal\"></span><span style=\"margin-left: 20px; left: 20.1667px;\" class=\"vertical\"></span><span style=\"width: 0px; margin-left: 20px; left: 20.1667px;\" class=\"horizontal\"></span><div id=\"2\" class=\"ui-droppable ui-draggable\"><span class=\"add_action\" title=\"Click for Add\"></span><span class=\"delete_action\" title=\"Click for Delete\"></span><span class=\"edit_action\" title=\"Click for Edit\"></span><span class=\"add_action\" title=\"Click for Add\"></span><span class=\"delete_action\" title=\"Click for Delete\"></span><span class=\"edit_action\" title=\"Click for Edit\"></span><span class=\"add_action\" title=\"Click for Add\"></span><span class=\"delete_action\" title=\"Click for Delete\"></span><span class=\"edit_action\" title=\"Click for Edit\"></span><span class=\"add_action\" title=\"Click for Add\"></span><span class=\"delete_action\" title=\"Click for Delete\"></span><span class=\"edit_action\" title=\"Click for Edit\"></span><span class=\"add_action\" title=\"Click for Add\"></span><span class=\"delete_action\" title=\"Click for Delete\"></span><span class=\"edit_action\" title=\"Click for Edit\"></span><span class=\"add_action\" title=\"Click for Add\"></span><span class=\"delete_action\" title=\"Click for Delete\"></span><span class=\"edit_action\" title=\"Click for Edit\"></span><span class=\"add_action\" title=\"Click for Add\"></span><span class=\"delete_action\" title=\"Click for Delete\"></span><span class=\"edit_action\" title=\"Click for Edit\"></span><span class=\"first_name\">1</span></div></li> SKIP_ON_EMPTY   SKIP_ON_EMPTY           50        ',1,1,NULL,NULL,31,NULL,'1199605400_2b897736d1_o.jpg','[\"1199605400_2b897736d1_o.jpg\",\"5388051239_00764065f2_b.jpg\"]',0,'2015-11-11 18:58:41',NULL,NULL,NULL,NULL,NULL,NULL,'::1',NULL),(19,NULL,NULL,'45.9603589, 16.2439931',45.960359,16.243993,'2014-01-02 14:16:22','2016-02-10 19:46:55',NULL,'Radoišće 23, Sveti Ivan Zelina, Croatia',NULL,39,NULL,0,'id: 19Radoišće 23, Sveti Ivan Zelina, Croatia Retro old House - Wilfrid Laurier University - Retro,test empty house    Sale House Zagorje Sveti Ivan Zelika 11000 Less than 50m2 35        Agent    <li><span class=\"vertical\" style=\"margin-left: 0px; left: 0px;\"></span><span class=\"horizontal\" style=\"width: 0px; margin-left: 0px; left: 0px;\"></span><span class=\"vertical\" style=\"margin-left: 0px; left: 0px;\"></span><span class=\"horizontal\" style=\"width: 0px; margin-left: 0px; left: 0px;\"></span><span style=\"margin-left: 0px; left: 0px;\" class=\"vertical\"></span><span style=\"width: 0px; margin-left: 0px; left: 0px;\" class=\"horizontal\"></span><div id=\"1\" class=\"ui-droppable ui-draggable\"><span class=\"add_action\" title=\"Click for Add\"></span><span class=\"delete_action\" title=\"Click for Delete\"></span><span class=\"edit_action\" title=\"Click for Edit\"></span><span class=\"add_action\" title=\"Click for Add\"></span><span class=\"delete_action\" title=\"Click for Delete\"></span><span class=\"edit_action\" title=\"Click for Edit\"></span><span class=\"add_action\" title=\"Click for Add\"></span><span class=\"delete_action\" title=\"Click for Delete\"></span><span class=\"edit_action\" title=\"Click for Edit\"></span><span class=\"first_name\">1</span></div></li> 267   270              800 800     Stari retro House - Wilfrid Laurier University - Retro,test empty house    Prodaja Kuća Zagorje Sveti Ivan Zelika  Manje od 50m2 35        Agent    <li><span class=\"vertical\" style=\"margin-left: 20px; left: 20.1667px;\"></span><span class=\"horizontal\" style=\"width: 0px; margin-left: 20px; left: 20.1667px;\"></span><span class=\"vertical\" style=\"margin-left: 20px; left: 20.1667px;\"></span><span class=\"horizontal\" style=\"width: 0px; margin-left: 20px; left: 20.1667px;\"></span><span style=\"margin-left: 20px; left: 20.1667px;\" class=\"vertical\"></span><span style=\"width: 0px; margin-left: 20px; left: 20.1667px;\" class=\"horizontal\"></span><div id=\"2\" class=\"ui-droppable ui-draggable\"><span class=\"add_action\" title=\"Click for Add\"></span><span class=\"delete_action\" title=\"Click for Delete\"></span><span class=\"edit_action\" title=\"Click for Edit\"></span><span class=\"add_action\" title=\"Click for Add\"></span><span class=\"delete_action\" title=\"Click for Delete\"></span><span class=\"edit_action\" title=\"Click for Edit\"></span><span class=\"add_action\" title=\"Click for Add\"></span><span class=\"delete_action\" title=\"Click for Delete\"></span><span class=\"edit_action\" title=\"Click for Edit\"></span><span class=\"first_name\">1</span></div></li> SKIP_ON_EMPTY   SKIP_ON_EMPTY              800 800    ',1,1,NULL,NULL,119,NULL,'162803672_8244db2362_o.jpg','[\"162803672_8244db2362_o.jpg\",\"5388656350_fc498d8f1f_b.jpg\",\"5388051533_4e871bde69_b.jpg\"]',0,'2015-11-11 18:58:41',NULL,NULL,NULL,NULL,NULL,NULL,'::1',NULL),(29,NULL,NULL,'46.3785703, 16.0797348',46.378570,16.079735,'2014-03-07 20:12:14','2017-04-18 01:01:27',NULL,'Veliki lovrečan',NULL,195,NULL,0,'id: 29Veliki lovrečan My property  new house   Manitoba - Winnipeg -  Sale Apartment Varaždinska Cestica  50-100m2 60 -       Agent    <li><span class=\"vertical\" style=\"margin-left: 20px; left: 20.5px;\"></span><span class=\"horizontal\" style=\"width: 0px; margin-left: 20px; left: 20.5px;\"></span><span class=\"vertical\" style=\"margin-left: 20px; left: 20.5px;\"></span><span class=\"horizontal\" style=\"width: 0px; margin-left: 20px; left: 20.5px;\"></span><span class=\"vertical\" style=\"margin-left: 20px; left: 20.5px;\"></span><span class=\"horizontal\" style=\"width: 0px; margin-left: 20px; left: 20.5px;\"></span><span class=\"vertical\" style=\"margin-left: 20px; left: 20.5px;\"></span><span class=\"horizontal\" style=\"width: 0px; margin-left: 20px; left: 20.5px;\"></span><div id=\"1\"><span class=\"add_action\" title=\"Click for Add\"></span><span class=\"delete_action\" title=\"Click for Delete\"></span><span class=\"edit_action\" title=\"Click for Edit\"></span><span class=\"add_action\" title=\"Click for Add\"></span><span class=\"delete_action\" title=\"Click for Delete\"></span><span class=\"edit_action\" title=\"Click for Edit\"></span><span class=\"add_action\" title=\"Click for Add\"></span><span class=\"delete_action\" title=\"Click for Delete\"></span><span class=\"edit_action\" title=\"Click for Edit\"></span><span class=\"add_action\" title=\"Click for Add\"></span><span class=\"delete_action\" title=\"Click for Delete\"></span><span class=\"edit_action\" title=\"Click for Edit\"></span><span class=\"first_name\">1</span></div></li> 289   SKIP_ON_EMPTY               700 700    Moja nekretnina  novo house     Prodaja Stan Varaždinska Cestica  50-100m2 60 D 2 2 5    Agent    <li><span class=\"vertical\" style=\"margin-left: 0px; left: 0px;\"></span><span class=\"horizontal\" style=\"width: 0px; margin-left: 0px; left: 0px;\"></span><span class=\"vertical\" style=\"margin-left: 0px; left: 0px;\"></span><span class=\"horizontal\" style=\"width: 0px; margin-left: 0px; left: 0px;\"></span><span class=\"vertical\" style=\"margin-left: 0px; left: 0px;\"></span><span class=\"horizontal\" style=\"width: 0px; margin-left: 0px; left: 0px;\"></span><span class=\"vertical\" style=\"margin-left: 0px; left: 0px;\"></span><span class=\"horizontal\" style=\"width: 0px; margin-left: 0px; left: 0px;\"></span><div id=\"2\"><span class=\"add_action\" title=\"Click for Add\"></span><span class=\"delete_action\" title=\"Click for Delete\"></span><span class=\"edit_action\" title=\"Click for Edit\"></span><span class=\"add_action\" title=\"Click for Add\"></span><span class=\"delete_action\" title=\"Click for Delete\"></span><span class=\"edit_action\" title=\"Click for Edit\"></span><span class=\"add_action\" title=\"Click for Add\"></span><span class=\"delete_action\" title=\"Click for Delete\"></span><span class=\"edit_action\" title=\"Click for Edit\"></span><span class=\"add_action\" title=\"Click for Add\"></span><span class=\"delete_action\" title=\"Click for Delete\"></span><span class=\"edit_action\" title=\"Click for Edit\"></span><span class=\"first_name\">1</span></div></li> SKIP_ON_EMPTY   SKIP_ON_EMPTY       trueKlimatizacija trueKabelska TV  trueBalkon        700 700   ',0,1,NULL,NULL,21,NULL,NULL,'[]',1,'2015-11-11 18:58:41',NULL,NULL,NULL,NULL,NULL,NULL,'::1',NULL),(30,NULL,NULL,'46.3731205, 16.1270403',46.373121,16.127040,'2014-10-09 01:33:21','2016-05-13 23:23:00',NULL,'Cestica',NULL,197,NULL,0,'id: 30Cestica Bjelovar estate 1 Commercial - Waterloo University -  empty apartment  <tr><td>A1</td><td>1</td><td>2</td><td>3</td><td>4</td></tr><tr><td>A2</td><td>1</td><td>2</td><td>3</td><td>4</td></tr><tr><td>A3</td><td>1</td><td>2</td><td>3</td><td>4</td></tr>  Rent Apartment Bjelovarska Bjelovar 42208 Less than 50m2 40 - 3 3 7 90,000.00   Agent - 70 20 <li><span class=\"vertical\" style=\"margin-left: 20px; left: 20px;\"></span><span class=\"horizontal\" style=\"width: 0px; margin-left: 20px; left: 20px;\"></span><span class=\"vertical\" style=\"margin-left: 20px; left: 20px;\"></span><span class=\"horizontal\" style=\"width: 0px; margin-left: 20px; left: 20px;\"></span><span class=\"vertical\" style=\"margin-left: 20px; left: 20px;\"></span><span class=\"horizontal\" style=\"width: 0px; margin-left: 20px; left: 20px;\"></span><span class=\"vertical\" style=\"margin-left: 20px; left: 20px;\"></span><span class=\"horizontal\" style=\"width: 0px; margin-left: 20px; left: 20px;\"></span><span class=\"vertical\" style=\"margin-left: 20px; left: 20px;\"></span><span class=\"horizontal\" style=\"width: 0px; margin-left: 20px; left: 20px;\"></span><span class=\"vertical\" style=\"margin-left: 20px; left: 20px;\"></span><span class=\"horizontal\" style=\"width: 0px; margin-left: 20px; left: 20px;\"></span><span class=\"vertical\" style=\"margin-left: 20px; left: 20px;\"></span><span class=\"horizontal\" style=\"width: 0px; margin-left: 20px; left: 20px;\"></span><span class=\"vertical\" style=\"margin-left: 20px; left: 20px;\"></span><span class=\"horizontal\" style=\"width: 0px; margin-left: 20px; left: 20px;\"></span><span class=\"vertical\" style=\"margin-left: 20px; left: 20px;\"></span><span class=\"horizontal\" style=\"width: 0px; margin-left: 20px; left: 20px;\"></span><span class=\"vertical\" style=\"margin-left: 20px; left: 20px;\"></span><span class=\"horizontal\" style=\"width: 0px; margin-left: 20px; left: 20px;\"></span><span class=\"vertical\" style=\"margin-left: 20px; left: 20px;\"></span><span class=\"horizontal\" style=\"width: 0px; margin-left: 20px; left: 20px;\"></span><span class=\"vertical\" style=\"margin-left: 20px; left: 20px;\"></span><span class=\"horizontal\" style=\"width: 0px; margin-left: 20px; left: 20px;\"></span><span class=\"vertical\" style=\"margin-left: 20px; left: 20px;\"></span><span class=\"horizontal\" style=\"width: 0px; margin-left: 20px; left: 20px;\"></span><span class=\"vertical\" style=\"margin-left: 20px; left: 20px;\"></span><span class=\"horizontal\" style=\"width: 0px; margin-left: 20px; left: 20px;\"></span><span class=\"vertical\" style=\"margin-left: 20px; left: 20px;\"></span><span class=\"horizontal\" style=\"width: 0px; margin-left: 20px; left: 20px;\"></span><span class=\"vertical\" style=\"margin-left: 20px; left: 20px;\"></span><span class=\"horizontal\" style=\"width: 0px; margin-left: 20px; left: 20px;\"></span><span class=\"vertical\" style=\"margin-left: 20px; left: 20px;\"></span><span class=\"horizontal\" style=\"width: 0px; margin-left: 20px; left: 20px;\"></span><span class=\"vertical\" style=\"margin-left: 20px; left: 20px;\"></span><span class=\"horizontal\" style=\"width: 0px; margin-left: 20px; left: 20px;\"></span><span class=\"vertical\" style=\"margin-left: 20px; left: 20px;\"></span><span class=\"horizontal\" style=\"width: 0px; margin-left: 20px; left: 20px;\"></span><span class=\"vertical\" style=\"margin-left: 20px; left: 20px;\"></span><span class=\"horizontal\" style=\"width: 0px; margin-left: 20px; left: 20px;\"></span><span class=\"vertical\" style=\"margin-left: 20px; left: 20px;\"></span><span class=\"horizontal\" style=\"width: 0px; margin-left: 20px; left: 20px;\"></span><span class=\"vertical\" style=\"margin-left: 20px; left: 20px;\"></span><span class=\"horizontal\" style=\"width: 0px; margin-left: 20px; left: 20px;\"></span><span class=\"vertical\" style=\"margin-left: 20px; left: 20px;\"></span><span class=\"horizontal\" style=\"width: 0px; margin-left: 20px; left: 20px;\"></span><span style=\"margin-left: 20px; left: 20px;\" class=\"vertical\"></span><span style=\"width: 0px; margin-left: 20px; left: 20px;\" class=\"horizontal\"></span><span style=\"margin-left: 20px; left: 20px;\" class=\"vertical\"></span><span style=\"width: 0px; margin-left: 20px; left: 20px;\" class=\"horizontal\"></span><div class=\"ui-droppable ui-draggable\" id=\"1\"><span class=\"add_action\" title=\"Click for Add\"></span><span class=\"delete_action\" title=\"Click for Delete\"></span><span class=\"edit_action\" title=\"Click for Edit\"></span><span class=\"add_action\" title=\"Click for Add\"></span><span class=\"delete_action\" title=\"Click for Delete\"></span><span class=\"edit_action\" title=\"Click for Edit\"></span><span class=\"add_action\" title=\"Click for Add\"></span><span class=\"delete_action\" title=\"Click for Delete\"></span><span class=\"edit_action\" title=\"Click for Edit\"></span><span class=\"add_action\" title=\"Click for Add\"></span><span class=\"delete_action\" title=\"Click for Delete\"></span><span class=\"edit_action\" title=\"Click for Edit\"></span><span class=\"add_action\" title=\"Click for Add\"></span><span class=\"delete_action\" title=\"Click for Delete\"></span><span class=\"edit_action\" title=\"Click for Edit\"></span><span class=\"add_action\" title=\"Click for Add\"></span><span class=\"delete_action\" title=\"Click for Delete\"></span><span class=\"edit_action\" title=\"Click for Edit\"></span><span class=\"add_action\" title=\"Click for Add\"></span><span class=\"delete_action\" title=\"Click for Delete\"></span><span class=\"edit_action\" title=\"Click for Edit\"></span><span class=\"add_action\" title=\"Click for Add\"></span><span class=\"delete_action\" title=\"Click for Delete\"></span><span class=\"edit_action\" title=\"Click for Edit\"></span><span class=\"add_action\" title=\"Click for Add\"></span><span class=\"delete_action\" title=\"Click for Delete\"></span><span class=\"edit_action\" title=\"Click for Edit\"></span><span class=\"add_action\" title=\"Click for Add\"></span><span class=\"delete_action\" title=\"Click for Delete\"></span><span class=\"edit_action\" title=\"Click for Edit\"></span><span class=\"add_action\" title=\"Click for Add\"></span><span class=\"delete_action\" title=\"Click for Delete\"></span><span class=\"edit_action\" title=\"Click for Edit\"></span><span class=\"add_action\" title=\"Click for Add\"></span><span class=\"delete_action\" title=\"Click for Delete\"></span><span class=\"edit_action\" title=\"Click for Edit\"></span><span class=\"add_action\" title=\"Click for Add\"></span><span class=\"delete_action\" title=\"Click for Delete\"></span><span class=\"edit_action\" title=\"Click for Edit\"></span><span class=\"add_action\" title=\"Click for Add\"></span><span class=\"delete_action\" title=\"Click for Delete\"></span><span class=\"edit_action\" title=\"Click for Edit\"></span><span class=\"add_action\" title=\"Click for Add\"></span><span class=\"delete_action\" title=\"Click for Delete\"></span><span class=\"edit_action\" title=\"Click for Edit\"></span><span class=\"add_action\" title=\"Click for Add\"></span><span class=\"delete_action\" title=\"Click for Delete\"></span><span class=\"edit_action\" title=\"Click for Edit\"></span><span class=\"add_action\" title=\"Click for Add\"></span><span class=\"delete_action\" title=\"Click for Delete\"></span><span class=\"edit_action\" title=\"Click for Edit\"></span><span class=\"add_action\" title=\"Click for Add\"></span><span class=\"delete_action\" title=\"Click for Delete\"></span><span class=\"edit_action\" title=\"Click for Edit\"></span><span class=\"add_action\" title=\"Click for Add\"></span><span class=\"delete_action\" title=\"Click for Delete\"></span><span class=\"edit_action\" title=\"Click for Edit\"></span><span class=\"add_action\" title=\"Click for Add\"></span><span class=\"delete_action\" title=\"Click for Delete\"></span><span class=\"edit_action\" title=\"Click for Edit\"></span><span class=\"add_action\" title=\"Click for Add\"></span><span class=\"delete_action\" title=\"Click for Delete\"></span><span class=\"edit_action\" title=\"Click for Edit\"></span><span class=\"add_action\" title=\"Click for Add\"></span><span class=\"delete_action\" title=\"Click for Delete\"></span><span class=\"edit_action\" title=\"Click for Edit\"></span><span class=\"add_action\" title=\"Click for Add\"></span><span class=\"delete_action\" title=\"Click for Delete\"></span><span class=\"edit_action\" title=\"Click for Edit\"></span><span class=\"add_action\" title=\"Click for Add\"></span><span class=\"delete_action\" title=\"Click for Delete\"></span><span class=\"edit_action\" title=\"Click for Edit\"></span><span class=\"add_action\" title=\"Click for Add\"></span><span class=\"delete_action\" title=\"Click for Delete\"></span><span class=\"edit_action\" title=\"Click for Edit\"></span><span class=\"first_name\">1</span></div></li> 286  FieldGate properties 287 1234567890 http://www.google.com http://www.facebook.com http://www.twitter.com 0-24  trueAir conditioning trueComputer trueHeating trueInternet trueMicrowave  trueBalcony trueGrill truePool trueParking  600 600 600 600        Bjelovar nekretnina Commercial - Waterloo University -  empty apartment  <tr><td>A1c</td><td>B1c</td><td>C2c</td><td>3</td><td>4</td></tr><tr><td>A2c</td><td>B1c</td><td>C2c</td><td>3</td><td>4</td></tr><tr><td>A3c</td><td>B1c</td><td>C2c</td><td>3</td><td>4</td></tr>  Najam Stan Bjelovarska Bjelovar  Manje od 50m2 40 - 3 3 7 90.000,00   Agent - 70 20 <li><span class=\"vertical\" style=\"margin-left: 0px; left: 0px;\"></span><span class=\"horizontal\" style=\"width: 0px; margin-left: 0px; left: 0px;\"></span><span class=\"vertical\" style=\"margin-left: 0px; left: 0px;\"></span><span class=\"horizontal\" style=\"width: 0px; margin-left: 0px; left: 0px;\"></span><span class=\"vertical\" style=\"margin-left: 0px; left: 0px;\"></span><span class=\"horizontal\" style=\"width: 0px; margin-left: 0px; left: 0px;\"></span><span class=\"vertical\" style=\"margin-left: 0px; left: 0px;\"></span><span class=\"horizontal\" style=\"width: 0px; margin-left: 0px; left: 0px;\"></span><span class=\"vertical\" style=\"margin-left: 0px; left: 0px;\"></span><span class=\"horizontal\" style=\"width: 0px; margin-left: 0px; left: 0px;\"></span><span class=\"vertical\" style=\"margin-left: 0px; left: 0px;\"></span><span class=\"horizontal\" style=\"width: 0px; margin-left: 0px; left: 0px;\"></span><span class=\"vertical\" style=\"margin-left: 0px; left: 0px;\"></span><span class=\"horizontal\" style=\"width: 0px; margin-left: 0px; left: 0px;\"></span><span class=\"vertical\" style=\"margin-left: 0px; left: 0px;\"></span><span class=\"horizontal\" style=\"width: 0px; margin-left: 0px; left: 0px;\"></span><span class=\"vertical\" style=\"margin-left: 0px; left: 0px;\"></span><span class=\"horizontal\" style=\"width: 0px; margin-left: 0px; left: 0px;\"></span><span class=\"vertical\" style=\"margin-left: 0px; left: 0px;\"></span><span class=\"horizontal\" style=\"width: 0px; margin-left: 0px; left: 0px;\"></span><span class=\"vertical\" style=\"margin-left: 0px; left: 0px;\"></span><span class=\"horizontal\" style=\"width: 0px; margin-left: 0px; left: 0px;\"></span><span class=\"vertical\" style=\"margin-left: 0px; left: 0px;\"></span><span class=\"horizontal\" style=\"width: 0px; margin-left: 0px; left: 0px;\"></span><span class=\"vertical\" style=\"margin-left: 0px; left: 0px;\"></span><span class=\"horizontal\" style=\"width: 0px; margin-left: 0px; left: 0px;\"></span><span class=\"vertical\" style=\"margin-left: 0px; left: 0px;\"></span><span class=\"horizontal\" style=\"width: 0px; margin-left: 0px; left: 0px;\"></span><span class=\"vertical\" style=\"margin-left: 0px; left: 0px;\"></span><span class=\"horizontal\" style=\"width: 0px; margin-left: 0px; left: 0px;\"></span><span class=\"vertical\" style=\"margin-left: 0px; left: 0px;\"></span><span class=\"horizontal\" style=\"width: 0px; margin-left: 0px; left: 0px;\"></span><span class=\"vertical\" style=\"margin-left: 0px; left: 0px;\"></span><span class=\"horizontal\" style=\"width: 0px; margin-left: 0px; left: 0px;\"></span><span class=\"vertical\" style=\"margin-left: 0px; left: 0px;\"></span><span class=\"horizontal\" style=\"width: 0px; margin-left: 0px; left: 0px;\"></span><span class=\"vertical\" style=\"margin-left: 0px; left: 0px;\"></span><span class=\"horizontal\" style=\"width: 0px; margin-left: 0px; left: 0px;\"></span><span class=\"vertical\" style=\"margin-left: 0px; left: 0px;\"></span><span class=\"horizontal\" style=\"width: 0px; margin-left: 0px; left: 0px;\"></span><span class=\"vertical\" style=\"margin-left: 0px; left: 0px;\"></span><span class=\"horizontal\" style=\"width: 0px; margin-left: 0px; left: 0px;\"></span><span class=\"vertical\" style=\"margin-left: 0px; left: 0px;\"></span><span class=\"horizontal\" style=\"width: 0px; margin-left: 0px; left: 0px;\"></span><span class=\"vertical\" style=\"margin-left: 0px; left: 0px;\"></span><span class=\"horizontal\" style=\"width: 0px; margin-left: 0px; left: 0px;\"></span><span style=\"margin-left: 0px; left: 0px;\" class=\"vertical\"></span><span style=\"width: 0px; margin-left: 0px; left: 0px;\" class=\"horizontal\"></span><span style=\"margin-left: 0px; left: 0px;\" class=\"vertical\"></span><span style=\"width: 0px; margin-left: 0px; left: 0px;\" class=\"horizontal\"></span><div class=\"ui-droppable ui-draggable\" id=\"2\"><span class=\"add_action\" title=\"Click for Add\"></span><span class=\"delete_action\" title=\"Click for Delete\"></span><span class=\"edit_action\" title=\"Click for Edit\"></span><span class=\"add_action\" title=\"Click for Add\"></span><span class=\"delete_action\" title=\"Click for Delete\"></span><span class=\"edit_action\" title=\"Click for Edit\"></span><span class=\"add_action\" title=\"Click for Add\"></span><span class=\"delete_action\" title=\"Click for Delete\"></span><span class=\"edit_action\" title=\"Click for Edit\"></span><span class=\"add_action\" title=\"Click for Add\"></span><span class=\"delete_action\" title=\"Click for Delete\"></span><span class=\"edit_action\" title=\"Click for Edit\"></span><span class=\"add_action\" title=\"Click for Add\"></span><span class=\"delete_action\" title=\"Click for Delete\"></span><span class=\"edit_action\" title=\"Click for Edit\"></span><span class=\"add_action\" title=\"Click for Add\"></span><span class=\"delete_action\" title=\"Click for Delete\"></span><span class=\"edit_action\" title=\"Click for Edit\"></span><span class=\"add_action\" title=\"Click for Add\"></span><span class=\"delete_action\" title=\"Click for Delete\"></span><span class=\"edit_action\" title=\"Click for Edit\"></span><span class=\"add_action\" title=\"Click for Add\"></span><span class=\"delete_action\" title=\"Click for Delete\"></span><span class=\"edit_action\" title=\"Click for Edit\"></span><span class=\"add_action\" title=\"Click for Add\"></span><span class=\"delete_action\" title=\"Click for Delete\"></span><span class=\"edit_action\" title=\"Click for Edit\"></span><span class=\"add_action\" title=\"Click for Add\"></span><span class=\"delete_action\" title=\"Click for Delete\"></span><span class=\"edit_action\" title=\"Click for Edit\"></span><span class=\"add_action\" title=\"Click for Add\"></span><span class=\"delete_action\" title=\"Click for Delete\"></span><span class=\"edit_action\" title=\"Click for Edit\"></span><span class=\"add_action\" title=\"Click for Add\"></span><span class=\"delete_action\" title=\"Click for Delete\"></span><span class=\"edit_action\" title=\"Click for Edit\"></span><span class=\"add_action\" title=\"Click for Add\"></span><span class=\"delete_action\" title=\"Click for Delete\"></span><span class=\"edit_action\" title=\"Click for Edit\"></span><span class=\"add_action\" title=\"Click for Add\"></span><span class=\"delete_action\" title=\"Click for Delete\"></span><span class=\"edit_action\" title=\"Click for Edit\"></span><span class=\"add_action\" title=\"Click for Add\"></span><span class=\"delete_action\" title=\"Click for Delete\"></span><span class=\"edit_action\" title=\"Click for Edit\"></span><span class=\"add_action\" title=\"Click for Add\"></span><span class=\"delete_action\" title=\"Click for Delete\"></span><span class=\"edit_action\" title=\"Click for Edit\"></span><span class=\"add_action\" title=\"Click for Add\"></span><span class=\"delete_action\" title=\"Click for Delete\"></span><span class=\"edit_action\" title=\"Click for Edit\"></span><span class=\"add_action\" title=\"Click for Add\"></span><span class=\"delete_action\" title=\"Click for Delete\"></span><span class=\"edit_action\" title=\"Click for Edit\"></span><span class=\"add_action\" title=\"Click for Add\"></span><span class=\"delete_action\" title=\"Click for Delete\"></span><span class=\"edit_action\" title=\"Click for Edit\"></span><span class=\"add_action\" title=\"Click for Add\"></span><span class=\"delete_action\" title=\"Click for Delete\"></span><span class=\"edit_action\" title=\"Click for Edit\"></span><span class=\"add_action\" title=\"Click for Add\"></span><span class=\"delete_action\" title=\"Click for Delete\"></span><span class=\"edit_action\" title=\"Click for Edit\"></span><span class=\"add_action\" title=\"Click for Add\"></span><span class=\"delete_action\" title=\"Click for Delete\"></span><span class=\"edit_action\" title=\"Click for Edit\"></span><span class=\"add_action\" title=\"Click for Add\"></span><span class=\"delete_action\" title=\"Click for Delete\"></span><span class=\"edit_action\" title=\"Click for Edit\"></span><span class=\"add_action\" title=\"Click for Add\"></span><span class=\"delete_action\" title=\"Click for Delete\"></span><span class=\"edit_action\" title=\"Click for Edit\"></span><span class=\"add_action\" title=\"Click for Add\"></span><span class=\"delete_action\" title=\"Click for Delete\"></span><span class=\"edit_action\" title=\"Click for Edit\"></span><span class=\"first_name\">1</span></div></li> 0  FieldGate properties 2 0 1234567890 http://www.google.com http://www.facebook.com http://www.twitter.com 0-24  trueKlimatizacija trueRačunalo trueGrijanje trueInternet trueMikrovalna  trueBalkon trueRoštilj trueBazen trueParking  600 600 600 600       ',1,1,NULL,'2019-05-31 09:36:23',754,NULL,'431262903_9d77804a5b_o (1).jpg','[\"431262903_9d77804a5b_o (1).jpg\",\"431267985_286ac5c8cd_o (1).jpg\"]',0,'2015-11-11 18:58:41',NULL,NULL,NULL,NULL,NULL,NULL,'::1',NULL);

--
